CRAN Package Check Results for Package condmixt

Last updated on 2014-11-26 08:48:54.

Flavor Version Tinstall Tcheck Ttotal Status Flags
r-devel-linux-x86_64-debian-clang 1.0 1.86 18.70 20.55 NOTE
r-devel-linux-x86_64-debian-gcc 1.0 2.56 18.16 20.73 NOTE
r-devel-linux-x86_64-fedora-clang 1.0 40.56 NOTE
r-devel-linux-x86_64-fedora-gcc 1.0 40.24 NOTE
r-devel-osx-x86_64-clang 1.0 38.70 NOTE
r-devel-windows-ix86+x86_64 1.0 9.00 42.00 51.00 NOTE
r-patched-linux-x86_64 1.0 2.59 18.80 21.39 NOTE
r-patched-solaris-sparc 1.0 238.70 NOTE
r-patched-solaris-x86 1.0 54.10 NOTE
r-release-linux-ix86 1.0 3.23 26.59 29.82 NOTE
r-release-linux-x86_64 1.0 2.55 19.19 21.74 NOTE
r-release-osx-x86_64-mavericks 1.0 NOTE
r-release-windows-ix86+x86_64 1.0 9.00 42.00 51.00 NOTE
r-oldrel-windows-ix86+x86_64 1.0 10.00 43.00 53.00 NOTE

Check Details

Version: 1.0
Check: dependencies in R code
Result: NOTE
    Package in Depends field not imported from: ‘evd’
     These packages need to be imported from (in the NAMESPACE file)
     for when this namespace is loaded but not attached.
    See the information on DESCRIPTION files in the chapter ‘Creating R
    packages’ of the ‘Writing R Extensions’ manual.
Flavors: r-devel-linux-x86_64-debian-clang, r-devel-linux-x86_64-debian-gcc, r-devel-linux-x86_64-fedora-clang, r-devel-linux-x86_64-fedora-gcc, r-devel-osx-x86_64-clang, r-devel-windows-ix86+x86_64, r-patched-linux-x86_64, r-patched-solaris-sparc, r-patched-solaris-x86, r-release-linux-ix86, r-release-linux-x86_64, r-release-osx-x86_64-mavericks, r-release-windows-ix86+x86_64, r-oldrel-windows-ix86+x86_64

Version: 1.0
Check: R code for possible problems
Result: NOTE
    dhpareto: no visible global function definition for ‘pgpd’
    dhpareto: no visible global function definition for ‘dgpd’
    hpareto.gamma: no visible global function definition for ‘pgpd’
    phpareto: no visible global function definition for ‘pgpd’
    qhpareto: no visible global function definition for ‘qgpd’
    rhpareto: no visible global function definition for ‘qgpd’
    rhpareto: no visible global function definition for ‘pgpd’
Flavors: r-devel-linux-x86_64-debian-clang, r-devel-linux-x86_64-debian-gcc, r-devel-linux-x86_64-fedora-clang, r-devel-linux-x86_64-fedora-gcc, r-devel-osx-x86_64-clang, r-devel-windows-ix86+x86_64, r-patched-linux-x86_64, r-patched-solaris-sparc, r-patched-solaris-x86, r-release-linux-ix86, r-release-linux-x86_64, r-release-windows-ix86+x86_64

Version: 1.0
Check: Rd line widths
Result: NOTE
    Rd file 'condmixt.fit.Rd':
     \usage lines wider than 90 characters:
     condhparetomixt.dirac.fit.tailpen(theta,h,m,x,y,lambda=0,w=0.2,beta=50,mu=0.2,sigma=0.2, ...)
    
    Rd file 'condmixt.train.Rd':
     \usage lines wider than 90 characters:
     condhparetomixt.train.tailpen(h,m,x,y,lambda=0,w=0.2,beta=50,mu=0.2,sigma=0.2, nstart = 1, ...)
     condhparetomixt.dirac.train.tailpen(h,m,x,y,lambda=0,w=0.2,beta=50,mu=0.2,sigma=0.2, nstart = 1, ...)
    
    These lines will be truncated in the PDF manual.
Flavors: r-devel-linux-x86_64-debian-clang, r-devel-linux-x86_64-debian-gcc, r-devel-linux-x86_64-fedora-clang, r-devel-linux-x86_64-fedora-gcc, r-patched-linux-x86_64, r-release-linux-x86_64