CRAN Package Check Results for Package condmixt

Last updated on 2022-10-05 19:53:05 CEST.

Flavor Version Tinstall Tcheck Ttotal Status Flags
r-devel-linux-x86_64-debian-clang 1.1 6.27 40.95 47.22 OK
r-devel-linux-x86_64-debian-gcc 1.1 6.22 30.33 36.55 OK
r-devel-linux-x86_64-fedora-clang 1.1 74.89 NOTE
r-devel-linux-x86_64-fedora-gcc 1.1 69.10 NOTE
r-devel-windows-x86_64 1.1 44.00 73.00 117.00 OK
r-patched-linux-x86_64 1.1 9.84 38.51 48.35 OK
r-release-linux-x86_64 1.1 7.46 37.54 45.00 OK
r-release-macos-arm64 1.1 20.00 OK
r-release-macos-x86_64 1.1 28.00 OK
r-release-windows-x86_64 1.1 41.00 71.00 112.00 OK
r-oldrel-macos-arm64 1.1 28.00 OK
r-oldrel-macos-x86_64 1.1 39.00 OK
r-oldrel-windows-ix86+x86_64 1.1 18.00 77.00 95.00 OK

Check Details

Version: 1.1
Check: compiled code
Result: NOTE
    File ‘condmixt/libs/condmixt.so’:
     Found no calls to: ‘R_registerRoutines’, ‘R_useDynamicSymbols’
    
    It is good practice to register native routines and to disable symbol
    search.
    
    See ‘Writing portable packages’ in the ‘Writing R Extensions’ manual.
Flavors: r-devel-linux-x86_64-fedora-clang, r-devel-linux-x86_64-fedora-gcc