CRAN Package Check Results for Package condmixt

Last updated on 2015-07-04 21:46:25.

Flavor Version Tinstall Tcheck Ttotal Status Flags
r-devel-linux-x86_64-debian-clang 1.0 1.74 17.25 18.99 NOTE
r-devel-linux-x86_64-debian-gcc 1.0 2.46 16.64 19.10 NOTE
r-devel-linux-x86_64-fedora-clang 1.0 35.01 NOTE
r-devel-linux-x86_64-fedora-gcc 1.0 33.82 NOTE
r-devel-osx-x86_64-clang 1.0 31.93 NOTE
r-devel-windows-ix86+x86_64 1.0 15.00 39.00 54.00 NOTE
r-patched-linux-x86_64 1.0 2.49 17.31 19.80 NOTE
r-patched-solaris-sparc 1.0 240.30 NOTE
r-patched-solaris-x86 1.0 49.60 NOTE
r-release-linux-x86_64 1.0 2.52 17.36 19.88 NOTE
r-release-osx-x86_64-mavericks 1.0 NOTE
r-release-windows-ix86+x86_64 1.0 10.00 39.00 49.00 NOTE
r-oldrel-windows-ix86+x86_64 1.0 14.00 41.00 55.00 NOTE

Check Details

Version: 1.0
Check: DESCRIPTION meta-information
Result: NOTE
    Malformed Description field: should contain one or more complete sentences.
Flavors: r-devel-linux-x86_64-debian-clang, r-devel-linux-x86_64-debian-gcc, r-devel-linux-x86_64-fedora-clang, r-devel-linux-x86_64-fedora-gcc, r-devel-osx-x86_64-clang, r-devel-windows-ix86+x86_64, r-patched-linux-x86_64, r-patched-solaris-sparc, r-patched-solaris-x86, r-release-linux-x86_64, r-release-osx-x86_64-mavericks, r-release-windows-ix86+x86_64

Version: 1.0
Check: dependencies in R code
Result: NOTE
    Package in Depends field not imported from: ‘evd’
     These packages need to be imported from (in the NAMESPACE file)
     for when this namespace is loaded but not attached.
Flavors: r-devel-linux-x86_64-debian-clang, r-devel-linux-x86_64-debian-gcc, r-devel-linux-x86_64-fedora-clang, r-devel-linux-x86_64-fedora-gcc, r-devel-osx-x86_64-clang, r-devel-windows-ix86+x86_64, r-patched-linux-x86_64, r-patched-solaris-sparc, r-patched-solaris-x86, r-release-linux-x86_64, r-release-osx-x86_64-mavericks, r-release-windows-ix86+x86_64, r-oldrel-windows-ix86+x86_64

Version: 1.0
Check: R code for possible problems
Result: NOTE
    condbergamixt.fit: no visible global function definition for ‘nlm’
    condbergamixt.init: no visible global function definition for ‘runif’
    condbergamixt.init: no visible global function definition for ‘var’
    condbergamixt.negloglike: no visible global function definition for
     ‘dgamma’
    condbergamixt.quant: no visible global function definition for ‘qgamma’
    condbergamixt.train: no visible global function definition for ‘nlm’
    condgaussmixt.dirac.fit: no visible global function definition for
     ‘nlm’
    condgaussmixt.dirac.init: no visible global function definition for
     ‘runif’
    condgaussmixt.dirac.init: no visible global function definition for
     ‘mad’
    condgaussmixt.dirac.train: no visible global function definition for
     ‘nlm’
    condgaussmixt.fit: no visible global function definition for ‘nlm’
    condgaussmixt.init: no visible global function definition for ‘runif’
    condgaussmixt.init: no visible global function definition for ‘sd’
    condgaussmixt.train: no visible global function definition for ‘nlm’
    condhparetomixt.dirac.fit: no visible global function definition for
     ‘nlm’
    condhparetomixt.dirac.fit.tailpen: no visible global function
     definition for ‘nlm’
    condhparetomixt.dirac.init: no visible global function definition for
     ‘runif’
    condhparetomixt.dirac.train.tailpen: no visible global function
     definition for ‘nlm’
    condhparetomixt.fit: no visible global function definition for ‘nlm’
    condhparetomixt.fit.tailpen: no visible global function definition for
     ‘nlm’
    condhparetomixt.init: no visible global function definition for ‘runif’
    condhparetomixt.train: no visible global function definition for ‘nlm’
    condhparetomixt.train.tailpen: no visible global function definition
     for ‘nlm’
    condlognormixt.dirac.fit: no visible global function definition for
     ‘nlm’
    condlognormixt.dirac.init: no visible global function definition for
     ‘runif’
    condlognormixt.dirac.init: no visible global function definition for
     ‘sd’
    condlognormixt.dirac.train: no visible global function definition for
     ‘nlm’
    condlognormixt.fit: no visible global function definition for ‘nlm’
    condlognormixt.train: no visible global function definition for ‘nlm’
    dgaussmixt: no visible global function definition for ‘dnorm’
    dhpareto: no visible global function definition for ‘pnorm’
    dhpareto: no visible global function definition for ‘dnorm’
    dhpareto: no visible global function definition for ‘pgpd’
    dhpareto: no visible global function definition for ‘dgpd’
    dlognormixt: no visible global function definition for ‘dlnorm’
    gaussmixt.init: no visible global function definition for ‘kmeans’
    gaussmixt.init: no visible global function definition for ‘mad’
    gpd.mme: no visible global function definition for ‘var’
    hpareto.fit: no visible global function definition for ‘nlm’
    hpareto.gamma: no visible global function definition for ‘pnorm’
    hpareto.gamma: no visible global function definition for ‘pgpd’
    hpareto.mme: no visible global function definition for ‘pnorm’
    hpareto.mme: no visible global function definition for ‘quantile’
    hparetomixt.cvtrain: no visible global function definition for ‘nlm’
    hparetomixt.cvtrain.tailpen: no visible global function definition for
     ‘nlm’
    hparetomixt.fit: no visible global function definition for ‘nlm’
    hparetomixt.fit.tailpen: no visible global function definition for
     ‘nlm’
    hparetomixt.init: no visible global function definition for ‘kmeans’
    hparetomixt.init: no visible global function definition for ‘runif’
    kneigh.condquant: no visible binding for global variable ‘quantile’
    pgaussmixt: no visible global function definition for ‘pnorm’
    phpareto: no visible global function definition for ‘pnorm’
    phpareto: no visible global function definition for ‘pgpd’
    qhpareto: no visible global function definition for ‘pnorm’
    qhpareto: no visible global function definition for ‘qnorm’
    qhpareto: no visible global function definition for ‘qgpd’
    rhpareto: no visible global function definition for ‘runif’
    rhpareto: no visible global function definition for ‘pnorm’
    rhpareto: no visible global function definition for ‘qnorm’
    rhpareto: no visible global function definition for ‘qgpd’
    rhpareto: no visible global function definition for ‘pgpd’
    Undefined global functions or variables:
     dgamma dgpd dlnorm dnorm kmeans mad nlm pgpd pnorm qgamma qgpd qnorm
     quantile runif sd var
Flavors: r-devel-linux-x86_64-debian-clang, r-devel-linux-x86_64-debian-gcc, r-devel-linux-x86_64-fedora-clang, r-devel-linux-x86_64-fedora-gcc

Version: 1.0
Check: Rd line widths
Result: NOTE
    Rd file 'condmixt.fit.Rd':
     \usage lines wider than 90 characters:
     condhparetomixt.dirac.fit.tailpen(theta,h,m,x,y,lambda=0,w=0.2,beta=50,mu=0.2,sigma=0.2, ...)
    
    Rd file 'condmixt.train.Rd':
     \usage lines wider than 90 characters:
     condhparetomixt.train.tailpen(h,m,x,y,lambda=0,w=0.2,beta=50,mu=0.2,sigma=0.2, nstart = 1, ...)
     condhparetomixt.dirac.train.tailpen(h,m,x,y,lambda=0,w=0.2,beta=50,mu=0.2,sigma=0.2, nstart = 1, ...)
    
    These lines will be truncated in the PDF manual.
Flavors: r-devel-linux-x86_64-debian-clang, r-devel-linux-x86_64-debian-gcc, r-devel-linux-x86_64-fedora-clang, r-devel-linux-x86_64-fedora-gcc, r-patched-linux-x86_64, r-release-linux-x86_64

Version: 1.0
Check: R code for possible problems
Result: NOTE
    dhpareto: no visible global function definition for ‘pgpd’
    dhpareto: no visible global function definition for ‘dgpd’
    hpareto.gamma: no visible global function definition for ‘pgpd’
    phpareto: no visible global function definition for ‘pgpd’
    qhpareto: no visible global function definition for ‘qgpd’
    rhpareto: no visible global function definition for ‘qgpd’
    rhpareto: no visible global function definition for ‘pgpd’
    Undefined global functions or variables:
     dgpd pgpd qgpd
Flavor: r-devel-osx-x86_64-clang

Version: 1.0
Check: R code for possible problems
Result: NOTE
    dhpareto: no visible global function definition for 'pgpd'
    dhpareto: no visible global function definition for 'dgpd'
    hpareto.gamma: no visible global function definition for 'pgpd'
    phpareto: no visible global function definition for 'pgpd'
    qhpareto: no visible global function definition for 'qgpd'
    rhpareto: no visible global function definition for 'qgpd'
    rhpareto: no visible global function definition for 'pgpd'
Flavors: r-devel-windows-ix86+x86_64, r-patched-linux-x86_64, r-patched-solaris-sparc, r-patched-solaris-x86, r-release-linux-x86_64, r-release-osx-x86_64-mavericks, r-release-windows-ix86+x86_64, r-oldrel-windows-ix86+x86_64