CRAN Package Check Results for Package condmixt

Last updated on 2014-04-23 17:47:42.

Flavor Version Tinstall Tcheck Ttotal Status Flags
r-devel-linux-x86_64-debian-clang 1.0 1.80 18.96 20.76 NOTE
r-devel-linux-x86_64-debian-gcc 1.0 2.49 18.72 21.20 NOTE
r-devel-linux-x86_64-fedora-clang 1.0 39.88 NOTE
r-devel-linux-x86_64-fedora-gcc 1.0 38.87 NOTE
r-devel-osx-x86_64-clang 1.0 34.36 NOTE
r-devel-osx-x86_64-gcc 1.0 NOTE
r-devel-windows-ix86+x86_64 1.0 9.00 39.00 48.00 NOTE
r-patched-linux-x86_64 1.0 2.49 18.82 21.30 NOTE
r-patched-solaris-sparc 1.0 239.00 NOTE
r-patched-solaris-x86 1.0 53.30 NOTE
r-release-linux-ix86 1.0 5.00 36.00 41.00 NOTE
r-release-linux-x86_64 1.0 2.60 19.15 21.75 NOTE
r-release-osx-x86_64-mavericks 1.0 NOTE
r-release-windows-ix86+x86_64 1.0 17.00 51.00 68.00 NOTE
r-oldrel-windows-ix86+x86_64 1.0 10.00 43.00 53.00 NOTE

Check Details

Version: 1.0
Check: dependencies in R code
Result: NOTE
    Package in Depends field not imported from: ‘evd’
     These packages need to be imported from (in the NAMESPACE file)
     for when this namespace is loaded but not attached.
    See the information on DESCRIPTION files in the chapter ‘Creating R
    packages’ of the ‘Writing R Extensions’ manual.
Flavors: r-devel-linux-x86_64-debian-clang, r-devel-linux-x86_64-debian-gcc, r-devel-linux-x86_64-fedora-clang, r-devel-linux-x86_64-fedora-gcc, r-devel-osx-x86_64-clang, r-devel-osx-x86_64-gcc, r-devel-windows-ix86+x86_64, r-patched-linux-x86_64, r-patched-solaris-sparc, r-patched-solaris-x86, r-release-linux-ix86, r-release-linux-x86_64, r-release-osx-x86_64-mavericks, r-release-windows-ix86+x86_64, r-oldrel-windows-ix86+x86_64

Version: 1.0
Check: Rd line widths
Result: NOTE
    Rd file 'condmixt.fit.Rd':
     \usage lines wider than 90 characters:
     condhparetomixt.dirac.fit.tailpen(theta,h,m,x,y,lambda=0,w=0.2,beta=50,mu=0.2,sigma=0.2, ...)
    
    Rd file 'condmixt.train.Rd':
     \usage lines wider than 90 characters:
     condhparetomixt.train.tailpen(h,m,x,y,lambda=0,w=0.2,beta=50,mu=0.2,sigma=0.2, nstart = 1, ...)
     condhparetomixt.dirac.train.tailpen(h,m,x,y,lambda=0,w=0.2,beta=50,mu=0.2,sigma=0.2, nstart = 1, ...)
    
    These lines will be truncated in the PDF manual.
Flavors: r-devel-linux-x86_64-fedora-clang, r-devel-linux-x86_64-fedora-gcc