CRAN Package Check Results for Package condusco

Last updated on 2020-04-10 08:52:24 CEST.

Flavor Version Tinstall Tcheck Ttotal Status Flags
r-devel-linux-x86_64-debian-clang 0.1.0 5.67 51.81 57.48 OK
r-devel-linux-x86_64-debian-gcc 0.1.0 4.09 39.72 43.81 OK
r-devel-linux-x86_64-fedora-clang 0.1.0 67.30 OK
r-devel-linux-x86_64-fedora-gcc 0.1.0 66.00 OK
r-devel-windows-ix86+x86_64 0.1.0 15.00 73.00 88.00 OK
r-devel-windows-ix86+x86_64-gcc8 0.1.0 14.00 67.00 81.00 OK
r-patched-linux-x86_64 0.1.0 4.82 49.82 54.64 OK
r-patched-osx-x86_64 0.1.0 WARN
r-patched-solaris-x86 0.1.0 104.00 OK
r-release-linux-x86_64 0.1.0 4.28 45.55 49.83 OK
r-release-windows-ix86+x86_64 0.1.0 11.00 116.00 127.00 OK
r-release-osx-x86_64 0.1.0 OK
r-oldrel-windows-ix86+x86_64 0.1.0 11.00 85.00 96.00 OK
r-oldrel-osx-x86_64 0.1.0 OK

Check Details

Version: 0.1.0
Check: re-building of vignette outputs
Result: WARN
    Error(s) in re-building vignettes:
    --- re-building ‘dbi.Rmd’ using rmarkdown
    dyld: lazy symbol binding failed: Symbol not found: ____chkstk_darwin
     Referenced from: /usr/local/bin/pandoc (which was built for Mac OS X 10.15)
     Expected in: /usr/lib/libSystem.B.dylib
    
    dyld: Symbol not found: ____chkstk_darwin
     Referenced from: /usr/local/bin/pandoc (which was built for Mac OS X 10.15)
     Expected in: /usr/lib/libSystem.B.dylib
    
    Error: processing vignette 'dbi.Rmd' failed with diagnostics:
    pandoc document conversion failed with error 6
    --- failed re-building ‘dbi.Rmd’
    
    --- re-building ‘no-db.Rmd’ using rmarkdown
    dyld: lazy symbol binding failed: Symbol not found: ____chkstk_darwin
     Referenced from: /usr/local/bin/pandoc (which was built for Mac OS X 10.15)
     Expected in: /usr/lib/libSystem.B.dylib
    
    dyld: Symbol not found: ____chkstk_darwin
     Referenced from: /usr/local/bin/pandoc (which was built for Mac OS X 10.15)
     Expected in: /usr/lib/libSystem.B.dylib
    
    Error: processing vignette 'no-db.Rmd' failed with diagnostics:
    pandoc document conversion failed with error 6
    --- failed re-building ‘no-db.Rmd’
    
    SUMMARY: processing the following files failed:
     ‘dbi.Rmd’ ‘no-db.Rmd’
    
    Error: Vignette re-building failed.
    Execution halted
Flavor: r-patched-osx-x86_64