CRAN Package Check Results for Package condvis

Last updated on 2020-01-18 16:46:35 CET.

Flavor Version Tinstall Tcheck Ttotal Status Flags
r-devel-linux-x86_64-debian-clang 0.5-1 6.63 47.86 54.49 OK
r-devel-linux-x86_64-debian-gcc 0.5-1 5.47 36.09 41.56 OK
r-devel-linux-x86_64-fedora-clang 0.5-1 70.33 NOTE
r-devel-linux-x86_64-fedora-gcc 0.5-1 63.31 OK
r-devel-windows-ix86+x86_64 0.5-1 15.00 82.00 97.00 OK
r-devel-windows-ix86+x86_64-gcc8 0.5-1 11.00 97.00 108.00 OK
r-patched-linux-x86_64 0.5-1 4.84 43.75 48.59 OK
r-patched-solaris-x86 0.5-1 94.30 OK
r-release-linux-x86_64 0.5-1 5.80 42.89 48.69 OK
r-release-windows-ix86+x86_64 0.5-1 14.00 76.00 90.00 OK
r-release-osx-x86_64 0.5-1 OK
r-oldrel-windows-ix86+x86_64 0.5-1 10.00 72.00 82.00 OK
r-oldrel-osx-x86_64 0.5-1 OK

Check Details

Version: 0.5-1
Check: package dependencies
Result: NOTE
    Suggests orphaned package: ‘gplots’
Flavor: r-devel-linux-x86_64-fedora-clang