CRAN Package Check Results for Package coneproj

Last updated on 2016-07-02 06:47:11.

Flavor Version Tinstall Tcheck Ttotal Status Flags
r-devel-linux-x86_64-debian-gcc 1.10 14.12 16.96 31.08 OK
r-devel-linux-x86_64-fedora-clang 1.10 51.28 OK
r-devel-linux-x86_64-fedora-gcc 1.10 46.88 OK
r-devel-osx-x86_64-clang 1.10 40.66 OK
r-devel-windows-ix86+x86_64 1.10 54.00 54.00 108.00 OK
r-patched-linux-x86_64 1.10 11.17 17.95 29.12 OK
r-patched-solaris-sparc 1.10 281.20 NOTE
r-patched-solaris-x86 1.10 59.30 OK
r-release-linux-x86_64 1.10 10.32 15.84 26.16 OK
r-release-osx-x86_64-mavericks 1.10 OK
r-release-windows-ix86+x86_64 1.10 49.00 50.00 99.00 OK
r-oldrel-windows-ix86+x86_64 1.10 34.00 54.00 88.00 OK

Check Details

Version: 1.10
Check: installed package size
Result: NOTE
     installed size is 5.5Mb
     sub-directories of 1Mb or more:
     libs 5.4Mb
Flavor: r-patched-solaris-sparc