CRAN Package Check Results for Package coneproj

Last updated on 2015-08-30 15:46:38.

Flavor Version Tinstall Tcheck Ttotal Status Flags
r-devel-linux-x86_64-debian-clang 1.6 9.10 15.67 24.77 NOTE
r-devel-linux-x86_64-debian-gcc 1.6 9.62 15.58 25.20 NOTE
r-devel-linux-x86_64-fedora-clang 1.6 51.90 NOTE
r-devel-linux-x86_64-fedora-gcc 1.6 47.84 NOTE
r-devel-osx-x86_64-clang 1.6 46.43 OK
r-devel-windows-ix86+x86_64 1.6 47.00 46.00 93.00 NOTE
r-patched-linux-x86_64 1.6 11.84 17.11 28.95 OK
r-patched-solaris-sparc 1.6 350.70 OK
r-patched-solaris-x86 1.6 66.00 OK
r-release-linux-x86_64 1.6 9.86 16.62 26.48 OK
r-release-osx-x86_64-mavericks 1.6 OK
r-release-windows-ix86+x86_64 1.6 45.00 46.00 91.00 OK
r-oldrel-windows-ix86+x86_64 1.6 46.00 48.00 94.00 OK

Check Details

Version: 1.6
Check: R code for possible problems
Result: NOTE
    check_irred: no visible global function definition for ‘head’
    check_irred: no visible global function definition for ‘tail’
    constreg: no visible global function definition for ‘rnorm’
    constreg: no visible global function definition for ‘pbeta’
    print.summary.coneproj: no visible global function definition for
     ‘printCoefmat’
    shapereg: no visible global function definition for ‘model.response’
    shapereg: no visible global function definition for ‘model.matrix’
    shapereg.fit: no visible global function definition for ‘pt’
    shapereg.fit: no visible global function definition for ‘rnorm’
    shapereg.fit: no visible global function definition for ‘pbeta’
    summary.coneproj: no visible global function definition for ‘fitted’
    Undefined global functions or variables:
     fitted head model.matrix model.response pbeta printCoefmat pt rnorm
     tail
    Consider adding
     importFrom("stats", "fitted", "model.matrix", "model.response",
     "pbeta", "printCoefmat", "pt", "rnorm")
     importFrom("utils", "head", "tail")
    to your NAMESPACE.
Flavors: r-devel-linux-x86_64-debian-clang, r-devel-linux-x86_64-debian-gcc, r-devel-linux-x86_64-fedora-clang, r-devel-linux-x86_64-fedora-gcc, r-devel-windows-ix86+x86_64