CRAN Package Check Results for Package coneproj

Last updated on 2017-04-28 23:52:11.

Flavor Version Tinstall Tcheck Ttotal Status Flags
r-devel-linux-x86_64-debian-clang 1.11 12.51 18.29 30.80 NOTE
r-devel-linux-x86_64-debian-gcc 1.11 12.97 18.11 31.08 NOTE
r-devel-linux-x86_64-fedora-clang 1.11 57.08 NOTE --no-stop-on-test-error
r-devel-linux-x86_64-fedora-gcc 1.11 55.18 NOTE --no-stop-on-test-error
r-devel-windows-ix86+x86_64 1.11 38.00 73.00 111.00 OK
r-patched-linux-x86_64 1.11 10.94 17.93 28.87 NOTE
r-patched-solaris-sparc 1.11 306.30 OK
r-patched-solaris-x86 1.11 64.70 OK
r-release-linux-x86_64 1.11 11.19 18.11 29.30 NOTE
r-release-windows-ix86+x86_64 1.11 53.00 76.00 129.00 OK
r-release-osx-x86_64 1.11 OK
r-oldrel-windows-ix86+x86_64 1.11 54.00 44.00 98.00 OK
r-oldrel-osx-x86_64 1.11 OK

Check Details

Version: 1.11
Check: compiled code
Result: NOTE
    File ‘coneproj/libs/coneproj.so’:
     Found no calls to: ‘R_registerRoutines’, ‘R_useDynamicSymbols’
    
    It is good practice to register native routines and to disable symbol
    search.
    
    See ‘Writing portable packages’ in the ‘Writing R Extensions’ manual.
Flavors: r-devel-linux-x86_64-debian-clang, r-devel-linux-x86_64-debian-gcc, r-patched-linux-x86_64, r-release-linux-x86_64

Version: 1.11
Flags: --no-stop-on-test-error
Check: compiled code
Result: NOTE
    File ‘coneproj/libs/coneproj.so’:
     Found no calls to: ‘R_registerRoutines’, ‘R_useDynamicSymbols’
    
    It is good practice to register native routines and to disable symbol
    search.
    
    See ‘Writing portable packages’ in the ‘Writing R Extensions’ manual.
Flavors: r-devel-linux-x86_64-fedora-clang, r-devel-linux-x86_64-fedora-gcc