CRAN Package Check Results for Package coneproj

Last updated on 2015-07-29 03:48:17.

Flavor Version Tinstall Tcheck Ttotal Status Flags
r-devel-linux-x86_64-debian-clang 1.6 9.31 16.60 25.91 NOTE
r-devel-linux-x86_64-debian-gcc 1.6 9.70 16.23 25.93 NOTE
r-devel-linux-x86_64-fedora-clang 1.6 52.05 NOTE
r-devel-linux-x86_64-fedora-gcc 1.6 48.67 NOTE
r-devel-osx-x86_64-clang 1.6 47.49 OK
r-devel-windows-ix86+x86_64 1.6 31.00 66.00 97.00 NOTE
r-patched-linux-x86_64 1.6 9.97 16.72 26.69 OK
r-patched-solaris-sparc 1.6 312.80 OK
r-patched-solaris-x86 1.6 63.80 OK
r-release-linux-x86_64 1.6 9.86 16.60 26.45 OK
r-release-osx-x86_64-mavericks 1.6 OK
r-release-windows-ix86+x86_64 1.6 41.00 47.00 88.00 OK
r-oldrel-windows-ix86+x86_64 1.6 35.00 52.00 87.00 OK

Check Details

Version: 1.6
Check: R code for possible problems
Result: NOTE
    check_irred: no visible global function definition for ‘head’
    check_irred: no visible global function definition for ‘tail’
    constreg: no visible global function definition for ‘rnorm’
    constreg: no visible global function definition for ‘pbeta’
    print.summary.coneproj: no visible global function definition for
     ‘printCoefmat’
    shapereg: no visible global function definition for ‘model.response’
    shapereg: no visible global function definition for ‘model.matrix’
    shapereg.fit: no visible global function definition for ‘pt’
    shapereg.fit: no visible global function definition for ‘rnorm’
    shapereg.fit: no visible global function definition for ‘pbeta’
    summary.coneproj: no visible global function definition for ‘fitted’
    Undefined global functions or variables:
     fitted head model.matrix model.response pbeta printCoefmat pt rnorm
     tail
    Consider adding
     importFrom("stats", "fitted", "model.matrix", "model.response",
     "pbeta", "printCoefmat", "pt", "rnorm")
     importFrom("utils", "head", "tail")
    to your NAMESPACE.
Flavors: r-devel-linux-x86_64-debian-clang, r-devel-linux-x86_64-debian-gcc, r-devel-linux-x86_64-fedora-clang, r-devel-linux-x86_64-fedora-gcc, r-devel-windows-ix86+x86_64