CRAN Package Check Results for Package coneproj

Last updated on 2017-03-27 06:48:01.

Flavor Version Tinstall Tcheck Ttotal Status Flags
r-devel-linux-x86_64-debian-clang 1.11 12.35 18.53 30.88 NOTE
r-devel-linux-x86_64-debian-gcc 1.11 12.41 17.67 30.08 NOTE
r-devel-linux-x86_64-fedora-clang 1.11 56.77 NOTE --no-stop-on-test-error
r-devel-linux-x86_64-fedora-gcc 1.11 55.03 NOTE --no-stop-on-test-error
r-devel-macos-x86_64-clang 1.11 42.33 NOTE --no-stop-on-test-error
r-devel-windows-ix86+x86_64 1.11 44.00 72.00 116.00 OK
r-patched-linux-x86_64 1.11 11.36 17.61 28.97 NOTE
r-patched-solaris-sparc 1.11 306.30 OK
r-patched-solaris-x86 1.11 65.50 OK
r-release-linux-x86_64 1.11 10.79 15.61 26.39 OK
r-release-osx-x86_64-mavericks 1.11 OK
r-release-windows-ix86+x86_64 1.11 55.00 52.00 107.00 OK
r-oldrel-windows-ix86+x86_64 1.11 36.00 44.00 80.00 OK

Check Details

Version: 1.11
Check: compiled code
Result: NOTE
    File ‘coneproj/libs/coneproj.so’:
     Found no calls to: ‘R_registerRoutines’, ‘R_useDynamicSymbols’
    
    It is good practice to register native routines and to disable symbol
    search.
    
    See ‘Writing portable packages’ in the ‘Writing R Extensions’ manual.
Flavors: r-devel-linux-x86_64-debian-clang, r-devel-linux-x86_64-debian-gcc, r-patched-linux-x86_64

Version: 1.11
Flags: --no-stop-on-test-error
Check: compiled code
Result: NOTE
    File ‘coneproj/libs/coneproj.so’:
     Found no calls to: ‘R_registerRoutines’, ‘R_useDynamicSymbols’
    
    It is good practice to register native routines and to disable symbol
    search.
    
    See ‘Writing portable packages’ in the ‘Writing R Extensions’ manual.
Flavors: r-devel-linux-x86_64-fedora-clang, r-devel-linux-x86_64-fedora-gcc, r-devel-macos-x86_64-clang