CRAN Package Check Results for Package coneproj

Last updated on 2017-06-25 06:47:22.

Flavor Version Tinstall Tcheck Ttotal Status Flags
r-devel-linux-x86_64-debian-clang 1.11 12.14 18.28 30.42 NOTE
r-devel-linux-x86_64-debian-gcc 1.11 13.13 18.34 31.47 NOTE
r-devel-linux-x86_64-fedora-clang 1.11 57.54 NOTE
r-devel-linux-x86_64-fedora-gcc 1.11 55.70 NOTE
r-devel-windows-ix86+x86_64 1.11 41.00 65.00 106.00 OK
r-patched-linux-x86_64 1.11 11.23 18.37 29.60 NOTE
r-patched-solaris-sparc 1.11 306.30 OK
r-patched-solaris-x86 1.11 65.20 OK
r-release-linux-x86_64 1.11 12.88 18.26 31.14 NOTE
r-release-windows-ix86+x86_64 1.11 57.00 75.00 132.00 OK
r-release-osx-x86_64 1.11 OK
r-oldrel-windows-ix86+x86_64 1.11 53.00 67.00 120.00 OK
r-oldrel-osx-x86_64 1.11 OK

Check Details

Version: 1.11
Check: compiled code
Result: NOTE
    File ‘coneproj/libs/coneproj.so’:
     Found no calls to: ‘R_registerRoutines’, ‘R_useDynamicSymbols’
    
    It is good practice to register native routines and to disable symbol
    search.
    
    See ‘Writing portable packages’ in the ‘Writing R Extensions’ manual.
Flavors: r-devel-linux-x86_64-debian-clang, r-devel-linux-x86_64-debian-gcc, r-devel-linux-x86_64-fedora-clang, r-devel-linux-x86_64-fedora-gcc, r-patched-linux-x86_64, r-release-linux-x86_64