CRAN Package Check Results for Package coneproj

Last updated on 2017-08-22 02:47:30.

Flavor Version Tinstall Tcheck Ttotal Status Flags
r-devel-linux-x86_64-debian-clang 1.11 12.51 18.22 30.74 NOTE
r-devel-linux-x86_64-debian-gcc 1.11 12.96 18.23 31.19 NOTE
r-devel-linux-x86_64-fedora-clang 1.11 57.12 NOTE
r-devel-linux-x86_64-fedora-gcc 1.11 55.69 NOTE
r-devel-windows-ix86+x86_64 1.11 53.00 73.00 126.00 OK
r-patched-linux-x86_64 1.11 12.71 18.23 30.94 NOTE
r-patched-solaris-x86 1.11 66.80 OK
r-release-linux-x86_64 1.11 12.90 18.25 31.15 NOTE
r-release-windows-ix86+x86_64 1.11 36.00 56.00 92.00 OK
r-release-osx-x86_64 1.11 OK
r-oldrel-windows-ix86+x86_64 1.11 32.00 45.00 77.00 OK
r-oldrel-osx-x86_64 1.11 OK

Check Details

Version: 1.11
Check: compiled code
Result: NOTE
    File ‘coneproj/libs/coneproj.so’:
     Found no calls to: ‘R_registerRoutines’, ‘R_useDynamicSymbols’
    
    It is good practice to register native routines and to disable symbol
    search.
    
    See ‘Writing portable packages’ in the ‘Writing R Extensions’ manual.
Flavors: r-devel-linux-x86_64-debian-clang, r-devel-linux-x86_64-debian-gcc, r-devel-linux-x86_64-fedora-clang, r-devel-linux-x86_64-fedora-gcc, r-patched-linux-x86_64, r-release-linux-x86_64