CRAN Package Check Results for Package confReg

Last updated on 2014-08-30 21:47:21.

Flavor Version Tinstall Tcheck Ttotal Status Flags
r-release-osx-x86_64-snowleopard 0.1.3 NOTE

Check Details

Version: 0.1.3
Check: dependencies in R code
Result: NOTE
    Packages in Depends field not imported from:
     'e1071' 'methods'
     These packages need to be imported from for the case when
     this namespace is loaded but not attached.
    See the information on DESCRIPTION files in the chapter 'Creating R
    packages' of the 'Writing R Extensions' manual.
Flavor: r-release-osx-x86_64-snowleopard

Version: 0.1.3
Check: R code for possible problems
Result: NOTE
    loadObject,character: no visible binding for global variable
     'helpIntern'
Flavor: r-release-osx-x86_64-snowleopard

Version: 0.1.3
Check: installed files from 'inst/doc'
Result: NOTE
    The following files should probably not be installed:
     'confReg.tex'
    
    Consider the use of a .Rinstignore file: see 'Writing R Extensions',
    or move the vignette sources from 'inst/doc' to 'vignettes'.
Flavor: r-release-osx-x86_64-snowleopard

Version: 0.1.3
Check: for old-style vignette sources
Result: NOTE
    Vignette sources only in 'inst/doc':
     'confReg.Rnw'
    A 'vignettes' directory is required as from R 3.1.0
    and these will not be indexed nor checked
Flavor: r-release-osx-x86_64-snowleopard