CRAN Package Check Results for Package confReg

Last updated on 2014-04-17 10:47:46.

Flavor Version Tinstall Tcheck Ttotal Status Flags
r-devel-linux-x86_64-debian-clang 0.1.3 1.54 17.41 18.95 NOTE
r-devel-linux-x86_64-debian-gcc 0.1.3 1.53 17.58 19.11 NOTE
r-devel-linux-x86_64-fedora-clang 0.1.3 39.55 NOTE
r-devel-linux-x86_64-fedora-gcc 0.1.3 37.58 NOTE
r-devel-macosx-x86_64-clang 0.1.3 50.63 NOTE
r-devel-macosx-x86_64-gcc 0.1.3 NOTE
r-devel-windows-ix86+x86_64 0.1.3 4.00 30.00 34.00 NOTE
r-patched-linux-x86_64 0.1.3 1.59 17.43 19.02 NOTE
r-patched-solaris-sparc 0.1.3 216.60 NOTE
r-patched-solaris-x86 0.1.3 52.50 NOTE
r-release-linux-ix86 0.1.3 3.00 34.00 37.00 NOTE
r-release-linux-x86_64 0.1.3 1.56 17.14 18.69 NOTE
r-release-macosx-x86_64 0.1.3 NOTE
r-release-windows-ix86+x86_64 0.1.3 4.00 30.00 34.00 NOTE
r-oldrel-windows-ix86+x86_64 0.1.3 5.00 35.00 40.00 NOTE

Check Details

Version: 0.1.3
Check: dependencies in R code
Result: NOTE
    Packages in Depends field not imported from:
     ‘e1071’ ‘methods’
     These packages need to be imported from (in the NAMESPACE file)
     for when this namespace is loaded but not attached.
    See the information on DESCRIPTION files in the chapter ‘Creating R
    packages’ of the ‘Writing R Extensions’ manual.
Flavors: r-devel-linux-x86_64-debian-clang, r-devel-linux-x86_64-debian-gcc, r-devel-linux-x86_64-fedora-clang, r-devel-linux-x86_64-fedora-gcc, r-devel-macosx-x86_64-clang, r-devel-macosx-x86_64-gcc, r-devel-windows-ix86+x86_64, r-patched-linux-x86_64, r-patched-solaris-sparc, r-patched-solaris-x86, r-release-linux-ix86, r-release-linux-x86_64, r-release-windows-ix86+x86_64, r-oldrel-windows-ix86+x86_64

Version: 0.1.3
Check: R code for possible problems
Result: NOTE
    loadObject,character: no visible binding for global variable
     ‘helpIntern’
Flavors: r-devel-linux-x86_64-debian-clang, r-devel-linux-x86_64-debian-gcc, r-devel-linux-x86_64-fedora-clang, r-devel-linux-x86_64-fedora-gcc, r-devel-macosx-x86_64-clang, r-devel-macosx-x86_64-gcc, r-devel-windows-ix86+x86_64, r-patched-linux-x86_64, r-patched-solaris-sparc, r-patched-solaris-x86, r-release-linux-ix86, r-release-linux-x86_64, r-release-macosx-x86_64, r-release-windows-ix86+x86_64, r-oldrel-windows-ix86+x86_64

Version: 0.1.3
Check: installed files from ‘inst/doc’
Result: NOTE
    The following files should probably not be installed:
     ‘confReg.tex’
    
    Consider the use of a .Rinstignore file: see ‘Writing R Extensions’,
    or move the vignette sources from ‘inst/doc’ to ‘vignettes’.
Flavors: r-devel-linux-x86_64-debian-clang, r-devel-linux-x86_64-debian-gcc, r-devel-linux-x86_64-fedora-clang, r-devel-linux-x86_64-fedora-gcc, r-devel-macosx-x86_64-clang, r-devel-macosx-x86_64-gcc, r-devel-windows-ix86+x86_64, r-patched-linux-x86_64, r-patched-solaris-sparc, r-patched-solaris-x86, r-release-linux-ix86, r-release-linux-x86_64, r-release-macosx-x86_64, r-release-windows-ix86+x86_64, r-oldrel-windows-ix86+x86_64

Version: 0.1.3
Check: for old-style vignette sources
Result: NOTE
    Vignette sources only in ‘inst/doc’:
     ‘confReg.Rnw’
    A ‘vignettes’ directory is required as from R 3.1.0
    and these will not be indexed nor checked
Flavors: r-devel-linux-x86_64-debian-clang, r-devel-linux-x86_64-debian-gcc, r-devel-linux-x86_64-fedora-clang, r-devel-linux-x86_64-fedora-gcc, r-devel-macosx-x86_64-clang, r-devel-macosx-x86_64-gcc, r-devel-windows-ix86+x86_64, r-patched-linux-x86_64, r-patched-solaris-sparc, r-patched-solaris-x86, r-release-linux-ix86, r-release-linux-x86_64, r-release-macosx-x86_64, r-release-windows-ix86+x86_64

Version: 0.1.3
Check: Rd line widths
Result: NOTE
    Rd file 'Dataset-class.Rd':
     \examples lines wider than 100 characters:
     y<- (10*sin(pi*dataMatrix[,1]*dataMatrix[,2])+20*(dataMatrix[,3]-0.5)^2+10*dataMatrix[,4]+5*dataMatrix[,5]) + rnorm(100,0,0.1)
    
    Rd file 'FastRegression-class.Rd':
     \examples lines wider than 100 characters:
     y<- (10*sin(pi*dataMatrix[,1]*dataMatrix[,2])+20*(dataMatrix[,3]-0.5)^2+10*dataMatrix[,4]+5*dataMatrix[,5]) + rnorm(100,0,0.1)
    
    Rd file 'ModelEvaluation-class.Rd':
     \examples lines wider than 100 characters:
     y<- (10*sin(pi*dataMatrix[,1]*dataMatrix[,2])+20*(dataMatrix[,3]-0.5)^2+10*dataMatrix[,4]+5*dataMatrix[,5]) + rnorm(100,0,0.1)
    
    Rd file 'Regression-class.Rd':
     \examples lines wider than 100 characters:
     y<- (10*sin(pi*dataMatrix[,1]*dataMatrix[,2])+20*(dataMatrix[,3]-0.5)^2+10*dataMatrix[,4]+5*dataMatrix[,5]) + rnorm(100,0,0.1)
    
    Rd file 'TwinScan-class.Rd':
     \examples lines wider than 100 characters:
     y<- (10*sin(pi*dataMatrix[,1]*dataMatrix[,2])+20*(dataMatrix[,3]-0.5)^2+10*dataMatrix[,4]+5*dataMatrix[,5]) + rnorm(100,0,0.1)
    
    Rd file 'evaluateConfidenceEstimates-method.Rd':
     \usage lines wider than 90 characters:
     evaluateConfidenceEstimates(realValues, predictedValues, confidenceValues, qualityFunction = averageError)
    
    Rd file 'loadObject-method.Rd':
     \examples lines wider than 100 characters:
     y<- (10*sin(pi*dataMatrix[,1]*dataMatrix[,2])+20*(dataMatrix[,3]-0.5)^2+10*dataMatrix[,4]+5*dataMatrix[,5]) + rnorm(100,0,0.1)
    
    Rd file 'saveObject-method.Rd':
     \examples lines wider than 100 characters:
     y<- (10*sin(pi*dataMatrix[,1]*dataMatrix[,2])+20*(dataMatrix[,3]-0.5)^2+10*dataMatrix[,4]+5*dataMatrix[,5]) + rnorm(100,0,0.1)
    
    These lines will be truncated in the PDF manual.
Flavors: r-devel-linux-x86_64-fedora-clang, r-devel-linux-x86_64-fedora-gcc

Version: 0.1.3
Check: dependencies in R code
Result: NOTE
    Packages in Depends field not imported from:
     'e1071' 'methods'
     These packages need to be imported from for the case when
     this namespace is loaded but not attached.
    See the information on DESCRIPTION files in the chapter 'Creating R
    packages' of the 'Writing R Extensions' manual.
Flavor: r-release-macosx-x86_64

Version: 0.1.3
Check: for old-style vignette sources
Result: NOTE
    Vignette sources only in 'inst/doc':
     'confReg.Rnw'
    A 'vignettes' directory will be required as from R 3.1.0
Flavor: r-oldrel-windows-ix86+x86_64