CRAN Package Check Results for Package confinterpret

Last updated on 2024-03-05 08:52:03 CET.

Flavor Version Tinstall Tcheck Ttotal Status Flags
r-devel-linux-x86_64-debian-clang 1.0.0 3.44 31.02 34.46 NOTE
r-devel-linux-x86_64-debian-gcc 1.0.0 1.87 23.45 25.32 NOTE
r-devel-linux-x86_64-fedora-clang 1.0.0 41.69 NOTE
r-devel-linux-x86_64-fedora-gcc 1.0.0 39.67 NOTE
r-devel-windows-x86_64 1.0.0 3.00 53.00 56.00 NOTE
r-patched-linux-x86_64 1.0.0 3.87 30.13 34.00 NOTE
r-release-linux-x86_64 1.0.0 1.96 30.26 32.22 NOTE
r-release-macos-arm64 1.0.0 18.00 NOTE
r-release-macos-x86_64 1.0.0 24.00 NOTE
r-release-windows-x86_64 1.0.0 4.00 52.00 56.00 NOTE
r-oldrel-macos-arm64 1.0.0 18.00 NOTE
r-oldrel-windows-x86_64 1.0.0 5.00 52.00 57.00 NOTE

Check Details

Version: 1.0.0
Check: LazyData
Result: NOTE 'LazyData' is specified without a 'data' directory Flavors: r-devel-linux-x86_64-debian-clang, r-devel-linux-x86_64-debian-gcc, r-devel-linux-x86_64-fedora-clang, r-devel-linux-x86_64-fedora-gcc, r-devel-windows-x86_64, r-patched-linux-x86_64, r-release-linux-x86_64, r-release-macos-arm64, r-release-macos-x86_64, r-release-windows-x86_64, r-oldrel-macos-arm64, r-oldrel-windows-x86_64