CRAN Package Check Results for Package conflr

Last updated on 2021-03-03 12:47:01 CET.

Flavor Version Tinstall Tcheck Ttotal Status Flags
r-devel-linux-x86_64-debian-clang 0.1.1 OK
r-devel-linux-x86_64-debian-gcc 0.1.1 2.58 23.61 26.19 OK
r-devel-linux-x86_64-fedora-clang 0.1.1 49.12 NOTE
r-devel-linux-x86_64-fedora-gcc 0.1.1 58.63 NOTE
r-devel-windows-ix86+x86_64 0.1.1 8.00 50.00 58.00 OK
r-patched-linux-x86_64 0.1.1 3.68 28.53 32.21 OK
r-patched-solaris-x86 0.1.1 57.20 NOTE
r-release-linux-x86_64 0.1.1 3.74 29.00 32.74 OK
r-release-macos-x86_64 0.1.1 NOTE
r-release-windows-ix86+x86_64 0.1.1 6.00 42.00 48.00 OK
r-oldrel-macos-x86_64 0.1.1 NOTE
r-oldrel-windows-ix86+x86_64 0.1.1 6.00 49.00 55.00 OK

Check Details

Version: 0.1.1
Check: dependencies in R code
Result: NOTE
    Namespace in Imports field not imported from: ‘R6’
     All declared Imports should be used.
Flavors: r-devel-linux-x86_64-fedora-clang, r-devel-linux-x86_64-fedora-gcc, r-patched-solaris-x86, r-release-macos-x86_64, r-oldrel-macos-x86_64