Last updated on 2022-08-17 18:51:20 CEST.
Flavor | Version | Tinstall | Tcheck | Ttotal | Status | Flags |
---|---|---|---|---|---|---|
r-devel-linux-x86_64-debian-clang | 1.41 | 13.76 | 145.57 | 159.33 | NOTE | |
r-devel-linux-x86_64-debian-gcc | 1.41 | NOTE | ||||
r-devel-linux-x86_64-fedora-clang | 1.41 | 195.38 | NOTE | |||
r-devel-linux-x86_64-fedora-gcc | 1.41 | 190.23 | NOTE | |||
r-devel-windows-x86_64 | 1.41 | 26.00 | 170.00 | 196.00 | OK | |
r-patched-linux-x86_64 | 1.41 | 10.75 | 136.70 | 147.45 | NOTE | |
r-release-linux-x86_64 | 1.41 | 8.45 | 137.31 | 145.76 | NOTE | |
r-release-macos-arm64 | 1.41 | 48.00 | OK | |||
r-release-macos-x86_64 | 1.41 | 109.00 | OK | |||
r-release-windows-x86_64 | 1.41 | 27.00 | 185.00 | 212.00 | OK | |
r-oldrel-macos-arm64 | 1.41 | 58.00 | OK | |||
r-oldrel-macos-x86_64 | 1.41 | 80.00 | OK | |||
r-oldrel-windows-ix86+x86_64 | 1.41 | 27.00 | 170.00 | 197.00 | OK |
Version: 1.41
Check: for non-standard things in the check directory
Result: NOTE
Found the following files/directories:
'design_names.csv' 'design_numbers.csv'
'encoded_orthogonal_factorial_design.csv'
'orthogonal_factorial_design.csv'
Flavors: r-devel-linux-x86_64-debian-clang, r-devel-linux-x86_64-debian-gcc, r-devel-linux-x86_64-fedora-clang, r-devel-linux-x86_64-fedora-gcc, r-patched-linux-x86_64, r-release-linux-x86_64