CRAN Package Check Results for Package conmet

Last updated on 2024-02-24 18:54:46 CET.

Flavor Version Tinstall Tcheck Ttotal Status Flags
r-devel-linux-x86_64-debian-clang 0.1.0 3.63 37.74 41.37 OK
r-devel-linux-x86_64-debian-gcc 0.1.0 3.49 29.12 32.61 OK
r-devel-linux-x86_64-fedora-clang 0.1.0 51.19 NOTE
r-devel-linux-x86_64-fedora-gcc 0.1.0 53.19 NOTE
r-devel-windows-x86_64 0.1.0 6.00 55.00 61.00 OK
r-patched-linux-x86_64 0.1.0 2.75 36.88 39.63 OK
r-release-linux-x86_64 0.1.0 2.82 36.86 39.68 OK
r-release-macos-arm64 0.1.0 22.00 OK
r-release-macos-x86_64 0.1.0 28.00 OK
r-release-windows-x86_64 0.1.0 7.00 57.00 64.00 OK
r-oldrel-macos-arm64 0.1.0 21.00 NOTE
r-oldrel-windows-x86_64 0.1.0 7.00 65.00 72.00 OK

Check Details

Version: 0.1.0
Check: dependencies in R code
Result: NOTE Namespaces in Imports field not imported from: ‘DT’ ‘Hmisc’ ‘dplyr’ ‘foreign’ ‘lavaan’ ‘openxlsx’ ‘purrr’ ‘semTools’ ‘shinyWidgets’ ‘stringr’ ‘summarytools’ ‘waiter’ All declared Imports should be used. Flavors: r-devel-linux-x86_64-fedora-clang, r-devel-linux-x86_64-fedora-gcc, r-oldrel-macos-arm64