CRAN Package Check Results for Package conmet

Last updated on 2021-12-06 02:48:25 CET.

Flavor Version Tinstall Tcheck Ttotal Status Flags
r-devel-linux-x86_64-debian-clang 0.1.0 3.31 40.65 43.96 OK
r-devel-linux-x86_64-debian-gcc 0.1.0 2.97 32.58 35.55 OK
r-devel-linux-x86_64-fedora-clang 0.1.0 54.22 NOTE
r-devel-linux-x86_64-fedora-gcc 0.1.0 42.92 NOTE
r-devel-windows-x86_64-new-UL 0.1.0 12.00 78.00 90.00 OK
r-devel-windows-x86_64-new-TK 0.1.0 NOTE
r-devel-windows-x86_64-old 0.1.0 7.00 44.00 51.00 OK
r-patched-linux-x86_64 0.1.0 2.30 31.05 33.35 OK
r-release-linux-x86_64 0.1.0 2.29 39.32 41.61 OK
r-release-macos-arm64 0.1.0 NOTE
r-release-macos-x86_64 0.1.0 NOTE
r-release-windows-ix86+x86_64 0.1.0 10.00 53.00 63.00 OK
r-oldrel-macos-x86_64 0.1.0 NOTE
r-oldrel-windows-ix86+x86_64 0.1.0 10.00 55.00 65.00 OK

Check Details

Version: 0.1.0
Check: dependencies in R code
Result: NOTE
    Namespaces in Imports field not imported from:
     ‘DT’ ‘Hmisc’ ‘dplyr’ ‘foreign’ ‘lavaan’ ‘openxlsx’ ‘purrr’ ‘semTools’
     ‘shinyWidgets’ ‘stringr’ ‘summarytools’ ‘waiter’
     All declared Imports should be used.
Flavors: r-devel-linux-x86_64-fedora-clang, r-devel-linux-x86_64-fedora-gcc, r-devel-windows-x86_64-new-TK, r-release-macos-arm64, r-release-macos-x86_64, r-oldrel-macos-x86_64