CRAN Package Check Results for Package conogive

Last updated on 2022-01-29 06:49:29 CET.

Flavor Version Tinstall Tcheck Ttotal Status Flags
r-devel-linux-x86_64-debian-clang 1.0.0 1.49 41.37 42.86 NOTE
r-devel-linux-x86_64-debian-gcc 1.0.0 1.65 31.37 33.02 NOTE
r-devel-linux-x86_64-fedora-clang 1.0.0 50.06 NOTE
r-devel-linux-x86_64-fedora-gcc 1.0.0 38.26 NOTE
r-devel-windows-x86_64-new-UL 1.0.0 29.00 57.00 86.00 NOTE
r-devel-windows-x86_64-new-TK 1.0.0 NOTE
r-patched-linux-x86_64 1.0.0 2.44 36.19 38.63 NOTE
r-release-linux-x86_64 1.0.0 1.95 36.69 38.64 NOTE
r-release-macos-arm64 1.0.0 NOTE
r-release-macos-x86_64 1.0.0 NOTE
r-release-windows-ix86+x86_64 1.0.0 5.00 43.00 48.00 NOTE
r-oldrel-macos-x86_64 1.0.0 OK
r-oldrel-windows-ix86+x86_64 1.0.0 5.00 51.00 56.00 OK

Check Details

Version: 1.0.0
Check: LazyData
Result: NOTE
     'LazyData' is specified without a 'data' directory
Flavors: r-devel-linux-x86_64-debian-clang, r-devel-linux-x86_64-debian-gcc, r-devel-linux-x86_64-fedora-clang, r-devel-linux-x86_64-fedora-gcc, r-devel-windows-x86_64-new-UL, r-devel-windows-x86_64-new-TK, r-patched-linux-x86_64, r-release-linux-x86_64, r-release-macos-arm64, r-release-macos-x86_64, r-release-windows-ix86+x86_64