CRAN Package Check Results for Package conos

Last updated on 2021-12-04 19:52:51 CET.

Flavor Version Tinstall Tcheck Ttotal Status Flags
r-devel-linux-x86_64-debian-clang 1.4.4 203.09 272.37 475.46 NOTE
r-devel-linux-x86_64-debian-gcc 1.4.4 149.79 181.15 330.94 NOTE
r-devel-windows-x86_64-new-UL 1.4.4 264.00 318.00 582.00 NOTE
r-devel-windows-x86_64-new-TK 1.4.4 NOTE
r-devel-windows-x86_64-old 1.4.4 275.00 239.00 514.00 NOTE
r-patched-linux-x86_64 1.4.4 180.35 217.58 397.93 NOTE
r-release-linux-x86_64 1.4.4 179.43 218.21 397.64 NOTE
r-release-macos-arm64 1.4.4 ERROR
r-release-macos-x86_64 1.4.4 NOTE
r-release-windows-ix86+x86_64 1.4.4 504.00 385.00 889.00 NOTE
r-oldrel-macos-x86_64 1.4.4 NOTE
r-oldrel-windows-ix86+x86_64 1.4.4 507.00 384.00 891.00 NOTE

Check Details

Version: 1.4.4
Check: package dependencies
Result: NOTE
    Packages suggested but not available for checking: 'conosPanel', 'p2data'
Flavors: r-devel-linux-x86_64-debian-clang, r-devel-linux-x86_64-debian-gcc, r-devel-windows-x86_64-new-UL, r-devel-windows-x86_64-new-TK, r-patched-linux-x86_64, r-release-linux-x86_64, r-release-macos-x86_64, r-release-windows-ix86+x86_64, r-oldrel-macos-x86_64, r-oldrel-windows-ix86+x86_64

Version: 1.4.4
Check: package dependencies
Result: NOTE
    Package suggested but not available for checking: 'conosPanel'
Flavor: r-devel-windows-x86_64-old

Version: 1.4.4
Check: package dependencies
Result: ERROR
    Package required but not available: ‘N2R’
    
    Packages suggested but not available for checking:
     'conosPanel', 'p2data', 'pagoda2'
    
    See section ‘The DESCRIPTION file’ in the ‘Writing R Extensions’
    manual.
Flavor: r-release-macos-arm64

Version: 1.4.4
Check: installed package size
Result: NOTE
     installed size is 11.4Mb
     sub-directories of 1Mb or more:
     libs 9.6Mb
Flavors: r-release-macos-x86_64, r-oldrel-macos-x86_64