CRAN Package Check Results for Package conos

Last updated on 2021-04-20 01:47:00 CEST.

Flavor Version Tinstall Tcheck Ttotal Status Flags
r-devel-linux-x86_64-debian-clang 1.4.0 241.36 269.33 510.69 NOTE
r-devel-linux-x86_64-debian-gcc 1.4.0 159.97 175.02 334.99 NOTE
r-devel-windows-ix86+x86_64 1.4.0 395.00 296.00 691.00 NOTE
r-devel-windows-x86_64-gcc10-UCRT 1.4.0 NOTE
r-patched-linux-x86_64 1.4.0 187.25 213.69 400.94 NOTE
r-release-linux-x86_64 1.4.0 178.57 211.35 389.92 NOTE
r-release-macos-x86_64 1.4.0 NOTE
r-release-windows-ix86+x86_64 1.4.0 529.00 385.00 914.00 NOTE
r-oldrel-macos-x86_64 1.4.0 NOTE
r-oldrel-windows-ix86+x86_64 1.4.0 1.00 6.00 7.00 ERROR

Check Details

Version: 1.4.0
Check: package dependencies
Result: NOTE
    Packages suggested but not available for checking: 'conosPanel', 'p2data'
Flavors: r-devel-linux-x86_64-debian-clang, r-devel-linux-x86_64-debian-gcc, r-devel-windows-ix86+x86_64, r-patched-linux-x86_64, r-release-linux-x86_64, r-release-macos-x86_64, r-release-windows-ix86+x86_64

Version: 1.4.0
Check: package dependencies
Result: NOTE
    Packages suggested but not available for checking:
     'conosPanel', 'org.Mm.eg.db', 'p2data', 'rhdf5'
Flavor: r-devel-windows-x86_64-gcc10-UCRT

Version: 1.4.0
Check: installed package size
Result: NOTE
     installed size is 11.4Mb
     sub-directories of 1Mb or more:
     libs 9.7Mb
Flavors: r-release-macos-x86_64, r-oldrel-macos-x86_64

Version: 1.4.0
Check: package dependencies
Result: NOTE
    Packages suggested but not available for checking:
     'conosPanel', 'GO.db', 'org.Hs.eg.db', 'org.Mm.eg.db', 'p2data'
Flavor: r-oldrel-macos-x86_64

Version: 1.4.0
Check: package dependencies
Result: ERROR
    Packages required but not available: 'leidenAlg', 'N2R'
    
    Packages suggested but not available for checking:
     'conosPanel', 'p2data', 'pagoda2'
    
    See section 'The DESCRIPTION file' in the 'Writing R Extensions'
    manual.
Flavor: r-oldrel-windows-ix86+x86_64