Last updated on 2022-08-17 21:52:35 CEST.
Flavor | Version | Tinstall | Tcheck | Ttotal | Status | Flags |
---|---|---|---|---|---|---|
r-devel-linux-x86_64-debian-clang | 0.9.96 | 30.59 | 139.52 | 170.11 | NOTE | |
r-devel-linux-x86_64-debian-gcc | 0.9.96 | NOTE | ||||
r-devel-linux-x86_64-fedora-clang | 0.9.96 | 215.58 | NOTE | |||
r-devel-linux-x86_64-fedora-gcc | 0.9.96 | 196.18 | NOTE | |||
r-devel-windows-x86_64 | 0.9.96 | 114.00 | 201.00 | 315.00 | NOTE | |
r-patched-linux-x86_64 | 0.9.96 | 25.23 | 124.83 | 150.06 | OK | |
r-release-linux-x86_64 | 0.9.96 | 23.68 | 122.98 | 146.66 | OK | |
r-release-macos-arm64 | 0.9.96 | 54.00 | OK | |||
r-release-macos-x86_64 | 0.9.96 | 119.00 | OK | |||
r-release-windows-x86_64 | 0.9.96 | 112.00 | 203.00 | 315.00 | OK | |
r-oldrel-macos-arm64 | 0.9.96 | 59.00 | OK | |||
r-oldrel-macos-x86_64 | 0.9.96 | 80.00 | OK | |||
r-oldrel-windows-ix86+x86_64 | 0.9.96 | 66.00 | 235.00 | 301.00 | OK |
Version: 0.9.96
Check: Rd files
Result: NOTE
checkRd: (-1) plotMCC.Rd:19: Escaped LaTeX specials: \_
Flavors: r-devel-linux-x86_64-debian-clang, r-devel-linux-x86_64-debian-gcc, r-devel-linux-x86_64-fedora-clang, r-devel-linux-x86_64-fedora-gcc, r-devel-windows-x86_64