CRAN Package Check Results for Package constrainedKriging

Last updated on 2015-01-30 17:51:49.

Flavor Version Tinstall Tcheck Ttotal Status Flags
r-devel-linux-x86_64-debian-clang 0.2.3 2.12 25.25 27.37 NOTE
r-devel-linux-x86_64-debian-gcc 0.2.3 2.07 23.62 25.69 NOTE
r-devel-linux-x86_64-fedora-clang 0.2.3 58.19 NOTE
r-devel-linux-x86_64-fedora-gcc 0.2.3 55.73 NOTE
r-devel-osx-x86_64-clang 0.2.3 55.90 NOTE
r-devel-windows-ix86+x86_64 0.2.3 12.00 46.00 58.00 NOTE
r-patched-linux-x86_64 0.2.3 2.36 28.85 31.22 NOTE
r-patched-solaris-sparc 0.2.3 39.90 OK
r-patched-solaris-x86 0.2.3 82.60 NOTE
r-release-linux-ix86 0.2.3 2.94 34.82 37.77 NOTE
r-release-linux-x86_64 0.2.3 2.29 29.96 32.26 NOTE
r-release-osx-x86_64-mavericks 0.2.3 ERROR
r-release-osx-x86_64-snowleopard 0.2.3 OK
r-release-windows-ix86+x86_64 0.2.3 10.00 56.00 66.00 NOTE
r-oldrel-windows-ix86+x86_64 0.2.3 10.00 55.00 65.00 OK

Check Details

Version: 0.2.3
Check: S3 generic/method consistency
Result: NOTE
    Found the following apparent S3 methods exported but not registered:
     print.CKrige.exout.points print.CKrige.exout.polygons print.covmodel
     summary.CKrige.exout.points summary.CKrige.exout.polygons
     summary.preCKrigePolygons plot.preCKrigePolygons
    See section ‘Registering S3 methods’ in the ‘Writing R Extensions’
    manual.
Flavors: r-devel-linux-x86_64-debian-clang, r-devel-linux-x86_64-debian-gcc, r-devel-linux-x86_64-fedora-clang, r-devel-linux-x86_64-fedora-gcc, r-devel-osx-x86_64-clang

Version: 0.2.3
Check: R code for possible problems
Result: NOTE
    f.build.pixel: no visible global function definition for ‘bbox’
    f.p.in.poly : <anonymous>: no visible global function definition for
     ‘point.in.polygon’
    f.points.CKrige: no visible global function definition for
     ‘SpatialPointsDataFrame’
    f.points.CKrige: no visible global function definition for
     ‘SpatialPoints’
    f.polygons.CKrige: no visible global function definition for
     ‘SpatialPolygonsDataFrame’
    f.polygons.CKrige: no visible global function definition for
     ‘SpatialPolygons’
    f.polygons.preCKrige: no visible global function definition for
     ‘SpatialPolygons’
    plot.preCKrigePolygons : <anonymous>: no visible global function
     definition for ‘point.in.polygon’
    plot.preCKrigePolygons: no visible global function definition for
     ‘SpatialPolygons’
Flavors: r-devel-linux-x86_64-debian-clang, r-devel-linux-x86_64-debian-gcc, r-devel-linux-x86_64-fedora-clang, r-devel-linux-x86_64-fedora-gcc, r-devel-osx-x86_64-clang, r-devel-windows-ix86+x86_64, r-patched-linux-x86_64, r-patched-solaris-x86, r-release-linux-ix86, r-release-linux-x86_64, r-release-windows-ix86+x86_64

Version: 0.2.3
Check: package dependencies
Result: ERROR
    Package required but not available: ‘rgeos’
    
    See the information on DESCRIPTION files in the chapter ‘Creating R
    packages’ of the ‘Writing R Extensions’ manual.
Flavor: r-release-osx-x86_64-mavericks