CRAN Package Check Results for Package constrainedKriging

Last updated on 2015-07-07 06:46:27.

Flavor Version Tinstall Tcheck Ttotal Status Flags
r-devel-linux-x86_64-debian-clang 0.2.4 2.19 24.46 26.66 NOTE
r-devel-linux-x86_64-debian-gcc 0.2.4 2.04 23.17 25.22 NOTE
r-devel-linux-x86_64-fedora-clang 0.2.4 49.69 NOTE
r-devel-linux-x86_64-fedora-gcc 0.2.4 45.66 NOTE
r-devel-osx-x86_64-clang 0.2.4 43.09 OK
r-devel-windows-ix86+x86_64 0.2.4 12.00 50.00 62.00 NOTE
r-patched-linux-x86_64 0.2.4 1.97 23.60 25.57 OK
r-patched-solaris-sparc 0.2.4 314.30 OK
r-patched-solaris-x86 0.2.4 69.60 OK
r-release-linux-x86_64 0.2.4 2.08 23.72 25.80 OK
r-release-osx-x86_64-mavericks 0.2.4 OK
r-release-windows-ix86+x86_64 0.2.4 10.00 45.00 55.00 OK
r-oldrel-windows-ix86+x86_64 0.2.4 10.00 56.00 66.00 OK

Check Details

Version: 0.2.4
Check: R code for possible problems
Result: NOTE
    ck.colors: no visible global function definition for ‘hsv’
    f.pixconfig: no visible global function definition for ‘runif’
    f.points.CKrige: no visible global function definition for
     ‘model.matrix’
    f.points.CKrige: no visible global function definition for
     ‘model.response’
    f.points.CKrige: no visible global function definition for
     ‘model.frame’
    f.points.CKrige: no visible global function definition for ‘terms’
    f.points.CKrige: no visible global function definition for
     ‘delete.response’
    f.polygons.CKrige: no visible global function definition for
     ‘model.matrix’
    f.polygons.CKrige: no visible global function definition for
     ‘model.response’
    f.polygons.CKrige: no visible global function definition for
     ‘model.frame’
    f.polygons.CKrige: no visible global function definition for ‘terms’
    f.polygons.CKrige: no visible global function definition for
     ‘delete.response’
    gpc.copyright: no visible global function definition for ‘RShowDoc’
    plot.preCKrigePolygons: no visible global function definition for ‘par’
    plot.preCKrigePolygons: no visible global function definition for
     ‘plot’
    plot.preCKrigePolygons: no visible global function definition for
     ‘title’
    plot.preCKrigePolygons : <anonymous>: no visible global function
     definition for ‘rect’
    plot.preCKrigePolygons : <anonymous>: no visible global function
     definition for ‘polygon’
    plot.preCKrigePolygons: no visible global function definition for
     ‘text’
    plot.preCKrigePolygons: no visible global function definition for
     ‘points’
    print.preCKrigePoints: no visible global function definition for ‘sd’
    print.preCKrigePolygons: no visible global function definition for ‘sd’
    summary.preCKrigePoints: no visible global function definition for ‘sd’
    summary.preCKrigePoints: no visible global function definition for
     ‘str’
    summary.preCKrigePolygons: no visible global function definition for
     ‘sd’
    summary.preCKrigePolygons: no visible global function definition for
     ‘str’
    show,preCKrigePoints: no visible global function definition for ‘sd’
    show,preCKrigePolygons: no visible global function definition for ‘sd’
    summary,preCKrigePoints: no visible global function definition for ‘sd’
    summary,preCKrigePoints: no visible global function definition for
     ‘str’
    summary,preCKrigePolygons: no visible global function definition for
     ‘sd’
    summary,preCKrigePolygons: no visible global function definition for
     ‘str’
    Undefined global functions or variables:
     RShowDoc delete.response hsv model.frame model.matrix model.response
     par plot points polygon rect runif sd str terms text title
Flavors: r-devel-linux-x86_64-debian-clang, r-devel-linux-x86_64-debian-gcc, r-devel-linux-x86_64-fedora-clang, r-devel-linux-x86_64-fedora-gcc, r-devel-windows-ix86+x86_64