CRAN Package Check Results for Package constrainedKriging

Last updated on 2015-02-26 23:47:40.

Flavor Version Tinstall Tcheck Ttotal Status Flags
r-devel-linux-x86_64-debian-clang 0.2.3 1.98 24.24 26.22 NOTE
r-devel-linux-x86_64-debian-gcc 0.2.3 2.20 23.36 25.57 NOTE
r-devel-linux-x86_64-fedora-clang 0.2.3 55.21 NOTE
r-devel-linux-x86_64-fedora-gcc 0.2.3 47.61 NOTE
r-devel-osx-x86_64-clang 0.2.3 48.68 NOTE
r-devel-windows-ix86+x86_64 0.2.3 12.00 43.00 55.00 NOTE
r-patched-linux-x86_64 0.2.3 2.33 28.74 31.07 NOTE
r-patched-solaris-sparc 0.2.3 39.90 OK
r-patched-solaris-x86 0.2.3 83.80 NOTE
r-release-linux-ix86 0.2.3 2.94 35.88 38.82 NOTE
r-release-linux-x86_64 0.2.3 2.38 0.26 2.64 OK
r-release-osx-x86_64-mavericks 0.2.3 ERROR
r-release-osx-x86_64-snowleopard 0.2.3 OK
r-release-windows-ix86+x86_64 0.2.3 10.00 57.00 67.00 NOTE
r-oldrel-windows-ix86+x86_64 0.2.3 10.00 57.00 67.00 OK

Check Details

Version: 0.2.3
Check: S3 generic/method consistency
Result: NOTE
    Found the following apparent S3 methods exported but not registered:
     plot.preCKrigePolygons print.CKrige.exout.points
     print.CKrige.exout.polygons print.covmodel
     summary.CKrige.exout.points summary.CKrige.exout.polygons
     summary.preCKrigePolygons
    See section ‘Registering S3 methods’ in the ‘Writing R Extensions’
    manual.
Flavors: r-devel-linux-x86_64-debian-clang, r-devel-linux-x86_64-debian-gcc, r-devel-linux-x86_64-fedora-clang, r-devel-linux-x86_64-fedora-gcc, r-devel-osx-x86_64-clang

Version: 0.2.3
Check: R code for possible problems
Result: NOTE
    f.build.pixel: no visible global function definition for ‘bbox’
    f.p.in.poly : <anonymous>: no visible global function definition for
     ‘point.in.polygon’
    f.points.CKrige: no visible global function definition for
     ‘SpatialPointsDataFrame’
    f.points.CKrige: no visible global function definition for
     ‘SpatialPoints’
    f.polygons.CKrige: no visible global function definition for
     ‘SpatialPolygonsDataFrame’
    f.polygons.CKrige: no visible global function definition for
     ‘SpatialPolygons’
    f.polygons.preCKrige: no visible global function definition for
     ‘SpatialPolygons’
    plot.preCKrigePolygons : <anonymous>: no visible global function
     definition for ‘point.in.polygon’
    plot.preCKrigePolygons: no visible global function definition for
     ‘SpatialPolygons’
Flavors: r-devel-linux-x86_64-debian-clang, r-devel-linux-x86_64-debian-gcc, r-devel-linux-x86_64-fedora-clang, r-devel-linux-x86_64-fedora-gcc, r-devel-osx-x86_64-clang, r-devel-windows-ix86+x86_64, r-patched-linux-x86_64, r-patched-solaris-x86, r-release-linux-ix86, r-release-windows-ix86+x86_64

Version: 0.2.3
Check: package dependencies
Result: ERROR
    Package required but not available: ‘rgeos’
    
    See section ‘The DESCRIPTION file’ in the ‘Writing R Extensions’
    manual.
Flavor: r-release-osx-x86_64-mavericks