CRAN Package Check Results for Package constrainedKriging

Last updated on 2015-08-04 16:48:22.

Flavor Version Tinstall Tcheck Ttotal Status Flags
r-devel-linux-x86_64-debian-clang 0.2.4 2.04 24.32 26.36 NOTE
r-devel-linux-x86_64-debian-gcc 0.2.4 2.05 24.16 26.21 NOTE
r-devel-linux-x86_64-fedora-clang 0.2.4 50.01 NOTE
r-devel-linux-x86_64-fedora-gcc 0.2.4 47.89 NOTE
r-devel-osx-x86_64-clang 0.2.4 44.97 OK
r-devel-windows-ix86+x86_64 0.2.4 12.00 51.00 63.00 NOTE
r-patched-linux-x86_64 0.2.4 2.11 23.96 26.07 OK
r-patched-solaris-sparc 0.2.4 319.20 OK
r-patched-solaris-x86 0.2.4 71.80 OK
r-release-linux-x86_64 0.2.4 2.10 24.14 26.24 OK
r-release-osx-x86_64-mavericks 0.2.4 OK
r-release-windows-ix86+x86_64 0.2.4 11.00 50.00 61.00 OK
r-oldrel-windows-ix86+x86_64 0.2.4 12.00 67.00 79.00 OK

Check Details

Version: 0.2.4
Check: R code for possible problems
Result: NOTE
    ck.colors: no visible global function definition for ‘hsv’
    f.pixconfig: no visible global function definition for ‘runif’
    f.points.CKrige: no visible global function definition for
     ‘model.matrix’
    f.points.CKrige: no visible global function definition for
     ‘model.response’
    f.points.CKrige: no visible global function definition for
     ‘model.frame’
    f.points.CKrige: no visible global function definition for ‘terms’
    f.points.CKrige: no visible global function definition for
     ‘delete.response’
    f.polygons.CKrige: no visible global function definition for
     ‘model.matrix’
    f.polygons.CKrige: no visible global function definition for
     ‘model.response’
    f.polygons.CKrige: no visible global function definition for
     ‘model.frame’
    f.polygons.CKrige: no visible global function definition for ‘terms’
    f.polygons.CKrige: no visible global function definition for
     ‘delete.response’
    gpc.copyright: no visible global function definition for ‘RShowDoc’
    plot.preCKrigePolygons: no visible global function definition for ‘par’
    plot.preCKrigePolygons: no visible global function definition for
     ‘plot’
    plot.preCKrigePolygons: no visible global function definition for
     ‘title’
    plot.preCKrigePolygons : <anonymous>: no visible global function
     definition for ‘rect’
    plot.preCKrigePolygons : <anonymous>: no visible global function
     definition for ‘polygon’
    plot.preCKrigePolygons: no visible global function definition for
     ‘text’
    plot.preCKrigePolygons: no visible global function definition for
     ‘points’
    print.preCKrigePoints: no visible global function definition for ‘sd’
    print.preCKrigePolygons: no visible global function definition for ‘sd’
    summary.preCKrigePoints: no visible global function definition for ‘sd’
    summary.preCKrigePoints: no visible global function definition for
     ‘str’
    summary.preCKrigePolygons: no visible global function definition for
     ‘sd’
    summary.preCKrigePolygons: no visible global function definition for
     ‘str’
    show,preCKrigePoints: no visible global function definition for ‘sd’
    show,preCKrigePolygons: no visible global function definition for ‘sd’
    summary,preCKrigePoints: no visible global function definition for ‘sd’
    summary,preCKrigePoints: no visible global function definition for
     ‘str’
    summary,preCKrigePolygons: no visible global function definition for
     ‘sd’
    summary,preCKrigePolygons: no visible global function definition for
     ‘str’
    Undefined global functions or variables:
     RShowDoc delete.response hsv model.frame model.matrix model.response
     par plot points polygon rect runif sd str terms text title
    Consider adding
     importFrom("grDevices", "hsv")
     importFrom("graphics", "par", "plot", "points", "polygon", "rect",
     "text", "title")
     importFrom("stats", "delete.response", "model.frame", "model.matrix",
     "model.response", "runif", "sd", "terms")
     importFrom("utils", "RShowDoc", "str")
    to your NAMESPACE.
Flavors: r-devel-linux-x86_64-debian-clang, r-devel-linux-x86_64-debian-gcc, r-devel-linux-x86_64-fedora-clang, r-devel-linux-x86_64-fedora-gcc, r-devel-windows-ix86+x86_64