CRAN Package Check Results for Package constrainedKriging

Last updated on 2014-09-01 23:46:38.

Flavor Version Tinstall Tcheck Ttotal Status Flags
r-devel-linux-x86_64-debian-clang 0.2.3 2.63 26.63 29.26 NOTE
r-devel-linux-x86_64-debian-gcc 0.2.3 2.12 25.36 27.49 NOTE
r-devel-linux-x86_64-fedora-clang 0.2.3 63.29 NOTE
r-devel-linux-x86_64-fedora-gcc 0.2.3 56.20 NOTE
r-devel-osx-x86_64-clang 0.2.3 51.57 NOTE
r-devel-windows-ix86+x86_64 0.2.3 8.00 48.00 56.00 NOTE
r-patched-linux-x86_64 0.2.3 2.27 28.12 30.39 OK
r-patched-solaris-sparc 0.2.3 371.50 OK
r-patched-solaris-x86 0.2.3 86.20 OK
r-release-linux-ix86 0.2.3 3.20 37.42 40.62 OK
r-release-linux-x86_64 0.2.3 2.40 29.58 31.98 OK
r-release-osx-x86_64-mavericks 0.2.3 ERROR
r-release-osx-x86_64-snowleopard 0.2.3 OK
r-release-windows-ix86+x86_64 0.2.3 9.00 53.00 62.00 OK
r-oldrel-windows-ix86+x86_64 0.2.3 10.00 53.00 63.00 OK

Check Details

Version: 0.2.3
Check: R code for possible problems
Result: NOTE
    f.build.pixel: no visible global function definition for ‘bbox’
    f.p.in.poly : <anonymous>: no visible global function definition for
     ‘point.in.polygon’
    f.points.CKrige: no visible global function definition for
     ‘SpatialPointsDataFrame’
    f.points.CKrige: no visible global function definition for
     ‘SpatialPoints’
    f.polygons.CKrige: no visible global function definition for
     ‘SpatialPolygonsDataFrame’
    f.polygons.CKrige: no visible global function definition for
     ‘SpatialPolygons’
    f.polygons.preCKrige: no visible global function definition for
     ‘SpatialPolygons’
    plot.preCKrigePolygons : <anonymous>: no visible global function
     definition for ‘point.in.polygon’
    plot.preCKrigePolygons: no visible global function definition for
     ‘SpatialPolygons’
Flavors: r-devel-linux-x86_64-debian-clang, r-devel-linux-x86_64-debian-gcc, r-devel-linux-x86_64-fedora-clang, r-devel-linux-x86_64-fedora-gcc, r-devel-osx-x86_64-clang, r-devel-windows-ix86+x86_64

Version: 0.2.3
Check: package dependencies
Result: ERROR
    Package required but not available: ‘rgeos’
    
    See the information on DESCRIPTION files in the chapter ‘Creating R
    packages’ of the ‘Writing R Extensions’ manual.
Flavor: r-release-osx-x86_64-mavericks