CRAN Package Check Results for Package constrainedKriging

Last updated on 2014-04-24 07:52:25.

Flavor Version Tinstall Tcheck Ttotal Status Flags
r-devel-linux-x86_64-debian-clang 0.2.2 2.29 29.19 31.48 NOTE
r-devel-linux-x86_64-debian-gcc 0.2.2 2.36 29.79 32.15 NOTE
r-devel-linux-x86_64-fedora-clang 0.2.2 64.80 NOTE
r-devel-linux-x86_64-fedora-gcc 0.2.2 62.49 NOTE
r-devel-osx-x86_64-clang 0.2.2 53.74 NOTE
r-devel-osx-x86_64-gcc 0.2.2 ERROR
r-devel-windows-ix86+x86_64 0.2.2 9.00 54.00 63.00 NOTE
r-patched-linux-x86_64 0.2.2 2.20 29.00 31.20 NOTE
r-patched-solaris-sparc 0.2.2 357.70 NOTE
r-patched-solaris-x86 0.2.2 88.70 NOTE
r-release-linux-ix86 0.2.2 5.00 51.00 56.00 NOTE
r-release-linux-x86_64 0.2.2 2.28 29.21 31.49 NOTE
r-release-osx-x86_64-mavericks 0.2.2 ERROR
r-release-osx-x86_64-snowleopard 0.2.2 OK
r-release-windows-ix86+x86_64 0.2.2 8.00 49.00 57.00 NOTE
r-oldrel-windows-ix86+x86_64 0.2.2 10.00 51.00 61.00 OK

Check Details

Version: 0.2.2
Check: foreign function calls
Result: NOTE
    Call with DUP = FALSE:
     .C("PointRectCov", as.double(pxcoord), as.double(pycoord), as.double(crxcoord),
     as.double(crycoord), as.double(rxwidth), as.double(rywidth),
     as.double(npoints), as.double(npixel), as.double(epsabs),
     as.double(epsrel), result = double(npoints * npixel), abserr = as.double(1),
     as.integer(limit), as.integer(lenw + 1), as.integer(lenw),
     as.integer(lenw + 1), as.integer(limit + 1), integer(limit +
     1), double(lenw + 1), as.double(covpar), as.integer(n.mod),
     as.integer(n.mod.param), DUP = FALSE, NAOK = F, PACKAGE = thispackage)
    DUP = FALSE is deprecated and may be disabled in future versions of R.
Flavors: r-devel-linux-x86_64-debian-clang, r-devel-linux-x86_64-debian-gcc, r-devel-linux-x86_64-fedora-clang, r-devel-linux-x86_64-fedora-gcc, r-devel-osx-x86_64-clang, r-devel-windows-ix86+x86_64, r-patched-linux-x86_64, r-patched-solaris-sparc, r-patched-solaris-x86, r-release-linux-ix86, r-release-linux-x86_64, r-release-windows-ix86+x86_64

Version: 0.2.2
Check: package dependencies
Result: ERROR
    Packages required but not available: ‘rgeos’ ‘RandomFields’
    
    Package suggested but not available for checking: ‘spdep’
    
    See the information on DESCRIPTION files in the chapter ‘Creating R
    packages’ of the ‘Writing R Extensions’ manual.
Flavor: r-devel-osx-x86_64-gcc

Version: 0.2.2
Check: package dependencies
Result: ERROR
    Package required but not available: ‘rgeos’
    
    Package suggested but not available for checking: ‘spdep’
    
    See the information on DESCRIPTION files in the chapter ‘Creating R
    packages’ of the ‘Writing R Extensions’ manual.
Flavor: r-release-osx-x86_64-mavericks