CRAN Package Check Results for Package constrainedKriging

Last updated on 2014-08-23 16:46:22.

Flavor Version Tinstall Tcheck Ttotal Status Flags
r-devel-linux-x86_64-debian-clang 0.2.3 2.30 26.39 28.68 NOTE
r-devel-linux-x86_64-debian-gcc 0.2.3 2.26 25.44 27.70 NOTE
r-devel-linux-x86_64-fedora-clang 0.2.3 60.38 NOTE
r-devel-linux-x86_64-fedora-gcc 0.2.3 56.59 NOTE
r-devel-osx-x86_64-clang 0.2.3 52.42 NOTE
r-devel-windows-ix86+x86_64 0.2.3 10.00 50.00 60.00 OK
r-patched-linux-x86_64 0.2.3 2.48 27.83 30.31 OK
r-patched-solaris-sparc 0.2.3 371.50 OK
r-patched-solaris-x86 0.2.3 86.20 OK
r-release-linux-ix86 0.2.3 3.20 37.53 40.73 OK
r-release-linux-x86_64 0.2.3 2.33 28.50 30.83 OK
r-release-osx-x86_64-mavericks 0.2.3 ERROR
r-release-osx-x86_64-snowleopard 0.2.3 OK
r-release-windows-ix86+x86_64 0.2.3 9.00 54.00 63.00 OK
r-oldrel-windows-ix86+x86_64 0.2.3 9.00 54.00 63.00 OK

Check Details

Version: 0.2.3
Check: R code for possible problems
Result: NOTE
    f.build.pixel: no visible global function definition for ‘bbox’
    f.p.in.poly : <anonymous>: no visible global function definition for
     ‘point.in.polygon’
    f.points.CKrige: no visible global function definition for
     ‘SpatialPointsDataFrame’
    f.points.CKrige: no visible global function definition for
     ‘SpatialPoints’
    f.polygons.CKrige: no visible global function definition for
     ‘SpatialPolygonsDataFrame’
    f.polygons.CKrige: no visible global function definition for
     ‘SpatialPolygons’
    f.polygons.preCKrige: no visible global function definition for
     ‘SpatialPolygons’
    plot.preCKrigePolygons : <anonymous>: no visible global function
     definition for ‘point.in.polygon’
    plot.preCKrigePolygons: no visible global function definition for
     ‘SpatialPolygons’
Flavors: r-devel-linux-x86_64-debian-clang, r-devel-linux-x86_64-debian-gcc, r-devel-linux-x86_64-fedora-clang, r-devel-linux-x86_64-fedora-gcc, r-devel-osx-x86_64-clang

Version: 0.2.3
Check: package dependencies
Result: ERROR
    Package required but not available: ‘rgeos’
    
    See the information on DESCRIPTION files in the chapter ‘Creating R
    packages’ of the ‘Writing R Extensions’ manual.
Flavor: r-release-osx-x86_64-mavericks