CRAN Package Check Results for Package constrainedKriging

Last updated on 2014-07-22 15:51:48.

Flavor Version Tinstall Tcheck Ttotal Status Flags
r-devel-linux-x86_64-debian-clang 0.2.3 2.17 27.62 29.80 OK
r-devel-linux-x86_64-debian-gcc 0.2.3 2.23 27.02 29.26 OK
r-devel-linux-x86_64-fedora-clang 0.2.3 65.44 OK
r-devel-linux-x86_64-fedora-gcc 0.2.3 63.76 OK
r-devel-osx-x86_64-clang 0.2.3 71.59 OK
r-devel-windows-ix86+x86_64 0.2.3 8.00 54.00 62.00 OK
r-patched-linux-x86_64 0.2.3 2.15 27.41 29.56 OK
r-patched-solaris-sparc 0.2.3 337.40 OK
r-patched-solaris-x86 0.2.3 83.90 OK
r-release-linux-ix86 0.2.3 3.69 37.64 41.33 OK
r-release-linux-x86_64 0.2.3 2.47 27.76 30.22 OK
r-release-osx-x86_64-mavericks 0.2.3 ERROR
r-release-osx-x86_64-snowleopard 0.2.3 OK
r-release-windows-ix86+x86_64 0.2.3 8.00 57.00 65.00 OK
r-oldrel-windows-ix86+x86_64 0.2.3 9.00 53.00 62.00 OK

Check Details

Version: 0.2.3
Check: package dependencies
Result: ERROR
    Package required but not available: ‘rgeos’
    
    See the information on DESCRIPTION files in the chapter ‘Creating R
    packages’ of the ‘Writing R Extensions’ manual.
Flavor: r-release-osx-x86_64-mavericks