CRAN Package Check Results for Package constrainedKriging

Last updated on 2015-04-26 23:46:43.

Flavor Version Tinstall Tcheck Ttotal Status Flags
r-devel-linux-x86_64-debian-clang 0.2.3 1.94 24.36 26.30 NOTE
r-devel-linux-x86_64-debian-gcc 0.2.3 2.10 24.61 26.70 NOTE
r-devel-linux-x86_64-fedora-clang 0.2.3 51.05 NOTE
r-devel-linux-x86_64-fedora-gcc 0.2.3 48.74 NOTE
r-devel-osx-x86_64-clang 0.2.3 46.82 NOTE
r-devel-windows-ix86+x86_64 0.2.3 8.00 47.00 55.00 NOTE
r-patched-linux-x86_64 0.2.3 2.04 23.79 25.83 NOTE
r-patched-solaris-sparc 0.2.3 375.70 NOTE
r-patched-solaris-x86 0.2.3 70.40 NOTE
r-release-linux-x86_64 0.2.3 1.97 23.28 25.25 NOTE
r-release-osx-x86_64-mavericks 0.2.3 ERROR
r-release-osx-x86_64-snowleopard 0.2.3 ERROR
r-release-windows-ix86+x86_64 0.2.3 9.00 46.00 55.00 NOTE
r-oldrel-windows-ix86+x86_64 0.2.3 8.00 50.00 58.00 NOTE

Check Details

Version: 0.2.3
Check: S3 generic/method consistency
Result: NOTE
    Found the following apparent S3 methods exported but not registered:
     plot.preCKrigePolygons print.CKrige.exout.points
     print.CKrige.exout.polygons print.covmodel
     summary.CKrige.exout.points summary.CKrige.exout.polygons
     summary.preCKrigePolygons
    See section ‘Registering S3 methods’ in the ‘Writing R Extensions’
    manual.
Flavors: r-devel-linux-x86_64-debian-clang, r-devel-linux-x86_64-fedora-clang, r-devel-linux-x86_64-fedora-gcc, r-devel-osx-x86_64-clang, r-patched-solaris-x86

Version: 0.2.3
Check: R code for possible problems
Result: NOTE
    f.build.pixel: no visible global function definition for ‘bbox’
    f.p.in.poly : <anonymous>: no visible global function definition for
     ‘point.in.polygon’
    f.points.CKrige: no visible global function definition for
     ‘SpatialPointsDataFrame’
    f.points.CKrige: no visible global function definition for
     ‘SpatialPoints’
    f.polygons.CKrige: no visible global function definition for
     ‘SpatialPolygonsDataFrame’
    f.polygons.CKrige: no visible global function definition for
     ‘SpatialPolygons’
    f.polygons.preCKrige: no visible global function definition for
     ‘SpatialPolygons’
    plot.preCKrigePolygons : <anonymous>: no visible global function
     definition for ‘point.in.polygon’
    plot.preCKrigePolygons: no visible global function definition for
     ‘SpatialPolygons’
Flavors: r-devel-linux-x86_64-debian-clang, r-devel-linux-x86_64-fedora-clang, r-devel-linux-x86_64-fedora-gcc, r-devel-osx-x86_64-clang, r-devel-windows-ix86+x86_64, r-patched-solaris-sparc, r-patched-solaris-x86, r-release-windows-ix86+x86_64, r-oldrel-windows-ix86+x86_64

Version: 0.2.3
Check: package dependencies
Result: ERROR
    Package required but not available: ‘rgeos’
    
    See section ‘The DESCRIPTION file’ in the ‘Writing R Extensions’
    manual.
Flavor: r-release-osx-x86_64-mavericks

Version: 0.2.3
Check: package dependencies
Result: ERROR
    Package required but not available: ‘rgeos’
    
    Package suggested but not available for checking: ‘spdep’
    
    See section ‘The DESCRIPTION file’ in the ‘Writing R Extensions’
    manual.
Flavor: r-release-osx-x86_64-snowleopard