CRAN Package Check Results for Package constrainedKriging

Last updated on 2017-08-21 02:48:47.

Flavor Version Tinstall Tcheck Ttotal Status Flags
r-devel-linux-x86_64-debian-clang 0.2.4 2.30 27.45 29.75 NOTE
r-devel-linux-x86_64-debian-gcc 0.2.4 2.43 27.19 29.62 NOTE
r-devel-linux-x86_64-fedora-clang 0.2.4 52.76 NOTE
r-devel-linux-x86_64-fedora-gcc 0.2.4 50.51 NOTE
r-devel-windows-ix86+x86_64 0.2.4 8.00 66.00 74.00 NOTE
r-patched-linux-x86_64 0.2.4 2.20 28.31 30.51 NOTE
r-patched-solaris-x86 0.2.4 71.10 NOTE
r-release-linux-x86_64 0.2.4 2.30 27.95 30.26 NOTE
r-release-windows-ix86+x86_64 0.2.4 13.00 60.00 73.00 NOTE
r-release-osx-x86_64 0.2.4 NOTE
r-oldrel-windows-ix86+x86_64 0.2.4 9.00 54.00 63.00 NOTE
r-oldrel-osx-x86_64 0.2.4 NOTE

Check Details

Version: 0.2.4
Check: R code for possible problems
Result: NOTE
    ck.colors: no visible global function definition for ‘hsv’
    f.pixconfig: no visible global function definition for ‘runif’
    f.points.CKrige: no visible global function definition for
     ‘model.matrix’
    f.points.CKrige: no visible global function definition for
     ‘model.response’
    f.points.CKrige: no visible global function definition for
     ‘model.frame’
    f.points.CKrige: no visible global function definition for ‘terms’
    f.points.CKrige: no visible global function definition for
     ‘delete.response’
    f.polygons.CKrige: no visible global function definition for
     ‘model.matrix’
    f.polygons.CKrige: no visible global function definition for
     ‘model.response’
    f.polygons.CKrige: no visible global function definition for
     ‘model.frame’
    f.polygons.CKrige: no visible global function definition for ‘terms’
    f.polygons.CKrige: no visible global function definition for
     ‘delete.response’
    gpc.copyright: no visible global function definition for ‘RShowDoc’
    plot.preCKrigePolygons: no visible global function definition for ‘par’
    plot.preCKrigePolygons: no visible global function definition for
     ‘plot’
    plot.preCKrigePolygons: no visible global function definition for
     ‘title’
    plot.preCKrigePolygons : <anonymous>: no visible global function
     definition for ‘rect’
    plot.preCKrigePolygons : <anonymous>: no visible global function
     definition for ‘polygon’
    plot.preCKrigePolygons: no visible global function definition for
     ‘text’
    plot.preCKrigePolygons: no visible global function definition for
     ‘points’
    print.preCKrigePoints: no visible global function definition for ‘sd’
    print.preCKrigePolygons: no visible global function definition for ‘sd’
    summary.preCKrigePoints: no visible global function definition for ‘sd’
    summary.preCKrigePoints: no visible global function definition for
     ‘str’
    summary.preCKrigePolygons: no visible global function definition for
     ‘sd’
    summary.preCKrigePolygons: no visible global function definition for
     ‘str’
    show,preCKrigePoints: no visible global function definition for ‘sd’
    show,preCKrigePolygons: no visible global function definition for ‘sd’
    summary,preCKrigePoints: no visible global function definition for ‘sd’
    summary,preCKrigePoints: no visible global function definition for
     ‘str’
    summary,preCKrigePolygons: no visible global function definition for
     ‘sd’
    summary,preCKrigePolygons: no visible global function definition for
     ‘str’
    Undefined global functions or variables:
     RShowDoc delete.response hsv model.frame model.matrix model.response
     par plot points polygon rect runif sd str terms text title
    Consider adding
     importFrom("grDevices", "hsv")
     importFrom("graphics", "par", "plot", "points", "polygon", "rect",
     "text", "title")
     importFrom("stats", "delete.response", "model.frame", "model.matrix",
     "model.response", "runif", "sd", "terms")
     importFrom("utils", "RShowDoc", "str")
    to your NAMESPACE file.
Flavors: r-devel-linux-x86_64-debian-clang, r-devel-linux-x86_64-debian-gcc, r-devel-linux-x86_64-fedora-clang, r-devel-linux-x86_64-fedora-gcc, r-devel-windows-ix86+x86_64, r-patched-linux-x86_64, r-patched-solaris-x86, r-release-linux-x86_64, r-release-windows-ix86+x86_64, r-release-osx-x86_64, r-oldrel-windows-ix86+x86_64, r-oldrel-osx-x86_64

Version: 0.2.4
Check: compiled code
Result: NOTE
    File ‘constrainedKriging/libs/constrainedKriging.so’:
     Found no calls to: ‘R_registerRoutines’, ‘R_useDynamicSymbols’
    
    It is good practice to register native routines and to disable symbol
    search.
    
    See ‘Writing portable packages’ in the ‘Writing R Extensions’ manual.
Flavors: r-devel-linux-x86_64-debian-clang, r-devel-linux-x86_64-debian-gcc, r-devel-linux-x86_64-fedora-clang, r-devel-linux-x86_64-fedora-gcc, r-patched-linux-x86_64, r-release-linux-x86_64