CRAN Package Check Results for Package constrainedKriging

Last updated on 2014-10-30 16:48:16.

Flavor Version Tinstall Tcheck Ttotal Status Flags
r-devel-linux-x86_64-debian-clang 0.2.3 4.13 46.14 50.27 NOTE
r-devel-linux-x86_64-debian-gcc 0.2.3 4.07 44.55 48.62 NOTE
r-devel-linux-x86_64-fedora-clang 0.2.3 102.92 NOTE
r-devel-linux-x86_64-fedora-gcc 0.2.3 98.76 NOTE
r-devel-osx-x86_64-clang 0.2.3 94.97 NOTE
r-devel-windows-ix86+x86_64 0.2.3 19.00 172.00 191.00 NOTE
r-patched-linux-x86_64 0.2.3 4.44 46.31 50.75 NOTE
r-patched-solaris-sparc 0.2.3 585.90 NOTE
r-patched-solaris-x86 0.2.3 139.80 NOTE
r-release-linux-ix86 0.2.3 5.64 62.02 67.66 OK
r-release-linux-x86_64 0.2.3 4.23 49.80 54.03 OK
r-release-osx-x86_64-mavericks 0.2.3 ERROR
r-release-osx-x86_64-snowleopard 0.2.3 OK
r-release-windows-ix86+x86_64 0.2.3 24.00 111.00 135.00 OK
r-oldrel-windows-ix86+x86_64 0.2.3 22.00 109.00 131.00 OK

Check Details

Version: 0.2.3
Check: R code for possible problems
Result: NOTE
    f.build.pixel: no visible global function definition for ‘bbox’
    f.p.in.poly : <anonymous>: no visible global function definition for
     ‘point.in.polygon’
    f.points.CKrige: no visible global function definition for
     ‘SpatialPointsDataFrame’
    f.points.CKrige: no visible global function definition for
     ‘SpatialPoints’
    f.polygons.CKrige: no visible global function definition for
     ‘SpatialPolygonsDataFrame’
    f.polygons.CKrige: no visible global function definition for
     ‘SpatialPolygons’
    f.polygons.preCKrige: no visible global function definition for
     ‘SpatialPolygons’
    plot.preCKrigePolygons : <anonymous>: no visible global function
     definition for ‘point.in.polygon’
    plot.preCKrigePolygons: no visible global function definition for
     ‘SpatialPolygons’
Flavors: r-devel-linux-x86_64-debian-clang, r-devel-linux-x86_64-debian-gcc, r-devel-linux-x86_64-fedora-clang, r-devel-linux-x86_64-fedora-gcc, r-devel-osx-x86_64-clang, r-devel-windows-ix86+x86_64, r-patched-linux-x86_64, r-patched-solaris-sparc, r-patched-solaris-x86

Version: 0.2.3
Check: package dependencies
Result: ERROR
    Package required but not available: ‘rgeos’
    
    See the information on DESCRIPTION files in the chapter ‘Creating R
    packages’ of the ‘Writing R Extensions’ manual.
Flavor: r-release-osx-x86_64-mavericks