CRAN Package Check Results for Package constrainedKriging

Last updated on 2014-11-25 23:46:43.

Flavor Version Tinstall Tcheck Ttotal Status Flags
r-devel-linux-x86_64-debian-clang 0.2.3 4.06 46.45 50.50 NOTE
r-devel-linux-x86_64-debian-gcc 0.2.3 4.13 43.68 47.82 NOTE
r-devel-linux-x86_64-fedora-clang 0.2.3 104.99 NOTE
r-devel-linux-x86_64-fedora-gcc 0.2.3 96.26 NOTE
r-devel-osx-x86_64-clang 0.2.3 97.70 NOTE
r-devel-windows-ix86+x86_64 0.2.3 18.00 102.00 120.00 NOTE
r-patched-linux-x86_64 0.2.3 4.16 45.97 50.14 NOTE
r-patched-solaris-sparc 0.2.3 585.90 NOTE
r-patched-solaris-x86 0.2.3 140.80 NOTE
r-release-linux-ix86 0.2.3 5.11 57.32 62.43 NOTE
r-release-linux-x86_64 0.2.3 4.19 46.33 50.52 NOTE
r-release-osx-x86_64-mavericks 0.2.3 ERROR
r-release-osx-x86_64-snowleopard 0.2.3 OK
r-release-windows-ix86+x86_64 0.2.3 20.00 101.00 121.00 NOTE
r-oldrel-windows-ix86+x86_64 0.2.3 19.00 105.00 124.00 OK

Check Details

Version: 0.2.3
Check: R code for possible problems
Result: NOTE
    f.build.pixel: no visible global function definition for ‘bbox’
    f.p.in.poly : <anonymous>: no visible global function definition for
     ‘point.in.polygon’
    f.points.CKrige: no visible global function definition for
     ‘SpatialPointsDataFrame’
    f.points.CKrige: no visible global function definition for
     ‘SpatialPoints’
    f.polygons.CKrige: no visible global function definition for
     ‘SpatialPolygonsDataFrame’
    f.polygons.CKrige: no visible global function definition for
     ‘SpatialPolygons’
    f.polygons.preCKrige: no visible global function definition for
     ‘SpatialPolygons’
    plot.preCKrigePolygons : <anonymous>: no visible global function
     definition for ‘point.in.polygon’
    plot.preCKrigePolygons: no visible global function definition for
     ‘SpatialPolygons’
Flavors: r-devel-linux-x86_64-debian-clang, r-devel-linux-x86_64-debian-gcc, r-devel-linux-x86_64-fedora-clang, r-devel-linux-x86_64-fedora-gcc, r-devel-osx-x86_64-clang, r-devel-windows-ix86+x86_64, r-patched-linux-x86_64, r-patched-solaris-sparc, r-patched-solaris-x86, r-release-linux-ix86, r-release-linux-x86_64, r-release-windows-ix86+x86_64

Version: 0.2.3
Check: package dependencies
Result: ERROR
    Package required but not available: ‘rgeos’
    
    See the information on DESCRIPTION files in the chapter ‘Creating R
    packages’ of the ‘Writing R Extensions’ manual.
Flavor: r-release-osx-x86_64-mavericks