CRAN Package Check Results for Package conting

Last updated on 2015-05-03 11:47:32.

Flavor Version Tinstall Tcheck Ttotal Status Flags
r-devel-linux-x86_64-debian-clang 1.5 1.19 25.68 26.87 OK
r-devel-linux-x86_64-debian-gcc 1.5 1.10 22.70 23.80 OK
r-devel-linux-x86_64-fedora-clang 1.5 47.25 OK
r-devel-linux-x86_64-fedora-gcc 1.5 44.72 OK
r-devel-osx-x86_64-clang 1.5 44.54 OK
r-devel-windows-ix86+x86_64 1.5 4.00 39.00 43.00 OK
r-patched-linux-x86_64 1.5 1.54 22.92 24.46 OK
r-patched-solaris-sparc 1.5 284.10 OK
r-patched-solaris-x86 1.5 60.40 OK
r-release-linux-x86_64 1.5 1.41 23.32 24.73 OK
r-release-osx-x86_64-mavericks 1.5 OK
r-release-osx-x86_64-snowleopard 1.5 ERROR
r-release-windows-ix86+x86_64 1.5 5.00 37.00 42.00 OK
r-oldrel-windows-ix86+x86_64 1.5 6.00 46.00 52.00 OK

Check Details

Version: 1.5
Check: package dependencies
Result: ERROR
    Package required but not available: ‘tseries’
    
    See section ‘The DESCRIPTION file’ in the ‘Writing R Extensions’
    manual.
Flavor: r-release-osx-x86_64-snowleopard