CRAN Package Check Results for Package conting

Last updated on 2015-08-03 16:48:09.

Flavor Version Tinstall Tcheck Ttotal Status Flags
r-devel-linux-x86_64-debian-clang 1.5 1.20 23.62 24.82 NOTE
r-devel-linux-x86_64-debian-gcc 1.5 1.11 22.73 23.84 NOTE
r-devel-linux-x86_64-fedora-clang 1.5 46.83 NOTE
r-devel-linux-x86_64-fedora-gcc 1.5 44.03 NOTE
r-devel-osx-x86_64-clang 1.5 42.75 OK
r-devel-windows-ix86+x86_64 1.5 4.00 40.00 44.00 NOTE
r-patched-linux-x86_64 1.5 1.10 23.06 24.16 OK
r-patched-solaris-sparc 1.5 292.50 OK
r-patched-solaris-x86 1.5 60.60 OK
r-release-linux-x86_64 1.5 1.18 22.77 23.94 OK
r-release-osx-x86_64-mavericks 1.5 OK
r-release-windows-ix86+x86_64 1.5 8.00 40.00 48.00 OK
r-oldrel-windows-ix86+x86_64 1.5 11.00 56.00 67.00 OK

Check Details

Version: 1.5
Check: R code for possible problems
Result: NOTE
    RJ_update: no visible global function definition for ‘runif’
    bayespval: no visible global function definition for ‘rpois’
    bayespval: no visible global function definition for ‘dpois’
    bcct: no visible global function definition for ‘glm’
    bcct: no visible binding for global variable ‘poisson’
    bcct: no visible global function definition for ‘read.table’
    bcct.fit: no visible global function definition for ‘txtProgressBar’
    bcct.fit: no visible global function definition for ‘rgamma’
    bcct.fit: no visible global function definition for ‘setTxtProgressBar’
    bcct.fit: no visible global function definition for ‘write.table’
    bcctu: no visible global function definition for ‘write.table’
    bcctu: no visible global function definition for ‘read.table’
    beta_mode: no visible global function definition for ‘coef’
    beta_mode: no visible global function definition for ‘lm’
    beta_mode : loglik: no visible global function definition for ‘dpois’
    beta_mode: no visible global function definition for ‘nlminb’
    bict: no visible global function definition for ‘glm’
    bict: no visible binding for global variable ‘na.pass’
    bict: no visible binding for global variable ‘poisson’
    bict: no visible global function definition for ‘read.table’
    bict.fit: no visible global function definition for ‘txtProgressBar’
    bict.fit: no visible global function definition for ‘rgamma’
    bict.fit: no visible global function definition for ‘rpois’
    bict.fit: no visible global function definition for ‘dpois’
    bict.fit: no visible global function definition for ‘setTxtProgressBar’
    bict.fit: no visible global function definition for ‘write.table’
    bictu: no visible global function definition for ‘write.table’
    bictu: no visible global function definition for ‘read.table’
    find_cens: no visible global function definition for ‘model.frame’
    formula2index: no visible global function definition for ‘model.matrix’
    index2formula: no visible global function definition for ‘as.formula’
    inter_stats: no visible binding for global variable ‘var’
    iwls_mh: no visible global function definition for ‘runif’
    plot.pval: no visible global function definition for ‘plot’
    plot.pval: no visible global function definition for ‘points’
    plot.pval: no visible global function definition for ‘abline’
    plot.pval: no visible global function definition for ‘legend’
    plot.totpop: no visible global function definition for ‘hist’
    prop_mod: no visible global function definition for ‘runif’
    sub_model: no visible global function definition for ‘rpois’
    sub_model: no visible global function definition for ‘dpois’
    sub_model: no visible binding for global variable ‘var’
    Undefined global functions or variables:
     abline as.formula coef dpois glm hist legend lm model.frame
     model.matrix na.pass nlminb plot points poisson read.table rgamma
     rpois runif setTxtProgressBar txtProgressBar var write.table
    Consider adding
     importFrom("graphics", "abline", "hist", "legend", "plot", "points")
     importFrom("stats", "as.formula", "coef", "dpois", "glm", "lm",
     "model.frame", "model.matrix", "na.pass", "nlminb",
     "poisson", "rgamma", "rpois", "runif", "var")
     importFrom("utils", "read.table", "setTxtProgressBar",
     "txtProgressBar", "write.table")
    to your NAMESPACE.
Flavors: r-devel-linux-x86_64-debian-clang, r-devel-linux-x86_64-debian-gcc, r-devel-linux-x86_64-fedora-clang, r-devel-linux-x86_64-fedora-gcc, r-devel-windows-ix86+x86_64