CRAN Package Check Results for Package conting

Last updated on 2015-01-25 17:47:59.

Flavor Version Tinstall Tcheck Ttotal Status Flags
r-devel-linux-x86_64-debian-clang 1.4 1.40 27.15 28.55 OK
r-devel-linux-x86_64-debian-gcc 1.4 1.35 27.12 28.47 OK
r-devel-linux-x86_64-fedora-clang 1.4 60.53 NOTE
r-devel-linux-x86_64-fedora-gcc 1.4 54.88 NOTE
r-devel-osx-x86_64-clang 1.4 53.07 NOTE
r-devel-windows-ix86+x86_64 1.4 6.00 46.00 52.00 OK
r-patched-linux-x86_64 1.4 1.48 28.32 29.80 OK
r-patched-solaris-sparc 1.4 349.20 OK
r-patched-solaris-x86 1.4 73.60 OK
r-release-linux-ix86 1.4 1.90 35.47 37.37 OK
r-release-linux-x86_64 1.4 1.49 28.02 29.50 OK
r-release-osx-x86_64-mavericks 1.4 OK
r-release-osx-x86_64-snowleopard 1.4 OK
r-release-windows-ix86+x86_64 1.4 7.00 49.00 56.00 OK
r-oldrel-windows-ix86+x86_64 1.4 6.00 43.00 49.00 OK

Check Details

Version: 1.4
Check: S3 generic/method consistency
Result: NOTE
    Found the following apparent S3 methods exported but not registered:
     print.acceptrate print.bcct print.bict print.interprob
     print.interstat print.modprobs print.pval print.sbcct print.sbict
     print.submod print.totpop summary.bcct summary.bict plot.pval
     plot.totpop
    See section ‘Registering S3 methods’ in the ‘Writing R Extensions’
    manual.
Flavors: r-devel-linux-x86_64-fedora-clang, r-devel-linux-x86_64-fedora-gcc, r-devel-osx-x86_64-clang