CRAN Package Check Results for Package conting

Last updated on 2015-03-05 12:47:55.

Flavor Version Tinstall Tcheck Ttotal Status Flags
r-devel-linux-x86_64-debian-clang 1.4 1.12 23.32 24.45 NOTE
r-devel-linux-x86_64-debian-gcc 1.4 1.64 22.74 24.37 NOTE
r-devel-linux-x86_64-fedora-clang 1.4 46.32 NOTE
r-devel-linux-x86_64-fedora-gcc 1.4 44.10 NOTE
r-devel-osx-x86_64-clang 1.4 47.26 NOTE
r-devel-windows-ix86+x86_64 1.4 4.00 36.00 40.00 OK
r-patched-linux-x86_64 1.4 1.46 28.80 30.26 OK
r-patched-solaris-sparc 1.4 365.40 OK
r-patched-solaris-x86 1.4 73.10 OK
r-release-linux-ix86 1.4 1.85 37.26 39.12 OK
r-release-linux-x86_64 1.4 1.74 28.95 30.68 OK
r-release-osx-x86_64-mavericks 1.4 OK
r-release-osx-x86_64-snowleopard 1.4 OK
r-release-windows-ix86+x86_64 1.4 6.00 47.00 53.00 OK
r-oldrel-windows-ix86+x86_64 1.4 7.00 47.00 54.00 OK

Check Details

Version: 1.4
Check: S3 generic/method consistency
Result: NOTE
    Found the following apparent S3 methods exported but not registered:
     plot.pval plot.totpop print.acceptrate print.bcct print.bict
     print.interprob print.interstat print.modprobs print.pval print.sbcct
     print.sbict print.submod print.totpop summary.bcct summary.bict
    See section ‘Registering S3 methods’ in the ‘Writing R Extensions’
    manual.
Flavors: r-devel-linux-x86_64-debian-clang, r-devel-linux-x86_64-debian-gcc, r-devel-linux-x86_64-fedora-clang, r-devel-linux-x86_64-fedora-gcc, r-devel-osx-x86_64-clang