CRAN Package Check Results for Package conting

Last updated on 2015-06-30 04:46:28.

Flavor Version Tinstall Tcheck Ttotal Status Flags
r-devel-linux-x86_64-debian-clang 1.5 1.57 22.38 23.96 NOTE
r-devel-linux-x86_64-debian-gcc 1.5 1.06 22.06 23.12 NOTE
r-devel-linux-x86_64-fedora-clang 1.5 46.24 OK
r-devel-linux-x86_64-fedora-gcc 1.5 42.75 OK
r-devel-osx-x86_64-clang 1.5 43.51 OK
r-devel-windows-ix86+x86_64 1.5 7.00 37.00 44.00 NOTE
r-patched-linux-x86_64 1.5 1.11 22.55 23.66 OK
r-patched-solaris-sparc 1.5 286.90 OK
r-patched-solaris-x86 1.5 60.20 OK
r-release-linux-x86_64 1.5 1.10 22.68 23.78 OK
r-release-osx-x86_64-mavericks 1.5 OK
r-release-windows-ix86+x86_64 1.5 7.00 38.00 45.00 OK
r-oldrel-windows-ix86+x86_64 1.5 7.00 53.00 60.00 OK

Check Details

Version: 1.5
Check: R code for possible problems
Result: NOTE
    RJ_update: no visible global function definition for ‘runif’
    bayespval: no visible global function definition for ‘rpois’
    bayespval: no visible global function definition for ‘dpois’
    bcct: no visible global function definition for ‘glm’
    bcct: no visible binding for global variable ‘poisson’
    bcct: no visible global function definition for ‘read.table’
    bcct.fit: no visible global function definition for ‘txtProgressBar’
    bcct.fit: no visible global function definition for ‘rgamma’
    bcct.fit: no visible global function definition for ‘setTxtProgressBar’
    bcct.fit: no visible global function definition for ‘write.table’
    bcctu: no visible global function definition for ‘write.table’
    bcctu: no visible global function definition for ‘read.table’
    beta_mode: no visible global function definition for ‘coef’
    beta_mode: no visible global function definition for ‘lm’
    beta_mode : loglik: no visible global function definition for ‘dpois’
    beta_mode: no visible global function definition for ‘nlminb’
    bict: no visible global function definition for ‘glm’
    bict: no visible binding for global variable ‘na.pass’
    bict: no visible binding for global variable ‘poisson’
    bict: no visible global function definition for ‘read.table’
    bict.fit: no visible global function definition for ‘txtProgressBar’
    bict.fit: no visible global function definition for ‘rgamma’
    bict.fit: no visible global function definition for ‘rpois’
    bict.fit: no visible global function definition for ‘dpois’
    bict.fit: no visible global function definition for ‘setTxtProgressBar’
    bict.fit: no visible global function definition for ‘write.table’
    bictu: no visible global function definition for ‘write.table’
    bictu: no visible global function definition for ‘read.table’
    find_cens: no visible global function definition for ‘model.frame’
    formula2index: no visible global function definition for ‘model.matrix’
    index2formula: no visible global function definition for ‘as.formula’
    inter_stats: no visible binding for global variable ‘var’
    iwls_mh: no visible global function definition for ‘runif’
    plot.pval: no visible global function definition for ‘plot’
    plot.pval: no visible global function definition for ‘points’
    plot.pval: no visible global function definition for ‘abline’
    plot.pval: no visible global function definition for ‘legend’
    plot.totpop: no visible global function definition for ‘hist’
    prop_mod: no visible global function definition for ‘runif’
    sub_model: no visible global function definition for ‘rpois’
    sub_model: no visible global function definition for ‘dpois’
    sub_model: no visible binding for global variable ‘var’
Flavors: r-devel-linux-x86_64-debian-clang, r-devel-linux-x86_64-debian-gcc, r-devel-windows-ix86+x86_64