CRAN Package Check Results for Package conting

Last updated on 2014-04-24 15:50:35.

Flavor Version Tinstall Tcheck Ttotal Status Flags
r-devel-linux-x86_64-debian-clang 1.1 1.99 35.95 37.94 NOTE
r-devel-linux-x86_64-debian-gcc 1.1 2.11 36.18 38.29 NOTE
r-devel-linux-x86_64-fedora-clang 1.1 75.68 NOTE
r-devel-linux-x86_64-fedora-gcc 1.1 71.63 NOTE
r-devel-osx-x86_64-clang 1.1 66.02 NOTE
r-devel-osx-x86_64-gcc 1.1 ERROR
r-devel-windows-ix86+x86_64 1.1 8.00 56.00 64.00 NOTE
r-patched-linux-x86_64 1.1 1.97 37.47 39.44 NOTE
r-patched-solaris-sparc 1.1 394.80 NOTE
r-patched-solaris-x86 1.1 87.90 NOTE
r-release-linux-ix86 1.1 3.00 62.00 65.00 NOTE
r-release-linux-x86_64 1.1 2.42 36.82 39.23 NOTE
r-release-osx-x86_64-mavericks 1.1 WARN
r-release-osx-x86_64-snowleopard 1.1 OK
r-release-windows-ix86+x86_64 1.1 9.00 55.00 64.00 NOTE
r-oldrel-windows-ix86+x86_64 1.1 10.00 62.00 72.00 NOTE

Check Details

Version: 1.1
Check: dependencies in R code
Result: NOTE
    Packages in Depends field not imported from:
     ‘BMS’ ‘coda’ ‘gregmisc’ ‘mvtnorm’ ‘tseries’
     These packages need to be imported from (in the NAMESPACE file)
     for when this namespace is loaded but not attached.
    See the information on DESCRIPTION files in the chapter ‘Creating R
    packages’ of the ‘Writing R Extensions’ manual.
Flavors: r-devel-linux-x86_64-debian-clang, r-devel-linux-x86_64-debian-gcc, r-devel-linux-x86_64-fedora-clang, r-devel-linux-x86_64-fedora-gcc, r-devel-osx-x86_64-clang, r-devel-windows-ix86+x86_64, r-patched-linux-x86_64, r-patched-solaris-sparc, r-patched-solaris-x86, r-release-linux-ix86, r-release-linux-x86_64, r-release-osx-x86_64-mavericks, r-release-windows-ix86+x86_64, r-oldrel-windows-ix86+x86_64

Version: 1.1
Check: package dependencies
Result: ERROR
    Package required but not available: ‘tseries’
    
    See the information on DESCRIPTION files in the chapter ‘Creating R
    packages’ of the ‘Writing R Extensions’ manual.
Flavor: r-devel-osx-x86_64-gcc

Version: 1.1
Check: PDF version of manual
Result: WARNING
    LaTeX errors when creating PDF version.
    This typically indicates Rd problems.
    LaTeX errors found:
    ! LaTeX Error: File `upquote.sty' not found.
    
    Type X to quit or <RETURN> to proceed,
    or enter new name. (Default extension: sty)
    
    bcaf63/Rd2.tex:8: ==> Fatal error occurred, no output PDF file produced!
Flavor: r-release-osx-x86_64-mavericks