CRAN Package Check Results for Package contoureR

Last updated on 2019-12-09 12:50:40 CET.

Flavor Version Tinstall Tcheck Ttotal Status Flags
r-devel-linux-x86_64-debian-clang 1.0.5 38.44 30.04 68.48 OK
r-devel-linux-x86_64-debian-gcc 1.0.5 21.11 23.96 45.07 OK
r-devel-linux-x86_64-fedora-clang 1.0.5 88.38 NOTE
r-devel-linux-x86_64-fedora-gcc 1.0.5 84.22 NOTE
r-devel-windows-ix86+x86_64 1.0.5 66.00 99.00 165.00 OK
r-devel-windows-ix86+x86_64-gcc8 1.0.5 75.00 72.00 147.00 OK
r-patched-linux-x86_64 1.0.5 23.19 27.73 50.92 OK
r-patched-solaris-x86 1.0.5 87.90 OK
r-release-linux-x86_64 1.0.5 26.38 27.83 54.21 OK
r-release-windows-ix86+x86_64 1.0.5 61.00 64.00 125.00 OK
r-release-osx-x86_64 1.0.5 OK
r-oldrel-windows-ix86+x86_64 1.0.5 61.00 57.00 118.00 OK
r-oldrel-osx-x86_64 1.0.5 OK

Check Details

Version: 1.0.5
Check: compiled code
Result: NOTE
    File ‘contoureR/libs/contoureR.so’:
     Found no calls to: ‘R_registerRoutines’, ‘R_useDynamicSymbols’
    
    It is good practice to register native routines and to disable symbol
    search.
    
    See ‘Writing portable packages’ in the ‘Writing R Extensions’ manual.
Flavors: r-devel-linux-x86_64-fedora-clang, r-devel-linux-x86_64-fedora-gcc