CRAN Package Check Results for Package contoureR

Last updated on 2020-07-13 12:48:44 CEST.

Flavor Version Tinstall Tcheck Ttotal Status Flags
r-devel-linux-x86_64-debian-clang 1.0.5 38.75 30.23 68.98 OK
r-devel-linux-x86_64-debian-gcc 1.0.5 27.41 24.01 51.42 OK
r-devel-linux-x86_64-fedora-clang 1.0.5 102.62 NOTE
r-devel-linux-x86_64-fedora-gcc 1.0.5 87.32 NOTE
r-devel-windows-ix86+x86_64 1.0.5 88.00 91.00 179.00 OK
r-patched-linux-x86_64 1.0.5 26.68 29.77 56.45 OK
r-patched-solaris-x86 1.0.5 91.30 OK
r-release-linux-x86_64 1.0.5 29.62 29.91 59.53 OK
r-release-macos-x86_64 1.0.5 ERROR
r-release-windows-ix86+x86_64 1.0.5 91.00 74.00 165.00 OK
r-oldrel-macos-x86_64 1.0.5 OK
r-oldrel-windows-ix86+x86_64 1.0.5 97.00 71.00 168.00 OK

Check Details

Version: 1.0.5
Check: compiled code
Result: NOTE
    File ‘contoureR/libs/contoureR.so’:
     Found no calls to: ‘R_registerRoutines’, ‘R_useDynamicSymbols’
    
    It is good practice to register native routines and to disable symbol
    search.
    
    See ‘Writing portable packages’ in the ‘Writing R Extensions’ manual.
Flavors: r-devel-linux-x86_64-fedora-clang, r-devel-linux-x86_64-fedora-gcc

Version: 1.0.5
Check: whether package can be installed
Result: ERROR
    Installation failed.
Flavor: r-release-macos-x86_64