CRAN Package Check Results for Package contrast

Last updated on 2017-02-20 17:48:48.

Flavor Version Tinstall Tcheck Ttotal Status Flags
r-devel-linux-x86_64-debian-clang 0.21 3.86 52.31 56.18 OK
r-devel-linux-x86_64-debian-gcc 0.21 4.16 53.92 58.08 OK
r-devel-linux-x86_64-fedora-clang 0.21 121.42 NOTE --no-stop-on-test-error
r-devel-linux-x86_64-fedora-gcc 0.21 119.99 NOTE --no-stop-on-test-error
r-devel-macos-x86_64-clang 93.67 NOTE --no-stop-on-test-error
r-devel-windows-ix86+x86_64 0.21 26.00 150.00 176.00 OK
r-patched-linux-x86_64 0.21 3.92 46.42 50.34 OK
r-patched-solaris-sparc 0.21 619.40 NOTE
r-patched-solaris-x86 0.21 135.10 NOTE
r-release-linux-x86_64 0.21 3.86 45.86 49.72 OK
r-release-osx-x86_64-mavericks 0.21 NOTE
r-release-windows-ix86+x86_64 0.21 12.00 82.00 94.00 OK
r-oldrel-windows-ix86+x86_64 0.21 15.00 105.00 120.00 NOTE

Check Details

Version: 0.21
Flags: --no-stop-on-test-error
Check: dependencies in R code
Result: NOTE
    Namespaces in Imports field not imported from:
     ‘Hmisc’ ‘MASS’ ‘geepack’
     All declared Imports should be used.
Flavors: r-devel-linux-x86_64-fedora-clang, r-devel-linux-x86_64-fedora-gcc, r-devel-macos-x86_64-clang

Version: 0.21
Check: dependencies in R code
Result: NOTE
    Namespaces in Imports field not imported from:
     ‘Hmisc’ ‘MASS’ ‘geepack’
     All declared Imports should be used.
Flavors: r-patched-solaris-sparc, r-patched-solaris-x86, r-release-osx-x86_64-mavericks, r-oldrel-windows-ix86+x86_64