CRAN Package Check Results for Package contrast

Last updated on 2017-06-27 15:48:37.

Flavor Version Tinstall Tcheck Ttotal Status Flags
r-devel-linux-x86_64-debian-clang 0.21 4.10 52.78 56.88 OK
r-devel-linux-x86_64-debian-gcc 0.21 3.92 51.69 55.61 OK
r-devel-linux-x86_64-fedora-clang 0.21 122.18 NOTE
r-devel-linux-x86_64-fedora-gcc 0.21 118.91 NOTE
r-devel-windows-ix86+x86_64 0.21 19.00 98.00 117.00 OK
r-patched-linux-x86_64 0.21 3.98 52.58 56.57 OK
r-patched-solaris-sparc 0.21 691.80 NOTE
r-patched-solaris-x86 0.21 162.90 NOTE
r-release-linux-x86_64 0.21 3.98 53.15 57.14 OK
r-release-windows-ix86+x86_64 0.21 13.00 148.00 161.00 OK
r-release-osx-x86_64 0.21 NOTE
r-oldrel-windows-ix86+x86_64 0.21 19.00 137.00 156.00 OK
r-oldrel-osx-x86_64 0.21 NOTE

Check Details

Version: 0.21
Check: dependencies in R code
Result: NOTE
    Namespaces in Imports field not imported from:
     ‘Hmisc’ ‘MASS’ ‘geepack’
     All declared Imports should be used.
Flavors: r-devel-linux-x86_64-fedora-clang, r-devel-linux-x86_64-fedora-gcc, r-patched-solaris-sparc, r-patched-solaris-x86, r-release-osx-x86_64, r-oldrel-osx-x86_64

Version: 0.21
Check: re-building of vignette outputs
Result: NOTE
    Error in re-building vignettes:
     ...
    
    Loading required package: SparseM
    
    Attaching package: ‘SparseM’
    
    The following object is masked from ‘package:base’:
    
     backsolve
    
    Error in texi2dvi(file = file, pdf = TRUE, clean = clean, quiet = quiet, :
     Running 'texi2dvi' on 'contrast.tex' failed.
    LaTeX errors:
    ! LaTeX Error: File `lastpage.sty' not found.
    
    Type X to quit or <RETURN> to proceed,
    or enter new name. (Default extension: sty)
    
    ! Emergency stop.
    <read *>
    
    l.13 \usepackage
     {algorithm2e}^^M
    ! ==> Fatal error occurred, no output PDF file produced!
    Calls: buildVignettes -> texi2pdf -> texi2dvi
    Execution halted
Flavor: r-release-osx-x86_64