CRAN Package Check Results for Package contrast

Last updated on 2015-08-04 16:48:22.

Flavor Version Tinstall Tcheck Ttotal Status Flags
r-devel-linux-x86_64-debian-clang 0.19 1.95 27.82 29.78 NOTE
r-devel-linux-x86_64-debian-gcc 0.19 1.78 26.28 28.07 NOTE
r-devel-linux-x86_64-fedora-clang 0.19 60.57 NOTE
r-devel-linux-x86_64-fedora-gcc 0.19 57.52 NOTE
r-devel-osx-x86_64-clang 0.19 54.74 NOTE
r-devel-windows-ix86+x86_64 0.19 15.00 49.00 64.00 NOTE
r-patched-linux-x86_64 0.19 2.36 27.56 29.91 NOTE
r-patched-solaris-sparc 0.19 366.10 NOTE
r-patched-solaris-x86 0.19 85.50 NOTE
r-release-linux-x86_64 0.19 1.83 27.76 29.59 NOTE
r-release-osx-x86_64-mavericks 0.19 NOTE
r-release-windows-ix86+x86_64 0.19 13.00 52.00 65.00 NOTE
r-oldrel-windows-ix86+x86_64 0.19 19.00 102.00 121.00 NOTE

Check Details

Version: 0.19
Check: dependencies in R code
Result: NOTE
    'library' or 'require' calls in package code:
     ‘geepack’ ‘nlme’ ‘sandwich’
     Please use :: or requireNamespace() instead.
     See section 'Suggested packages' in the 'Writing R Extensions' manual.
Flavors: r-devel-linux-x86_64-debian-clang, r-devel-linux-x86_64-debian-gcc, r-devel-linux-x86_64-fedora-clang, r-devel-linux-x86_64-fedora-gcc, r-devel-osx-x86_64-clang, r-devel-windows-ix86+x86_64, r-patched-linux-x86_64, r-patched-solaris-sparc, r-patched-solaris-x86, r-release-linux-x86_64, r-release-osx-x86_64-mavericks, r-release-windows-ix86+x86_64, r-oldrel-windows-ix86+x86_64

Version: 0.19
Check: R code for possible problems
Result: NOTE
    contrastCalc: no visible global function definition for ‘vcovHC’
    getCoefficients.lme: no visible global function definition for ‘fixef’
    model.frame.gls: no visible global function definition for
     ‘getGroupsFormula’
    model.frame.gls: no visible global function definition for ‘glsStruct’
    model.frame.gls: no visible global function definition for ‘varFunc’
    model.frame.gls: no visible global function definition for
     ‘asOneFormula’
    model.frame.gls: no visible global function definition for ‘getGroups’
    model.frame.lme: no visible global function definition for ‘pdSymm’
    model.frame.lme: no visible global function definition for ‘reStruct’
    model.frame.lme: no visible global function definition for
     ‘getGroupsFormula’
    model.frame.lme: no visible global function definition for
     ‘splitFormula’
    model.frame.lme: no visible global function definition for
     ‘getCovariateFormula’
    model.frame.lme: no visible global function definition for ‘lmeStruct’
    model.frame.lme: no visible global function definition for ‘varFunc’
    model.frame.lme: no visible global function definition for
     ‘asOneFormula’
    model.frame.lme: no visible global function definition for ‘getGroups’
    Undefined global functions or variables:
     asOneFormula fixef getCovariateFormula getGroups getGroupsFormula
     glsStruct lmeStruct pdSymm reStruct splitFormula varFunc vcovHC
Flavors: r-devel-linux-x86_64-debian-clang, r-devel-linux-x86_64-debian-gcc, r-devel-linux-x86_64-fedora-clang, r-devel-linux-x86_64-fedora-gcc, r-devel-osx-x86_64-clang, r-devel-windows-ix86+x86_64

Version: 0.19
Check: R code for possible problems
Result: NOTE
    contrastCalc: no visible global function definition for ‘vcovHC’
    getCoefficients.lme: no visible global function definition for ‘fixef’
    model.frame.gls: no visible global function definition for
     ‘getGroupsFormula’
    model.frame.gls: no visible global function definition for ‘glsStruct’
    model.frame.gls: no visible global function definition for ‘varFunc’
    model.frame.gls: no visible global function definition for
     ‘asOneFormula’
    model.frame.gls: no visible global function definition for ‘getGroups’
    model.frame.lme: no visible global function definition for ‘pdSymm’
    model.frame.lme: no visible global function definition for ‘reStruct’
    model.frame.lme: no visible global function definition for
     ‘getGroupsFormula’
    model.frame.lme: no visible global function definition for
     ‘splitFormula’
    model.frame.lme: no visible global function definition for
     ‘getCovariateFormula’
    model.frame.lme: no visible global function definition for ‘lmeStruct’
    model.frame.lme: no visible global function definition for ‘varFunc’
    model.frame.lme: no visible global function definition for
     ‘asOneFormula’
    model.frame.lme: no visible global function definition for ‘getGroups’
Flavors: r-patched-linux-x86_64, r-patched-solaris-sparc, r-patched-solaris-x86, r-release-linux-x86_64, r-release-osx-x86_64-mavericks, r-release-windows-ix86+x86_64, r-oldrel-windows-ix86+x86_64