CRAN Package Check Results for Package contrast

Last updated on 2014-04-24 21:47:38.

Flavor Version Tinstall Tcheck Ttotal Status Flags
r-devel-linux-x86_64-debian-clang 0.19 1.72 26.78 28.50 OK
r-devel-linux-x86_64-debian-gcc 0.19 1.48 26.78 28.26 OK
r-devel-linux-x86_64-fedora-clang 0.19 57.87 OK
r-devel-linux-x86_64-fedora-gcc 0.19 54.33 OK
r-devel-osx-x86_64-clang 0.19 51.79 OK
r-devel-osx-x86_64-gcc 0.19 ERROR
r-devel-windows-ix86+x86_64 0.19 5.00 42.00 47.00 OK
r-patched-linux-x86_64 0.19 1.51 26.61 28.12 OK
r-patched-solaris-sparc 0.19 298.10 OK
r-patched-solaris-x86 0.19 75.90 OK
r-release-linux-ix86 0.19 2.00 49.00 51.00 OK
r-release-linux-x86_64 0.19 1.61 26.29 27.90 OK
r-release-osx-x86_64-mavericks 0.19 WARN
r-release-osx-x86_64-snowleopard 0.19 ERROR
r-release-windows-ix86+x86_64 0.19 6.00 44.00 50.00 OK
r-oldrel-windows-ix86+x86_64 0.19 6.00 46.00 52.00 OK

Check Details

Version: 0.19
Check: package dependencies
Result: ERROR
    Package required but not available: ‘rms’
    
    Packages suggested but not available for checking: ‘Hmisc’ ‘sandwich’
    
    See the information on DESCRIPTION files in the chapter ‘Creating R
    packages’ of the ‘Writing R Extensions’ manual.
Flavor: r-devel-osx-x86_64-gcc

Version: 0.19
Check: re-building of vignette outputs
Result: NOTE
    Error in re-building vignettes:
     ...
    Attaching package: ‘SparseM’
    
    The following object is masked from ‘package:base’:
    
     backsolve
    
    
    Attaching package: ‘rms’
    
    The following object is masked from ‘package:survival’:
    
     survfit.formula
    
    Error in texi2dvi(file = file, pdf = TRUE, clean = clean, quiet = quiet, :
     Running 'texi2dvi' on 'contrast.tex' failed.
    LaTeX errors:
    ! LaTeX Error: File `lastpage.sty' not found.
    
    Type X to quit or <RETURN> to proceed,
    or enter new name. (Default extension: sty)
    
    n_test/contrast/vignettes/contrast.tex:13: ==> Fatal error occurred, no output
     PDF file produced!
    Calls: buildVignettes -> texi2pdf -> texi2dvi
    Execution halted
Flavor: r-release-osx-x86_64-mavericks

Version: 0.19
Check: PDF version of manual
Result: WARNING
    LaTeX errors when creating PDF version.
    This typically indicates Rd problems.
    LaTeX errors found:
    ! LaTeX Error: File `upquote.sty' not found.
    
    Type X to quit or <RETURN> to proceed,
    or enter new name. (Default extension: sty)
    
    b09ed88/Rd2.tex:8: ==> Fatal error occurred, no output PDF file produced!
Flavor: r-release-osx-x86_64-mavericks

Version: 0.19
Check: whether package can be installed
Result: ERROR
    Installation failed.
    See ‘/Volumes/XT3/Builds/R-dev-web/QA/Simon/packages/snowleopard-x86_64/results/3.1/contrast.Rcheck/00install.out’ for details.
Flavor: r-release-osx-x86_64-snowleopard