CRAN Package Check Results for Package contrast

Last updated on 2016-12-03 08:48:45.

Flavor Version Tinstall Tcheck Ttotal Status Flags
r-devel-linux-x86_64-debian-clang 0.21 3.76 51.36 55.12 OK
r-devel-linux-x86_64-debian-gcc 0.21 4.06 50.99 55.04 OK
r-devel-linux-x86_64-fedora-clang 0.21 123.14 NOTE
r-devel-linux-x86_64-fedora-gcc 0.21 120.94 NOTE
r-devel-macos-x86_64-clang 0.21 91.60 NOTE
r-devel-windows-ix86+x86_64 0.21 11.00 95.00 106.00 OK
r-patched-linux-x86_64 0.21 3.82 45.31 49.13 OK
r-patched-solaris-sparc 0.21 616.90 NOTE
r-patched-solaris-x86 0.21 139.40 NOTE
r-release-linux-x86_64 0.21 3.67 44.80 48.47 OK
r-release-osx-x86_64-mavericks 0.21 NOTE
r-release-windows-ix86+x86_64 0.21 19.00 120.00 139.00 OK
r-oldrel-windows-ix86+x86_64 0.21 21.00 142.00 163.00 NOTE

Check Details

Version: 0.21
Check: dependencies in R code
Result: NOTE
    Namespaces in Imports field not imported from:
     ‘Hmisc’ ‘MASS’ ‘geepack’
     All declared Imports should be used.
Flavors: r-devel-linux-x86_64-fedora-clang, r-devel-linux-x86_64-fedora-gcc, r-devel-macos-x86_64-clang, r-patched-solaris-sparc, r-patched-solaris-x86, r-release-osx-x86_64-mavericks, r-oldrel-windows-ix86+x86_64

Version: 0.21
Check: R code for possible problems
Result: NOTE
    
    This data.table install has not detected OpenMP support. It will work but slower in single threaded mode.
Flavor: r-devel-macos-x86_64-clang