CRAN Package Check Results for Package contrast

Last updated on 2017-01-17 12:50:46.

Flavor Version Tinstall Tcheck Ttotal Status Flags
r-devel-linux-x86_64-debian-clang 0.21 4.14 51.24 55.38 OK
r-devel-linux-x86_64-debian-gcc 0.21 4.00 50.44 54.44 OK
r-devel-linux-x86_64-fedora-clang 0.21 120.19 NOTE --no-stop-on-test-error
r-devel-linux-x86_64-fedora-gcc 0.21 117.86 NOTE --no-stop-on-test-error
r-devel-macos-x86_64-clang 0.21 91.16 NOTE --no-stop-on-test-error
r-devel-windows-ix86+x86_64 0.21 20.00 93.00 113.00 OK
r-patched-linux-x86_64 0.21 3.76 45.53 49.29 OK
r-patched-solaris-sparc 0.21 619.40 NOTE
r-patched-solaris-x86 0.21 140.30 NOTE
r-release-linux-x86_64 0.21 4.68 45.55 50.23 OK
r-release-osx-x86_64-mavericks 0.21 NOTE
r-release-windows-ix86+x86_64 0.21 18.00 127.00 145.00 OK
r-oldrel-windows-ix86+x86_64 0.21 13.00 148.00 161.00 NOTE

Check Details

Version: 0.21
Flags: --no-stop-on-test-error
Check: dependencies in R code
Result: NOTE
    Namespaces in Imports field not imported from:
     ‘Hmisc’ ‘MASS’ ‘geepack’
     All declared Imports should be used.
Flavors: r-devel-linux-x86_64-fedora-clang, r-devel-linux-x86_64-fedora-gcc, r-devel-macos-x86_64-clang

Version: 0.21
Check: dependencies in R code
Result: NOTE
    Namespaces in Imports field not imported from:
     ‘Hmisc’ ‘MASS’ ‘geepack’
     All declared Imports should be used.
Flavors: r-patched-solaris-sparc, r-patched-solaris-x86, r-release-osx-x86_64-mavericks, r-oldrel-windows-ix86+x86_64