CRAN Package Check Results for Package contrast

Last updated on 2014-09-02 03:49:34.

Flavor Version Tinstall Tcheck Ttotal Status Flags
r-devel-linux-x86_64-debian-clang 0.19 1.22 24.28 25.49 NOTE
r-devel-linux-x86_64-debian-gcc 0.19 1.27 23.66 24.93 NOTE
r-devel-linux-x86_64-fedora-clang 0.19 56.83 NOTE
r-devel-linux-x86_64-fedora-gcc 0.19 51.15 NOTE
r-devel-osx-x86_64-clang 0.19 49.49 NOTE
r-devel-windows-ix86+x86_64 0.19 5.00 42.00 47.00 NOTE
r-patched-linux-x86_64 0.19 1.28 24.80 26.08 OK
r-patched-solaris-sparc 0.19 292.30 OK
r-patched-solaris-x86 0.19 75.00 OK
r-release-linux-ix86 0.19 1.85 34.01 35.86 OK
r-release-linux-x86_64 0.19 1.34 26.40 27.74 OK
r-release-osx-x86_64-mavericks 0.19 NOTE
r-release-osx-x86_64-snowleopard 0.19 ERROR
r-release-windows-ix86+x86_64 0.19 6.00 40.00 46.00 OK
r-oldrel-windows-ix86+x86_64 0.19 7.00 45.00 52.00 OK

Check Details

Version: 0.19
Check: R code for possible problems
Result: NOTE
    contrastCalc: no visible global function definition for ‘vcovHC’
    getCoefficients.lme: no visible global function definition for ‘fixef’
    model.frame.gls: no visible global function definition for
     ‘getGroupsFormula’
    model.frame.gls: no visible global function definition for ‘glsStruct’
    model.frame.gls: no visible global function definition for ‘varFunc’
    model.frame.gls: no visible global function definition for
     ‘asOneFormula’
    model.frame.gls: no visible global function definition for ‘getGroups’
    model.frame.lme: no visible global function definition for ‘pdSymm’
    model.frame.lme: no visible global function definition for ‘reStruct’
    model.frame.lme: no visible global function definition for
     ‘getGroupsFormula’
    model.frame.lme: no visible global function definition for
     ‘splitFormula’
    model.frame.lme: no visible global function definition for
     ‘getCovariateFormula’
    model.frame.lme: no visible global function definition for ‘lmeStruct’
    model.frame.lme: no visible global function definition for ‘varFunc’
    model.frame.lme: no visible global function definition for
     ‘asOneFormula’
    model.frame.lme: no visible global function definition for ‘getGroups’
Flavors: r-devel-linux-x86_64-debian-clang, r-devel-linux-x86_64-debian-gcc, r-devel-linux-x86_64-fedora-clang, r-devel-linux-x86_64-fedora-gcc, r-devel-osx-x86_64-clang, r-devel-windows-ix86+x86_64

Version: 0.19
Check: re-building of vignette outputs
Result: NOTE
    Error in re-building vignettes:
     ...
    
    The following objects are masked from ‘package:base’:
    
     format.pval, round.POSIXt, trunc.POSIXt, units
    
    Loading required package: SparseM
    
    Attaching package: ‘SparseM’
    
    The following object is masked from ‘package:base’:
    
     backsolve
    
    Error in texi2dvi(file = file, pdf = TRUE, clean = clean, quiet = quiet, :
     Running 'texi2dvi' on 'contrast.tex' failed.
    LaTeX errors:
    ! LaTeX Error: File `lastpage.sty' not found.
    
    Type X to quit or <RETURN> to proceed,
    or enter new name. (Default extension: sty)
    
    n_test/contrast/vignettes/contrast.tex:13: ==> Fatal error occurred, no output
     PDF file produced!
    Calls: buildVignettes -> texi2pdf -> texi2dvi
    Execution halted
Flavor: r-release-osx-x86_64-mavericks

Version: 0.19
Check: whether package can be installed
Result: ERROR
    Installation failed.
Flavor: r-release-osx-x86_64-snowleopard