CRAN Package Check Results for Package contrast

Last updated on 2017-04-29 15:47:49.

Flavor Version Tinstall Tcheck Ttotal Status Flags
r-devel-linux-x86_64-debian-clang 0.21 4.55 53.12 57.67 OK
r-devel-linux-x86_64-debian-gcc 0.21 4.10 52.62 56.72 OK
r-devel-linux-x86_64-fedora-clang 0.21 121.70 NOTE --no-stop-on-test-error
r-devel-linux-x86_64-fedora-gcc 0.21 118.58 NOTE --no-stop-on-test-error
r-devel-windows-ix86+x86_64 0.21 24.00 145.00 169.00 OK
r-patched-linux-x86_64 0.21 4.20 52.95 57.15 OK
r-patched-solaris-sparc 0.21 691.80 NOTE
r-patched-solaris-x86 0.21 161.90 NOTE
r-release-linux-x86_64 0.21 4.12 53.10 57.22 OK
r-release-windows-ix86+x86_64 0.21 21.00 143.00 164.00 OK
r-release-osx-x86_64 0.21 NOTE
r-oldrel-windows-ix86+x86_64 0.21 23.00 119.00 142.00 OK
r-oldrel-osx-x86_64 0.21 NOTE

Check Details

Version: 0.21
Flags: --no-stop-on-test-error
Check: dependencies in R code
Result: NOTE
    Namespaces in Imports field not imported from:
     ‘Hmisc’ ‘MASS’ ‘geepack’
     All declared Imports should be used.
Flavors: r-devel-linux-x86_64-fedora-clang, r-devel-linux-x86_64-fedora-gcc

Version: 0.21
Check: dependencies in R code
Result: NOTE
    Namespaces in Imports field not imported from:
     ‘Hmisc’ ‘MASS’ ‘geepack’
     All declared Imports should be used.
Flavors: r-patched-solaris-sparc, r-patched-solaris-x86, r-release-osx-x86_64, r-oldrel-osx-x86_64

Version: 0.21
Check: re-building of vignette outputs
Result: NOTE
    Error in re-building vignettes:
     ...
    
    Loading required package: SparseM
    
    Attaching package: ‘SparseM’
    
    The following object is masked from ‘package:base’:
    
     backsolve
    
    Error in texi2dvi(file = file, pdf = TRUE, clean = clean, quiet = quiet, :
     Running 'texi2dvi' on 'contrast.tex' failed.
    LaTeX errors:
    ! LaTeX Error: File `lastpage.sty' not found.
    
    Type X to quit or <RETURN> to proceed,
    or enter new name. (Default extension: sty)
    
    ! Emergency stop.
    <read *>
    
    l.13 \usepackage
     {algorithm2e}^^M
    ! ==> Fatal error occurred, no output PDF file produced!
    Calls: buildVignettes -> texi2pdf -> texi2dvi
    Execution halted
Flavor: r-release-osx-x86_64