CRAN Package Check Results for Package contrast

Last updated on 2016-07-24 14:47:53.

Flavor Version Tinstall Tcheck Ttotal Status Flags
r-devel-linux-x86_64-debian-clang 0.19 4.44 53.78 58.22 NOTE
r-devel-linux-x86_64-debian-gcc 0.19 4.44 51.88 56.32 NOTE
r-devel-linux-x86_64-fedora-clang 0.19 102.66 NOTE
r-devel-linux-x86_64-fedora-gcc 0.19 96.48 NOTE
r-devel-osx-x86_64-clang 0.19 80.30 NOTE
r-devel-windows-ix86+x86_64 0.19 12.00 105.00 117.00 NOTE
r-patched-linux-x86_64 0.19 4.69 49.46 54.16 NOTE
r-patched-solaris-sparc 0.19 555.90 NOTE
r-patched-solaris-x86 0.19 127.40 NOTE
r-release-linux-x86_64 0.19 5.06 52.58 57.63 NOTE
r-release-osx-x86_64-mavericks 0.19 NOTE
r-release-windows-ix86+x86_64 0.19 10.00 91.00 101.00 NOTE
r-oldrel-windows-ix86+x86_64 0.19 19.00 97.00 116.00 NOTE

Check Details

Version: 0.19
Check: dependencies in R code
Result: NOTE
    'library' or 'require' calls in package code:
     ‘geepack’ ‘nlme’ ‘sandwich’
     Please use :: or requireNamespace() instead.
     See section 'Suggested packages' in the 'Writing R Extensions' manual.
Flavors: r-devel-linux-x86_64-debian-clang, r-devel-linux-x86_64-debian-gcc, r-devel-linux-x86_64-fedora-clang, r-devel-linux-x86_64-fedora-gcc, r-devel-osx-x86_64-clang, r-devel-windows-ix86+x86_64, r-patched-linux-x86_64, r-patched-solaris-sparc, r-patched-solaris-x86, r-release-linux-x86_64, r-release-osx-x86_64-mavericks, r-release-windows-ix86+x86_64, r-oldrel-windows-ix86+x86_64

Version: 0.19
Check: R code for possible problems
Result: NOTE
    contrastCalc: no visible global function definition for ‘vcovHC’
    getCoefficients.lme: no visible global function definition for ‘fixef’
    model.frame.gls: no visible global function definition for
     ‘getGroupsFormula’
    model.frame.gls: no visible global function definition for ‘glsStruct’
    model.frame.gls: no visible global function definition for ‘varFunc’
    model.frame.gls: no visible global function definition for
     ‘asOneFormula’
    model.frame.gls: no visible global function definition for ‘getGroups’
    model.frame.lme: no visible global function definition for ‘pdSymm’
    model.frame.lme: no visible global function definition for ‘reStruct’
    model.frame.lme: no visible global function definition for
     ‘getGroupsFormula’
    model.frame.lme: no visible global function definition for
     ‘splitFormula’
    model.frame.lme: no visible global function definition for
     ‘getCovariateFormula’
    model.frame.lme: no visible global function definition for ‘lmeStruct’
    model.frame.lme: no visible global function definition for ‘varFunc’
    model.frame.lme: no visible global function definition for
     ‘asOneFormula’
    model.frame.lme: no visible global function definition for ‘getGroups’
    Undefined global functions or variables:
     asOneFormula fixef getCovariateFormula getGroups getGroupsFormula
     glsStruct lmeStruct pdSymm reStruct splitFormula varFunc vcovHC
Flavors: r-devel-linux-x86_64-debian-clang, r-devel-linux-x86_64-debian-gcc, r-devel-linux-x86_64-fedora-clang, r-devel-linux-x86_64-fedora-gcc, r-devel-osx-x86_64-clang, r-devel-windows-ix86+x86_64, r-patched-linux-x86_64, r-patched-solaris-sparc, r-patched-solaris-x86, r-release-linux-x86_64, r-release-osx-x86_64-mavericks, r-release-windows-ix86+x86_64

Version: 0.19
Check: R code for possible problems
Result: NOTE
    contrastCalc: no visible global function definition for 'vcovHC'
    getCoefficients.lme: no visible global function definition for 'fixef'
    model.frame.gls: no visible global function definition for
     'getGroupsFormula'
    model.frame.gls: no visible global function definition for 'glsStruct'
    model.frame.gls: no visible global function definition for 'varFunc'
    model.frame.gls: no visible global function definition for
     'asOneFormula'
    model.frame.gls: no visible global function definition for 'getGroups'
    model.frame.lme: no visible global function definition for 'pdSymm'
    model.frame.lme: no visible global function definition for 'reStruct'
    model.frame.lme: no visible global function definition for
     'getGroupsFormula'
    model.frame.lme: no visible global function definition for
     'splitFormula'
    model.frame.lme: no visible global function definition for
     'getCovariateFormula'
    model.frame.lme: no visible global function definition for 'lmeStruct'
    model.frame.lme: no visible global function definition for 'varFunc'
    model.frame.lme: no visible global function definition for
     'asOneFormula'
    model.frame.lme: no visible global function definition for 'getGroups'
Flavor: r-oldrel-windows-ix86+x86_64