CRAN Package Check Results for Package contrast

Last updated on 2016-05-03 09:48:45.

Flavor Version Tinstall Tcheck Ttotal Status Flags
r-devel-linux-x86_64-debian-gcc 0.19 4.18 44.68 48.86 NOTE
r-devel-linux-x86_64-fedora-clang 0.19 93.56 NOTE
r-devel-linux-x86_64-fedora-gcc 0.19 90.24 NOTE
r-devel-osx-x86_64-clang 0.19 103.69 NOTE
r-devel-windows-ix86+x86_64 0.19 12.00 85.00 97.00 NOTE
r-patched-linux-x86_64 0.19 3.88 43.81 47.69 NOTE
r-patched-solaris-sparc 0.19 541.20 NOTE
r-patched-solaris-x86 0.19 124.10 NOTE
r-release-linux-x86_64 0.19 4.07 50.66 54.73 NOTE
r-release-osx-x86_64-mavericks 0.19 NOTE
r-release-windows-ix86+x86_64 0.19 12.00 131.00 143.00 NOTE
r-oldrel-windows-ix86+x86_64 0.19 36.00 205.00 241.00 NOTE

Check Details

Version: 0.19
Check: dependencies in R code
Result: NOTE
    'library' or 'require' calls in package code:
     ‘geepack’ ‘nlme’ ‘sandwich’
     Please use :: or requireNamespace() instead.
     See section 'Suggested packages' in the 'Writing R Extensions' manual.
Flavors: r-devel-linux-x86_64-debian-gcc, r-devel-linux-x86_64-fedora-clang, r-devel-linux-x86_64-fedora-gcc, r-devel-osx-x86_64-clang, r-devel-windows-ix86+x86_64, r-patched-linux-x86_64, r-patched-solaris-sparc, r-patched-solaris-x86, r-release-linux-x86_64, r-release-osx-x86_64-mavericks, r-release-windows-ix86+x86_64, r-oldrel-windows-ix86+x86_64

Version: 0.19
Check: R code for possible problems
Result: NOTE
    contrastCalc: no visible global function definition for ‘vcovHC’
    getCoefficients.lme: no visible global function definition for ‘fixef’
    model.frame.gls: no visible global function definition for
     ‘getGroupsFormula’
    model.frame.gls: no visible global function definition for ‘glsStruct’
    model.frame.gls: no visible global function definition for ‘varFunc’
    model.frame.gls: no visible global function definition for
     ‘asOneFormula’
    model.frame.gls: no visible global function definition for ‘getGroups’
    model.frame.lme: no visible global function definition for ‘pdSymm’
    model.frame.lme: no visible global function definition for ‘reStruct’
    model.frame.lme: no visible global function definition for
     ‘getGroupsFormula’
    model.frame.lme: no visible global function definition for
     ‘splitFormula’
    model.frame.lme: no visible global function definition for
     ‘getCovariateFormula’
    model.frame.lme: no visible global function definition for ‘lmeStruct’
    model.frame.lme: no visible global function definition for ‘varFunc’
    model.frame.lme: no visible global function definition for
     ‘asOneFormula’
    model.frame.lme: no visible global function definition for ‘getGroups’
    Undefined global functions or variables:
     asOneFormula fixef getCovariateFormula getGroups getGroupsFormula
     glsStruct lmeStruct pdSymm reStruct splitFormula varFunc vcovHC
Flavors: r-devel-linux-x86_64-debian-gcc, r-devel-linux-x86_64-fedora-clang, r-devel-linux-x86_64-fedora-gcc, r-devel-osx-x86_64-clang, r-devel-windows-ix86+x86_64, r-patched-linux-x86_64, r-patched-solaris-sparc, r-patched-solaris-x86

Version: 0.19
Check: R code for possible problems
Result: NOTE
    contrastCalc: no visible global function definition for ‘vcovHC’
    getCoefficients.lme: no visible global function definition for ‘fixef’
    model.frame.gls: no visible global function definition for
     ‘getGroupsFormula’
    model.frame.gls: no visible global function definition for ‘glsStruct’
    model.frame.gls: no visible global function definition for ‘varFunc’
    model.frame.gls: no visible global function definition for
     ‘asOneFormula’
    model.frame.gls: no visible global function definition for ‘getGroups’
    model.frame.lme: no visible global function definition for ‘pdSymm’
    model.frame.lme: no visible global function definition for ‘reStruct’
    model.frame.lme: no visible global function definition for
     ‘getGroupsFormula’
    model.frame.lme: no visible global function definition for
     ‘splitFormula’
    model.frame.lme: no visible global function definition for
     ‘getCovariateFormula’
    model.frame.lme: no visible global function definition for ‘lmeStruct’
    model.frame.lme: no visible global function definition for ‘varFunc’
    model.frame.lme: no visible global function definition for
     ‘asOneFormula’
    model.frame.lme: no visible global function definition for ‘getGroups’
Flavors: r-release-linux-x86_64, r-release-osx-x86_64-mavericks, r-release-windows-ix86+x86_64, r-oldrel-windows-ix86+x86_64