CRAN Package Check Results for Package contrast

Last updated on 2014-08-02 08:48:33.

Flavor Version Tinstall Tcheck Ttotal Status Flags
r-devel-linux-x86_64-debian-clang 0.19 1.56 24.54 26.11 OK
r-devel-linux-x86_64-debian-gcc 0.19 1.42 24.62 26.04 OK
r-devel-linux-x86_64-fedora-clang 0.19 55.52 OK
r-devel-linux-x86_64-fedora-gcc 0.19 52.95 OK
r-devel-osx-x86_64-clang 0.19 50.99 OK
r-devel-windows-ix86+x86_64 0.19 6.00 42.00 48.00 OK
r-patched-linux-x86_64 0.19 1.36 24.59 25.95 OK
r-patched-solaris-sparc 0.19 292.30 OK
r-patched-solaris-x86 0.19 74.30 OK
r-release-linux-ix86 0.19 1.84 35.95 37.79 OK
r-release-linux-x86_64 0.19 1.42 25.58 27.00 OK
r-release-osx-x86_64-mavericks 0.19 NOTE
r-release-osx-x86_64-snowleopard 0.19 ERROR
r-release-windows-ix86+x86_64 0.19 6.00 42.00 48.00 OK
r-oldrel-windows-ix86+x86_64 0.19 10.00 65.00 75.00 OK

Check Details

Version: 0.19
Check: re-building of vignette outputs
Result: NOTE
    Error in re-building vignettes:
     ...
    
    The following objects are masked from package:base :
    
     format.pval, round.POSIXt, trunc.POSIXt, units
    
    Loading required package: SparseM
    
    Attaching package: SparseM
    
    The following object is masked from package:base :
    
     backsolve
    
    Error in texi2dvi(file = file, pdf = TRUE, clean = clean, quiet = quiet, :
     Running 'texi2dvi' on 'contrast.tex' failed.
    LaTeX errors:
    ! LaTeX Error: File `lastpage.sty' not found.
    
    Type X to quit or <RETURN> to proceed,
    or enter new name. (Default extension: sty)
    
    n_test/contrast/vignettes/contrast.tex:13: ==> Fatal error occurred, no output
     PDF file produced!
    Calls: buildVignettes -> texi2pdf -> texi2dvi
    Execution halted
Flavor: r-release-osx-x86_64-mavericks

Version: 0.19
Check: whether package can be installed
Result: ERROR
    Installation failed.
Flavor: r-release-osx-x86_64-snowleopard