CRAN Package Check Results for Package contrast

Last updated on 2017-03-24 06:48:03.

Flavor Version Tinstall Tcheck Ttotal Status Flags
r-devel-linux-x86_64-debian-clang 0.21 4.17 52.74 56.91 OK
r-devel-linux-x86_64-debian-gcc 0.21 4.42 52.27 56.68 OK
r-devel-linux-x86_64-fedora-clang 0.21 120.13 NOTE --no-stop-on-test-error
r-devel-linux-x86_64-fedora-gcc 0.21 119.22 NOTE --no-stop-on-test-error
r-devel-macos-x86_64-clang 0.21 91.97 NOTE --no-stop-on-test-error
r-devel-windows-ix86+x86_64 0.21 14.00 104.00 118.00 OK
r-patched-linux-x86_64 0.21 4.08 45.88 49.96 OK
r-patched-solaris-sparc 0.21 691.80 NOTE
r-patched-solaris-x86 0.21 163.30 NOTE
r-release-linux-x86_64 0.21 3.82 46.42 50.24 OK
r-release-osx-x86_64-mavericks 0.21 NOTE
r-release-windows-ix86+x86_64 0.21 17.00 88.00 105.00 OK
r-oldrel-windows-ix86+x86_64 0.21 22.00 135.00 157.00 NOTE

Check Details

Version: 0.21
Flags: --no-stop-on-test-error
Check: dependencies in R code
Result: NOTE
    Namespaces in Imports field not imported from:
     ‘Hmisc’ ‘MASS’ ‘geepack’
     All declared Imports should be used.
Flavors: r-devel-linux-x86_64-fedora-clang, r-devel-linux-x86_64-fedora-gcc, r-devel-macos-x86_64-clang

Version: 0.21
Check: dependencies in R code
Result: NOTE
    Namespaces in Imports field not imported from:
     ‘Hmisc’ ‘MASS’ ‘geepack’
     All declared Imports should be used.
Flavors: r-patched-solaris-sparc, r-patched-solaris-x86, r-release-osx-x86_64-mavericks, r-oldrel-windows-ix86+x86_64