CRAN Package Check Results for Package contrast

Last updated on 2015-02-02 01:47:42.

Flavor Version Tinstall Tcheck Ttotal Status Flags
r-devel-linux-x86_64-debian-clang 0.19 1.38 21.98 23.36 NOTE
r-devel-linux-x86_64-debian-gcc 0.19 1.34 21.54 22.88 NOTE
r-devel-linux-x86_64-fedora-clang 0.19 50.21 NOTE
r-devel-linux-x86_64-fedora-gcc 0.19 45.66 NOTE
r-devel-osx-x86_64-clang 0.19 54.04 NOTE
r-devel-windows-ix86+x86_64 0.19 6.00 36.00 42.00 NOTE
r-patched-linux-x86_64 0.19 1.96 32.36 34.33 NOTE
r-patched-solaris-sparc 0.19 378.40 NOTE
r-patched-solaris-x86 0.19 88.80 NOTE
r-release-linux-ix86 0.19 2.13 42.55 44.68 NOTE
r-release-linux-x86_64 0.19 1.67 32.74 34.41 NOTE
r-release-osx-x86_64-mavericks 0.19 NOTE
r-release-osx-x86_64-snowleopard 0.19 ERROR
r-release-windows-ix86+x86_64 0.19 10.00 65.00 75.00 NOTE
r-oldrel-windows-ix86+x86_64 0.19 10.00 68.00 78.00 OK

Check Details

Version: 0.19
Check: dependencies in R code
Result: NOTE
    'library' or 'require' calls in package code:
     ‘geepack’ ‘nlme’ ‘sandwich’
     Please use :: or requireNamespace() instead.
     See section 'Suggested packages' in the 'Writing R Extensions' manual.
Flavors: r-devel-linux-x86_64-debian-clang, r-devel-linux-x86_64-debian-gcc, r-devel-linux-x86_64-fedora-clang, r-devel-linux-x86_64-fedora-gcc, r-devel-osx-x86_64-clang, r-devel-windows-ix86+x86_64

Version: 0.19
Check: R code for possible problems
Result: NOTE
    contrastCalc: no visible global function definition for ‘vcovHC’
    getCoefficients.lme: no visible global function definition for ‘fixef’
    model.frame.gls: no visible global function definition for
     ‘getGroupsFormula’
    model.frame.gls: no visible global function definition for ‘glsStruct’
    model.frame.gls: no visible global function definition for ‘varFunc’
    model.frame.gls: no visible global function definition for
     ‘asOneFormula’
    model.frame.gls: no visible global function definition for ‘getGroups’
    model.frame.lme: no visible global function definition for ‘pdSymm’
    model.frame.lme: no visible global function definition for ‘reStruct’
    model.frame.lme: no visible global function definition for
     ‘getGroupsFormula’
    model.frame.lme: no visible global function definition for
     ‘splitFormula’
    model.frame.lme: no visible global function definition for
     ‘getCovariateFormula’
    model.frame.lme: no visible global function definition for ‘lmeStruct’
    model.frame.lme: no visible global function definition for ‘varFunc’
    model.frame.lme: no visible global function definition for
     ‘asOneFormula’
    model.frame.lme: no visible global function definition for ‘getGroups’
Flavors: r-devel-linux-x86_64-debian-clang, r-devel-linux-x86_64-debian-gcc, r-devel-linux-x86_64-fedora-clang, r-devel-linux-x86_64-fedora-gcc, r-devel-osx-x86_64-clang, r-devel-windows-ix86+x86_64, r-patched-linux-x86_64, r-patched-solaris-sparc, r-patched-solaris-x86, r-release-linux-ix86, r-release-linux-x86_64, r-release-osx-x86_64-mavericks, r-release-windows-ix86+x86_64

Version: 0.19
Check: whether package can be installed
Result: ERROR
    Installation failed.
Flavor: r-release-osx-x86_64-snowleopard