CRAN Package Check Results for Package contrast

Last updated on 2015-04-28 05:47:43.

Flavor Version Tinstall Tcheck Ttotal Status Flags
r-devel-linux-x86_64-debian-clang 0.19 1.78 26.77 28.55 NOTE
r-devel-linux-x86_64-debian-gcc 0.19 1.76 26.48 28.24 NOTE
r-devel-linux-x86_64-fedora-clang 0.19 60.25 NOTE
r-devel-linux-x86_64-fedora-gcc 0.19 56.69 NOTE
r-devel-osx-x86_64-clang 0.19 55.73 NOTE
r-devel-windows-ix86+x86_64 0.19 8.00 48.00 56.00 NOTE
r-patched-linux-x86_64 0.19 2.04 26.74 28.78 NOTE
r-patched-solaris-sparc 0.19 390.50 NOTE
r-patched-solaris-x86 0.19 80.20 NOTE
r-release-linux-x86_64 0.19 1.97 26.75 28.72 NOTE
r-release-osx-x86_64-mavericks 0.19 ERROR
r-release-osx-x86_64-snowleopard 0.19 ERROR
r-release-windows-ix86+x86_64 0.19 13.00 62.00 75.00 NOTE
r-oldrel-windows-ix86+x86_64 0.19 15.00 93.00 108.00 NOTE

Check Details

Version: 0.19
Check: dependencies in R code
Result: NOTE
    'library' or 'require' calls in package code:
     ‘geepack’ ‘nlme’ ‘sandwich’
     Please use :: or requireNamespace() instead.
     See section 'Suggested packages' in the 'Writing R Extensions' manual.
Flavors: r-devel-linux-x86_64-debian-clang, r-devel-linux-x86_64-debian-gcc, r-devel-linux-x86_64-fedora-clang, r-devel-linux-x86_64-fedora-gcc, r-devel-osx-x86_64-clang, r-devel-windows-ix86+x86_64, r-patched-solaris-sparc, r-patched-solaris-x86, r-release-linux-x86_64, r-release-windows-ix86+x86_64, r-oldrel-windows-ix86+x86_64

Version: 0.19
Check: R code for possible problems
Result: NOTE
    contrastCalc: no visible global function definition for ‘vcovHC’
    getCoefficients.lme: no visible global function definition for ‘fixef’
    model.frame.gls: no visible global function definition for
     ‘getGroupsFormula’
    model.frame.gls: no visible global function definition for ‘glsStruct’
    model.frame.gls: no visible global function definition for ‘varFunc’
    model.frame.gls: no visible global function definition for
     ‘asOneFormula’
    model.frame.gls: no visible global function definition for ‘getGroups’
    model.frame.lme: no visible global function definition for ‘pdSymm’
    model.frame.lme: no visible global function definition for ‘reStruct’
    model.frame.lme: no visible global function definition for
     ‘getGroupsFormula’
    model.frame.lme: no visible global function definition for
     ‘splitFormula’
    model.frame.lme: no visible global function definition for
     ‘getCovariateFormula’
    model.frame.lme: no visible global function definition for ‘lmeStruct’
    model.frame.lme: no visible global function definition for ‘varFunc’
    model.frame.lme: no visible global function definition for
     ‘asOneFormula’
    model.frame.lme: no visible global function definition for ‘getGroups’
Flavors: r-devel-linux-x86_64-debian-clang, r-devel-linux-x86_64-debian-gcc, r-devel-linux-x86_64-fedora-clang, r-devel-linux-x86_64-fedora-gcc, r-devel-osx-x86_64-clang, r-devel-windows-ix86+x86_64, r-patched-solaris-sparc, r-patched-solaris-x86, r-release-linux-x86_64, r-release-windows-ix86+x86_64, r-oldrel-windows-ix86+x86_64

Version: 0.19
Check: package dependencies
Result: ERROR
    Package required but not available: ‘rms’
    
    See section ‘The DESCRIPTION file’ in the ‘Writing R Extensions’
    manual.
Flavor: r-release-osx-x86_64-mavericks

Version: 0.19
Check: package dependencies
Result: ERROR
    Package required but not available: ‘rms’
    
    Packages suggested but not available for checking: ‘Hmisc’ ‘sandwich’
    
    See section ‘The DESCRIPTION file’ in the ‘Writing R Extensions’
    manual.
Flavor: r-release-osx-x86_64-snowleopard