CRAN Package Check Results for Package contrast

Last updated on 2018-05-27 00:46:27 CEST.

Flavor Version Tinstall Tcheck Ttotal Status Flags
r-devel-linux-x86_64-debian-clang 0.21 5.72 94.61 100.33 OK
r-devel-linux-x86_64-debian-gcc 0.21 6.32 75.13 81.45 OK
r-devel-linux-x86_64-fedora-clang 0.21 124.39 NOTE
r-devel-linux-x86_64-fedora-gcc 0.21 120.75 NOTE
r-devel-windows-ix86+x86_64 0.21 15.00 106.00 121.00 OK
r-patched-linux-x86_64 0.21 5.90 78.07 83.97 OK
r-patched-solaris-x86 0.21 158.90 NOTE
r-release-linux-x86_64 0.21 6.34 77.64 83.98 OK
r-release-windows-ix86+x86_64 0.21 23.00 160.00 183.00 OK
r-release-osx-x86_64 0.21 NOTE
r-oldrel-windows-ix86+x86_64 0.21 22.00 96.00 118.00 OK
r-oldrel-osx-x86_64 0.21 NOTE

Check Details

Version: 0.21
Check: dependencies in R code
Result: NOTE
    Namespaces in Imports field not imported from:
     ‘Hmisc’ ‘MASS’ ‘geepack’
     All declared Imports should be used.
Flavors: r-devel-linux-x86_64-fedora-clang, r-devel-linux-x86_64-fedora-gcc, r-patched-solaris-x86, r-release-osx-x86_64, r-oldrel-osx-x86_64

Version: 0.21
Check: re-building of vignette outputs
Result: NOTE
    Error in re-building vignettes:
     ...
    
    Loading required package: SparseM
    
    Attaching package: ‘SparseM’
    
    The following object is masked from ‘package:base’:
    
     backsolve
    
    Error in texi2dvi(file = file, pdf = TRUE, clean = clean, quiet = quiet, :
     Running 'texi2dvi' on 'contrast.tex' failed.
    LaTeX errors:
    ! LaTeX Error: File `lastpage.sty' not found.
    
    Type X to quit or <RETURN> to proceed,
    or enter new name. (Default extension: sty)
    
    ! Emergency stop.
    <read *>
    
    l.13 \usepackage
     {algorithm2e}^^M
    ! ==> Fatal error occurred, no output PDF file produced!
    Calls: buildVignettes -> texi2pdf -> texi2dvi
    Execution halted
Flavor: r-oldrel-osx-x86_64