CRAN Package Check Results for Package contrast

Last updated on 2016-09-25 23:46:42.

Flavor Version Tinstall Tcheck Ttotal Status Flags
r-devel-linux-x86_64-debian-clang 0.21 3.64 42.49 46.13 OK
r-devel-linux-x86_64-debian-gcc 0.21 3.95 41.88 45.83 OK
r-devel-linux-x86_64-fedora-clang 0.21 54.84 NOTE
r-devel-linux-x86_64-fedora-gcc 0.21 94.33 NOTE
r-devel-macos-x86_64-clang 0.21 74.99 NOTE
r-devel-windows-ix86+x86_64 0.21 11.00 135.00 146.00 OK
r-patched-linux-x86_64 0.21 3.41 42.97 46.38 OK
r-patched-solaris-sparc 0.21 568.50 NOTE
r-patched-solaris-x86 0.21 127.70 NOTE
r-release-linux-x86_64 0.21 3.51 43.74 47.25 OK
r-release-osx-x86_64-mavericks 0.21 NOTE
r-release-windows-ix86+x86_64 0.21 15.00 110.00 125.00 OK
r-oldrel-windows-ix86+x86_64 0.21 18.00 121.00 139.00 NOTE

Check Details

Version: 0.21
Check: dependencies in R code
Result: NOTE
    Namespaces in Imports field not imported from:
     ‘Hmisc’ ‘MASS’ ‘geepack’
     All declared Imports should be used.
Flavors: r-devel-linux-x86_64-fedora-clang, r-devel-linux-x86_64-fedora-gcc, r-devel-macos-x86_64-clang, r-patched-solaris-sparc, r-patched-solaris-x86, r-release-osx-x86_64-mavericks, r-oldrel-windows-ix86+x86_64