CRAN Package Check Results for Package contribution

Last updated on 2020-09-24 04:57:16 CEST.

Flavor Version Tinstall Tcheck Ttotal Status Flags
r-devel-linux-x86_64-debian-clang 0.1.0 4.72 40.73 45.45 OK
r-devel-linux-x86_64-debian-gcc 0.1.0 3.94 31.70 35.64 OK
r-devel-linux-x86_64-fedora-clang 0.1.0 63.65 NOTE
r-devel-linux-x86_64-fedora-gcc 0.1.0 53.93 NOTE
r-devel-windows-ix86+x86_64 0.1.0 14.00 61.00 75.00 OK
r-patched-linux-x86_64 0.1.0 4.59 37.83 42.42 OK
r-patched-solaris-x86 0.1.0 78.30 NOTE
r-release-linux-x86_64 0.1.0 3.74 38.05 41.79 OK
r-release-macos-x86_64 0.1.0 NOTE
r-release-windows-ix86+x86_64 0.1.0 33.00 66.00 99.00 OK
r-oldrel-macos-x86_64 0.1.0 NOTE
r-oldrel-windows-ix86+x86_64 0.1.0 6.00 58.00 64.00 OK

Check Details

Version: 0.1.0
Check: data for non-ASCII characters
Result: NOTE
     Note: found 3 marked UTF-8 strings
Flavors: r-devel-linux-x86_64-fedora-clang, r-devel-linux-x86_64-fedora-gcc, r-patched-solaris-x86, r-release-macos-x86_64, r-oldrel-macos-x86_64