CRAN Package Check Results for Package contribution

Last updated on 2020-02-20 08:48:04 CET.

Flavor Version Tinstall Tcheck Ttotal Status Flags
r-devel-linux-x86_64-debian-clang 0.1.0 5.07 40.59 45.66 OK
r-devel-linux-x86_64-debian-gcc 0.1.0 3.58 31.66 35.24 OK
r-devel-linux-x86_64-fedora-clang 0.1.0 56.11 NOTE
r-devel-linux-x86_64-fedora-gcc 0.1.0 55.85 NOTE
r-devel-windows-ix86+x86_64 0.1.0 12.00 56.00 68.00 OK
r-devel-windows-ix86+x86_64-gcc8 0.1.0 19.00 80.00 99.00 OK
r-patched-linux-x86_64 0.1.0 3.30 35.61 38.91 OK
r-patched-solaris-x86 0.1.0 73.50 NOTE
r-release-linux-x86_64 0.1.0 3.88 35.58 39.46 OK
r-release-windows-ix86+x86_64 0.1.0 8.00 56.00 64.00 OK
r-release-osx-x86_64 0.1.0 NOTE
r-oldrel-windows-ix86+x86_64 0.1.0 8.00 54.00 62.00 OK
r-oldrel-osx-x86_64 0.1.0 NOTE

Check Details

Version: 0.1.0
Check: data for non-ASCII characters
Result: NOTE
     Note: found 3 marked UTF-8 strings
Flavors: r-devel-linux-x86_64-fedora-clang, r-devel-linux-x86_64-fedora-gcc, r-patched-solaris-x86, r-release-osx-x86_64, r-oldrel-osx-x86_64