CRAN Package Check Results for Package controlTest

Last updated on 2024-06-16 15:49:52 CEST.

Flavor Version Tinstall Tcheck Ttotal Status Flags
r-devel-linux-x86_64-debian-clang 1.1.0 8.13 66.50 74.63 NOTE
r-devel-linux-x86_64-debian-gcc 1.1.0 5.06 50.11 55.17 NOTE
r-devel-linux-x86_64-fedora-clang 1.1.0 88.40 NOTE
r-devel-linux-x86_64-fedora-gcc 1.1.0 86.33 NOTE
r-devel-windows-x86_64 1.1.0 6.00 64.00 70.00 NOTE
r-patched-linux-x86_64 1.1.0 7.43 63.18 70.61 NOTE
r-release-linux-x86_64 1.1.0 5.19 64.01 69.20 NOTE
r-release-macos-arm64 1.1.0 28.00 NOTE
r-release-macos-x86_64 1.1.0 41.00 NOTE
r-release-windows-x86_64 1.1.0 7.00 65.00 72.00 NOTE
r-oldrel-macos-arm64 1.1.0 31.00 NOTE
r-oldrel-macos-x86_64 1.1.0 51.00 NOTE
r-oldrel-windows-x86_64 1.1.0 9.00 74.00 83.00 NOTE

Check Details

Version: 1.1.0
Check: LazyData
Result: NOTE 'LazyData' is specified without a 'data' directory Flavors: r-devel-linux-x86_64-debian-clang, r-devel-linux-x86_64-debian-gcc, r-devel-linux-x86_64-fedora-clang, r-devel-linux-x86_64-fedora-gcc, r-devel-windows-x86_64, r-patched-linux-x86_64, r-release-linux-x86_64, r-release-macos-arm64, r-release-macos-x86_64, r-release-windows-x86_64, r-oldrel-macos-arm64, r-oldrel-macos-x86_64, r-oldrel-windows-x86_64