CRAN Package Check Results for Package convergEU

Last updated on 2022-08-11 13:54:58 CEST.

Flavor Version Tinstall Tcheck Ttotal Status Flags
r-devel-linux-x86_64-debian-clang 0.5.1 6.38 242.72 249.10 OK
r-devel-linux-x86_64-debian-gcc 0.5.1 5.53 174.71 180.24 OK
r-devel-linux-x86_64-fedora-clang 0.5.1 282.64 NOTE
r-devel-linux-x86_64-fedora-gcc 0.5.1 283.68 NOTE
r-devel-windows-x86_64 0.5.1 38.00 264.00 302.00 OK
r-patched-linux-x86_64 0.5.1 6.52 217.85 224.37 OK
r-release-linux-x86_64 0.5.1 OK
r-release-macos-arm64 0.5.1 55.00 NOTE
r-release-macos-x86_64 0.5.1 133.00 NOTE
r-release-windows-x86_64 0.5.1 37.00 265.00 302.00 OK
r-oldrel-macos-arm64 0.5.1 76.00 NOTE
r-oldrel-macos-x86_64 0.5.1 98.00 NOTE
r-oldrel-windows-ix86+x86_64 0.5.1 16.00 278.00 294.00 OK

Check Details

Version: 0.5.1
Check: data for non-ASCII characters
Result: NOTE
     Note: found 1 marked UTF-8 string
Flavors: r-devel-linux-x86_64-fedora-clang, r-devel-linux-x86_64-fedora-gcc, r-release-macos-arm64, r-release-macos-x86_64, r-oldrel-macos-arm64, r-oldrel-macos-x86_64