Last updated on 2023-06-07 17:55:34 CEST.
Flavor | Version | Tinstall | Tcheck | Ttotal | Status | Flags |
---|---|---|---|---|---|---|
r-devel-linux-x86_64-debian-clang | 0.8.1 | 2.23 | 28.49 | 30.72 | NOTE | |
r-devel-linux-x86_64-debian-gcc | 0.8.1 | 2.38 | 22.21 | 24.59 | NOTE | |
r-devel-linux-x86_64-fedora-clang | 0.8.1 | 41.42 | NOTE | |||
r-devel-linux-x86_64-fedora-gcc | 0.8.1 | 49.93 | NOTE | |||
r-devel-windows-x86_64 | 0.8.1 | 5.00 | 49.00 | 54.00 | NOTE | |
r-patched-linux-x86_64 | 0.8.1 | 2.77 | 27.67 | 30.44 | NOTE | |
r-release-linux-x86_64 | 0.8.1 | 2.82 | 27.58 | 30.40 | NOTE | |
r-release-macos-arm64 | 0.8.1 | 26.00 | NOTE | |||
r-release-macos-x86_64 | 0.8.1 | 36.00 | NOTE | |||
r-release-windows-x86_64 | 0.8.1 | 5.00 | 50.00 | 55.00 | NOTE | |
r-oldrel-macos-arm64 | 0.8.1 | 19.00 | NOTE | |||
r-oldrel-macos-x86_64 | 0.8.1 | 25.00 | NOTE | |||
r-oldrel-windows-x86_64 | 0.8.1 | 5.00 | 49.00 | 54.00 | NOTE |
Version: 0.8.1
Check: LazyData
Result: NOTE
'LazyData' is specified without a 'data' directory
Flavors: r-devel-linux-x86_64-debian-clang, r-devel-linux-x86_64-debian-gcc, r-devel-linux-x86_64-fedora-clang, r-devel-linux-x86_64-fedora-gcc, r-devel-windows-x86_64, r-patched-linux-x86_64, r-release-linux-x86_64, r-release-macos-arm64, r-release-macos-x86_64, r-release-windows-x86_64, r-oldrel-macos-arm64, r-oldrel-macos-x86_64, r-oldrel-windows-x86_64