CRAN Package Check Results for Package cooccurNet

Last updated on 2020-09-19 23:48:06 CEST.

Flavor Version Tinstall Tcheck Ttotal Status Flags
r-devel-linux-x86_64-debian-clang 0.1.6 3.99 76.36 80.35 NOTE
r-devel-linux-x86_64-debian-gcc 0.1.6 4.18 58.77 62.95 NOTE
r-devel-linux-x86_64-fedora-clang 0.1.6 105.74 NOTE
r-devel-linux-x86_64-fedora-gcc 0.1.6 96.94 NOTE
r-devel-windows-ix86+x86_64 0.1.6 10.00 106.00 116.00 OK
r-patched-linux-x86_64 0.1.6 4.59 76.61 81.20 NOTE
r-patched-solaris-x86 0.1.6 80.50 ERROR
r-release-linux-x86_64 0.1.6 5.16 76.43 81.59 NOTE
r-release-macos-x86_64 0.1.6 NOTE
r-release-windows-ix86+x86_64 0.1.6 10.00 78.00 88.00 OK
r-oldrel-macos-x86_64 0.1.6 NOTE
r-oldrel-windows-ix86+x86_64 0.1.6 7.00 99.00 106.00 OK

Check Details

Version: 0.1.6
Check: for non-standard things in the check directory
Result: NOTE
    Found the following files/directories:
     'cooccurNetwork' 'memory.limits'
Flavors: r-devel-linux-x86_64-debian-clang, r-devel-linux-x86_64-debian-gcc, r-devel-linux-x86_64-fedora-clang, r-devel-linux-x86_64-fedora-gcc, r-patched-linux-x86_64, r-release-linux-x86_64

Version: 0.1.6
Check: dependencies in R code
Result: NOTE
    Namespace in Imports field not imported from: ‘knitr’
     All declared Imports should be used.
Flavors: r-devel-linux-x86_64-fedora-clang, r-devel-linux-x86_64-fedora-gcc, r-patched-solaris-x86, r-release-macos-x86_64, r-oldrel-macos-x86_64

Version: 0.1.6
Check: examples
Result: ERROR
    Running examples in ‘cooccurNet-Ex.R’ failed
    The error most likely occurred in:
    
    > ### Name: coocnet
    > ### Title: coocnet
    > ### Aliases: coocnet
    >
    > ### ** Examples
    >
    > cooccurNetwork = coocnet(dataFile=getexample(dataType="protein"), dataType="protein")
    reading file......
    completed. (10,329)
    preprocess file......Error in if (pred >= memsize * alpha || ncol > 150 || (nrow > 30000 & :
     missing value where TRUE/FALSE needed
    Calls: coocnet ... cooccur.dataprepreprocess.preprocess -> inmemoryflag
    Execution halted
Flavor: r-patched-solaris-x86

Version: 0.1.6
Check: re-building of vignette outputs
Result: WARN
    Error(s) in re-building vignettes:
     ...
    --- re-building ‘Extending-cooccurNet.Rmd’ using rmarkdown
    Warning in engine$weave(file, quiet = quiet, encoding = enc) :
     The vignette engine knitr::rmarkdown is not available, because the rmarkdown package is not installed. Please install it.
    Quitting from lines 176-178 (Extending-cooccurNet.Rmd)
    Error: processing vignette 'Extending-cooccurNet.Rmd' failed with diagnostics:
    missing value where TRUE/FALSE needed
    --- failed re-building ‘Extending-cooccurNet.Rmd’
    
    SUMMARY: processing the following file failed:
     ‘Extending-cooccurNet.Rmd’
    
    Error: Vignette re-building failed.
    Execution halted
Flavor: r-patched-solaris-x86

Version: 0.1.6
Check: for non-standard things in the check directory
Result: NOTE
    Found the following files/directories:
     ‘memory.limits’
Flavor: r-patched-solaris-x86