CRAN Package Check Results for Package cooptrees

Last updated on 2020-09-18 19:49:00 CEST.

Flavor Version Tinstall Tcheck Ttotal Status Flags
r-devel-linux-x86_64-debian-clang 1.0 3.86 28.72 32.58 NOTE
r-devel-linux-x86_64-debian-gcc 1.0 2.60 22.41 25.01 NOTE
r-devel-linux-x86_64-fedora-clang 1.0 48.55 NOTE
r-devel-linux-x86_64-fedora-gcc 1.0 38.95 NOTE
r-devel-windows-ix86+x86_64 1.0 7.00 39.00 46.00 NOTE
r-patched-linux-x86_64 1.0 3.27 28.37 31.64 NOTE
r-patched-solaris-x86 1.0 61.10 NOTE
r-release-linux-x86_64 1.0 3.65 28.51 32.16 NOTE
r-release-macos-x86_64 1.0 NOTE
r-release-windows-ix86+x86_64 1.0 7.00 35.00 42.00 NOTE
r-oldrel-macos-x86_64 1.0 NOTE
r-oldrel-windows-ix86+x86_64 1.0 4.00 45.00 49.00 NOTE

Check Details

Version: 1.0
Check: R code for possible problems
Result: NOTE
    maCooperative: no visible global function definition for 'points'
    maCooperative: no visible global function definition for 'legend'
    maPessimistic: no visible global function definition for 'combn'
    maRules: no visible global function definition for 'capture.output'
    mstCooperative: no visible global function definition for 'points'
    mstCooperative: no visible global function definition for 'legend'
    mstOptimistic: no visible global function definition for 'combn'
    mstPessimistic: no visible global function definition for 'combn'
    mstRules: no visible global function definition for 'capture.output'
    plotCoreSet: no visible global function definition for 'points'
    plotCoreSet: no visible global function definition for 'polygon'
    plotImputationSet: no visible global function definition for 'par'
    plotImputationSet: no visible global function definition for 'box'
    plotImputationSet: no visible global function definition for 'polygon'
    plotImputationSet: no visible global function definition for 'text'
    shapleyValue: no visible global function definition for 'combn'
    Undefined global functions or variables:
     box capture.output combn legend par points polygon text
    Consider adding
     importFrom("graphics", "box", "legend", "par", "points", "polygon",
     "text")
     importFrom("utils", "capture.output", "combn")
    to your NAMESPACE file.
Flavors: r-devel-linux-x86_64-debian-clang, r-devel-linux-x86_64-debian-gcc, r-devel-linux-x86_64-fedora-clang, r-devel-linux-x86_64-fedora-gcc, r-devel-windows-ix86+x86_64, r-patched-linux-x86_64, r-patched-solaris-x86, r-release-linux-x86_64, r-release-macos-x86_64, r-release-windows-ix86+x86_64

Version: 1.0
Check: R code for possible problems
Result: NOTE
    maCooperative: no visible global function definition for ‘points’
    maCooperative: no visible global function definition for ‘legend’
    maPessimistic: no visible global function definition for ‘combn’
    maRules: no visible global function definition for ‘capture.output’
    mstCooperative: no visible global function definition for ‘points’
    mstCooperative: no visible global function definition for ‘legend’
    mstOptimistic: no visible global function definition for ‘combn’
    mstPessimistic: no visible global function definition for ‘combn’
    mstRules: no visible global function definition for ‘capture.output’
    plotCoreSet: no visible global function definition for ‘points’
    plotCoreSet: no visible global function definition for ‘polygon’
    plotImputationSet: no visible global function definition for ‘par’
    plotImputationSet: no visible global function definition for ‘plot’
    plotImputationSet: no visible global function definition for ‘box’
    plotImputationSet: no visible global function definition for ‘polygon’
    plotImputationSet: no visible global function definition for ‘text’
    shapleyValue: no visible global function definition for ‘combn’
    Undefined global functions or variables:
     box capture.output combn legend par plot points polygon text
    Consider adding
     importFrom("graphics", "box", "legend", "par", "plot", "points",
     "polygon", "text")
     importFrom("utils", "capture.output", "combn")
    to your NAMESPACE file.
Flavors: r-oldrel-macos-x86_64, r-oldrel-windows-ix86+x86_64