CRAN Package Check Results for Package copBasic

Last updated on 2014-08-23 11:50:41.

Flavor Version Tinstall Tcheck Ttotal Status Flags
r-devel-linux-x86_64-debian-clang 1.5.4 1.44 25.26 26.69 NOTE
r-devel-linux-x86_64-debian-gcc 1.5.4 1.38 24.88 26.26 NOTE
r-devel-linux-x86_64-fedora-clang 1.5.4 55.10 NOTE
r-devel-linux-x86_64-fedora-gcc 1.5.4 52.38 NOTE
r-devel-osx-x86_64-clang 1.5.4 50.15 NOTE
r-devel-windows-ix86+x86_64 1.5.4 4.00 42.00 46.00 NOTE
r-patched-linux-x86_64 1.5.4 1.40 25.39 26.80 NOTE
r-patched-solaris-sparc 1.5.4 343.70 NOTE
r-patched-solaris-x86 1.5.4 67.30 NOTE
r-release-linux-ix86 1.5.4 1.90 34.86 36.77 NOTE
r-release-linux-x86_64 1.5.4 1.55 25.92 27.48 NOTE
r-release-osx-x86_64-mavericks 1.5.4 NOTE
r-release-osx-x86_64-snowleopard 1.5.4 OK
r-release-windows-ix86+x86_64 1.5.4 6.00 42.00 48.00 NOTE
r-oldrel-windows-ix86+x86_64 1.5.4 5.00 44.00 49.00 NOTE

Check Details

Version: 1.5.4
Check: dependencies in R code
Result: NOTE
    Package in Depends field not imported from: ‘lmomco’
     These packages need to be imported from (in the NAMESPACE file)
     for when this namespace is loaded but not attached.
    See the information on DESCRIPTION files in the chapter ‘Creating R
    packages’ of the ‘Writing R Extensions’ manual.
Flavors: r-devel-linux-x86_64-debian-clang, r-devel-linux-x86_64-debian-gcc, r-devel-linux-x86_64-fedora-clang, r-devel-linux-x86_64-fedora-gcc, r-devel-osx-x86_64-clang, r-devel-windows-ix86+x86_64, r-patched-linux-x86_64, r-patched-solaris-sparc, r-patched-solaris-x86, r-release-linux-ix86, r-release-linux-x86_64, r-release-osx-x86_64-mavericks, r-release-windows-ix86+x86_64, r-oldrel-windows-ix86+x86_64

Version: 1.5.4
Check: R code for possible problems
Result: NOTE
    EMPIRgridderinv: no visible global function definition for ‘vec2lmom’
    EMPIRgridderinv: no visible global function definition for ‘parkur’
    EMPIRgridderinv: no visible global function definition for ‘quakur’
    EMPIRgridderinv2: no visible global function definition for ‘vec2lmom’
    EMPIRgridderinv2: no visible global function definition for ‘parkur’
    EMPIRgridderinv2: no visible global function definition for ‘quakur’
    simcomposite3COP: no visible global function definition for ‘lcomoms2’
    simcompositeCOP: no visible global function definition for ‘lcomoms2’
Flavors: r-devel-linux-x86_64-debian-clang, r-devel-linux-x86_64-debian-gcc, r-devel-linux-x86_64-fedora-clang, r-devel-linux-x86_64-fedora-gcc, r-devel-osx-x86_64-clang