CRAN Package Check Results for Package copBasic

Last updated on 2017-07-23 14:46:53.

Flavor Version Tinstall Tcheck Ttotal Status Flags
r-devel-linux-x86_64-debian-clang 2.0.5 2.44 58.63 61.07 OK
r-devel-linux-x86_64-debian-gcc 2.0.5 2.50 58.96 61.47 OK
r-devel-linux-x86_64-fedora-clang 2.0.5 69.67 OK
r-devel-linux-x86_64-fedora-gcc 2.0.5 66.91 OK
r-devel-windows-ix86+x86_64 2.0.5 11.00 92.00 103.00 OK
r-patched-linux-x86_64 2.0.5 2.29 59.35 61.64 OK
r-patched-solaris-x86 2.0.5 81.30 OK
r-release-linux-x86_64 2.0.5 2.53 59.76 62.29 OK
r-release-windows-ix86+x86_64 2.0.5 8.00 97.00 105.00 OK
r-release-osx-x86_64 2.0.5 NOTE
r-oldrel-windows-ix86+x86_64 2.0.5 8.00 85.00 93.00 OK
r-oldrel-osx-x86_64 2.0.5 OK

Check Details

Version: 2.0.5
Check: package dependencies
Result: NOTE
    Package suggested but not available for checking: ‘copula’
Flavor: r-release-osx-x86_64