CRAN Package Check Results for Package copBasic

Last updated on 2017-05-27 14:46:56.

Flavor Version Tinstall Tcheck Ttotal Status Flags
r-devel-linux-x86_64-debian-clang 2.0.5 2.73 36.94 39.67 OK
r-devel-linux-x86_64-debian-gcc 2.0.5 2.69 37.25 39.95 OK
r-devel-linux-x86_64-fedora-clang 2.0.5 68.74 OK
r-devel-linux-x86_64-fedora-gcc 2.0.5 67.12 OK
r-devel-windows-ix86+x86_64 2.0.5 10.00 69.00 79.00 OK
r-patched-linux-x86_64 2.0.5 2.56 37.39 39.95 OK
r-patched-solaris-sparc 2.0.5 431.10 OK
r-patched-solaris-x86 2.0.5 79.90 OK
r-release-linux-x86_64 2.0.5 2.68 36.39 39.07 OK
r-release-windows-ix86+x86_64 2.0.5 9.00 62.00 71.00 OK
r-release-osx-x86_64 2.0.5 NOTE
r-oldrel-windows-ix86+x86_64 2.0.5 12.00 61.00 73.00 OK
r-oldrel-osx-x86_64 2.0.5 OK

Check Details

Version: 2.0.5
Check: package dependencies
Result: NOTE
    Package suggested but not available for checking: ‘copula’
Flavor: r-release-osx-x86_64