CRAN Package Check Results for Package copBasic

Last updated on 2014-04-19 05:47:42.

Flavor Version Tinstall Tcheck Ttotal Status Flags
r-devel-linux-x86_64-debian-clang 1.5.4 1.70 26.70 28.40 NOTE
r-devel-linux-x86_64-debian-gcc 1.5.4 1.51 26.62 28.13 NOTE
r-devel-linux-x86_64-fedora-clang 1.5.4 56.74 NOTE
r-devel-linux-x86_64-fedora-gcc 1.5.4 52.44 NOTE
r-devel-macosx-x86_64-clang 1.5.4 46.10 NOTE
r-devel-macosx-x86_64-gcc 1.5.4 NOTE
r-devel-windows-ix86+x86_64 1.5.4 4.00 58.00 62.00 NOTE
r-patched-linux-x86_64 1.5.4 1.48 26.27 27.76 NOTE
r-patched-solaris-sparc 1.5.4 335.80 NOTE
r-patched-solaris-x86 1.5.4 66.80 NOTE
r-release-linux-ix86 1.5.4 3.00 49.00 52.00 NOTE
r-release-linux-x86_64 1.5.4 1.51 26.50 28.01 NOTE
r-release-macosx-x86_64 1.5.4 OK
r-release-windows-ix86+x86_64 1.5.4 8.00 58.00 66.00 NOTE
r-oldrel-windows-ix86+x86_64 1.5.4 4.00 44.00 48.00 NOTE

Check Details

Version: 1.5.4
Check: dependencies in R code
Result: NOTE
    Package in Depends field not imported from: ‘lmomco’
     These packages need to be imported from (in the NAMESPACE file)
     for when this namespace is loaded but not attached.
    See the information on DESCRIPTION files in the chapter ‘Creating R
    packages’ of the ‘Writing R Extensions’ manual.
Flavors: r-devel-linux-x86_64-debian-clang, r-devel-linux-x86_64-debian-gcc, r-devel-linux-x86_64-fedora-clang, r-devel-linux-x86_64-fedora-gcc, r-devel-macosx-x86_64-clang, r-devel-macosx-x86_64-gcc, r-devel-windows-ix86+x86_64, r-patched-linux-x86_64, r-patched-solaris-sparc, r-patched-solaris-x86, r-release-linux-ix86, r-release-linux-x86_64, r-release-windows-ix86+x86_64, r-oldrel-windows-ix86+x86_64