CRAN Package Check Results for Package copBasic

Last updated on 2014-10-01 01:47:47.

Flavor Version Tinstall Tcheck Ttotal Status Flags
r-devel-linux-x86_64-debian-clang 1.6.0 1.66 22.90 24.56 OK
r-devel-linux-x86_64-debian-gcc 1.6.0 1.58 23.04 24.62 OK
r-devel-linux-x86_64-fedora-clang 1.6.0 25.44 OK
r-devel-linux-x86_64-fedora-gcc 1.6.0 43.36 OK
r-devel-osx-x86_64-clang 1.6.0 46.90 OK
r-devel-windows-ix86+x86_64 1.6.0 6.00 34.00 40.00 OK
r-patched-linux-x86_64 1.6.0 1.77 22.42 24.19 OK
r-patched-solaris-sparc 1.6.0 274.70 OK
r-patched-solaris-x86 1.6.0 62.00 OK
r-release-linux-ix86 1.5.4 1.92 35.23 37.15 NOTE
r-release-linux-x86_64 1.6.0 1.66 22.76 24.42 OK
r-release-osx-x86_64-mavericks 1.6.0 OK
r-release-osx-x86_64-snowleopard 1.6.0 OK
r-release-windows-ix86+x86_64 1.6.0 4.00 39.00 43.00 OK
r-oldrel-windows-ix86+x86_64 1.6.0 5.00 44.00 49.00 OK

Check Details

Version: 1.5.4
Check: dependencies in R code
Result: NOTE
    Package in Depends field not imported from: ‘lmomco’
     These packages need to be imported from (in the NAMESPACE file)
     for when this namespace is loaded but not attached.
    See the information on DESCRIPTION files in the chapter ‘Creating R
    packages’ of the ‘Writing R Extensions’ manual.
Flavor: r-release-linux-ix86