CRAN Package Check Results for Package copBasic

Last updated on 2014-09-20 03:48:37.

Flavor Version Tinstall Tcheck Ttotal Status Flags
r-devel-linux-x86_64-debian-clang 1.5.4 1.41 25.93 27.34 NOTE
r-devel-linux-x86_64-debian-gcc 1.5.4 1.35 25.54 26.88 NOTE
r-devel-linux-x86_64-fedora-clang 1.5.4 54.53 NOTE
r-devel-linux-x86_64-fedora-gcc 1.5.4 48.62 NOTE
r-devel-osx-x86_64-clang 1.5.4 50.22 NOTE
r-devel-windows-ix86+x86_64 1.5.4 5.00 40.00 45.00 NOTE
r-patched-linux-x86_64 1.5.4 1.41 26.88 28.29 NOTE
r-patched-solaris-sparc 1.5.4 343.70 NOTE
r-patched-solaris-x86 1.5.4 66.80 NOTE
r-release-linux-ix86 1.5.4 1.88 35.09 36.97 NOTE
r-release-linux-x86_64 1.5.4 1.42 26.47 27.89 NOTE
r-release-osx-x86_64-mavericks 1.5.4 NOTE
r-release-osx-x86_64-snowleopard 1.5.4 OK
r-release-windows-ix86+x86_64 1.5.4 6.00 42.00 48.00 NOTE
r-oldrel-windows-ix86+x86_64 1.5.4 5.00 44.00 49.00 NOTE

Check Details

Version: 1.5.4
Check: dependencies in R code
Result: NOTE
    Package in Depends field not imported from: ‘lmomco’
     These packages need to be imported from (in the NAMESPACE file)
     for when this namespace is loaded but not attached.
    See the information on DESCRIPTION files in the chapter ‘Creating R
    packages’ of the ‘Writing R Extensions’ manual.
Flavors: r-devel-linux-x86_64-debian-clang, r-devel-linux-x86_64-debian-gcc, r-devel-linux-x86_64-fedora-clang, r-devel-linux-x86_64-fedora-gcc, r-devel-osx-x86_64-clang, r-devel-windows-ix86+x86_64, r-patched-linux-x86_64, r-patched-solaris-sparc, r-patched-solaris-x86, r-release-linux-ix86, r-release-linux-x86_64, r-release-osx-x86_64-mavericks, r-release-windows-ix86+x86_64, r-oldrel-windows-ix86+x86_64

Version: 1.5.4
Check: R code for possible problems
Result: NOTE
    EMPIRgridderinv: no visible global function definition for ‘vec2lmom’
    EMPIRgridderinv: no visible global function definition for ‘parkur’
    EMPIRgridderinv: no visible global function definition for ‘quakur’
    EMPIRgridderinv2: no visible global function definition for ‘vec2lmom’
    EMPIRgridderinv2: no visible global function definition for ‘parkur’
    EMPIRgridderinv2: no visible global function definition for ‘quakur’
    simcomposite3COP: no visible global function definition for ‘lcomoms2’
    simcompositeCOP: no visible global function definition for ‘lcomoms2’
Flavors: r-devel-linux-x86_64-debian-clang, r-devel-linux-x86_64-debian-gcc, r-devel-linux-x86_64-fedora-clang, r-devel-linux-x86_64-fedora-gcc, r-devel-osx-x86_64-clang, r-devel-windows-ix86+x86_64