CRAN Package Check Results for Package copBasic

Last updated on 2016-02-07 07:46:39.

Flavor Version Tinstall Tcheck Ttotal Status Flags
r-devel-linux-x86_64-debian-gcc 2.0.1 2.36 29.94 32.30 OK
r-devel-linux-x86_64-fedora-clang 2.0.1 58.64 OK
r-devel-linux-x86_64-fedora-gcc 2.0.1 55.76 OK
r-devel-osx-x86_64-clang 2.0.1 71.74 OK
r-devel-windows-ix86+x86_64 2.0.1 12.00 72.00 84.00 OK
r-patched-linux-x86_64 2.0.1 2.51 31.11 33.62 OK
r-patched-solaris-sparc 2.0.1 381.70 NOTE
r-patched-solaris-x86 2.0.1 74.60 NOTE
r-release-linux-x86_64 2.0.1 2.62 31.28 33.90 OK
r-release-osx-x86_64-mavericks 2.0.1 OK
r-release-windows-ix86+x86_64 2.0.1 14.00 67.00 81.00 OK
r-oldrel-windows-ix86+x86_64 2.0.1 10.00 52.00 62.00 OK

Check Details

Version: 2.0.1
Check: installed package size
Result: NOTE
     installed size is 5.2Mb
     sub-directories of 1Mb or more:
     data 3.3Mb
     help 1.5Mb
Flavors: r-patched-solaris-sparc, r-patched-solaris-x86