CRAN Package Check Results for Package copBasic

Last updated on 2017-09-19 19:46:18.

Flavor Version Tinstall Tcheck Ttotal Status Flags
r-devel-linux-x86_64-debian-clang 2.0.5 2.22 37.24 39.46 OK
r-devel-linux-x86_64-debian-gcc 2.0.5 2.47 36.52 38.99 OK
r-devel-linux-x86_64-fedora-clang 2.0.5 69.69 OK
r-devel-linux-x86_64-fedora-gcc 2.0.5 69.56 OK
r-devel-windows-ix86+x86_64 2.0.5 7.00 86.00 93.00 OK
r-patched-linux-x86_64 2.0.5 2.28 36.61 38.89 OK
r-patched-solaris-x86 2.0.5 81.00 OK
r-release-linux-x86_64 2.0.5 2.51 35.81 38.32 OK
r-release-windows-ix86+x86_64 2.0.5 7.00 70.00 77.00 OK
r-release-osx-x86_64 2.0.5 NOTE
r-oldrel-windows-ix86+x86_64 2.0.5 7.00 62.00 69.00 OK
r-oldrel-osx-x86_64 2.0.5 OK

Check Details

Version: 2.0.5
Check: package dependencies
Result: NOTE
    Package suggested but not available for checking: ‘copula’
Flavor: r-release-osx-x86_64