CRAN Package Check Results for Package copas

Last updated on 2014-04-23 20:47:09.

Flavor Version Tinstall Tcheck Ttotal Status Flags
r-devel-linux-x86_64-debian-clang 0.8-0 0.78 19.74 20.52 OK
r-devel-linux-x86_64-debian-gcc 0.8-0 0.78 19.62 20.40 OK
r-devel-linux-x86_64-fedora-clang 0.8-0 41.54 OK
r-devel-linux-x86_64-fedora-gcc 0.8-0 39.89 OK
r-devel-osx-x86_64-clang 0.8-0 35.73 OK
r-devel-osx-x86_64-gcc 0.8-0 OK
r-devel-windows-ix86+x86_64 0.8-0 3.00 31.00 34.00 OK
r-patched-linux-x86_64 0.8-0 0.77 19.62 20.39 OK
r-patched-solaris-sparc 0.8-0 230.90 OK
r-patched-solaris-x86 0.8-0 51.80 OK
r-release-linux-ix86 0.8-0 2.00 39.00 41.00 OK
r-release-linux-x86_64 0.8-0 0.78 20.09 20.87 OK
r-release-osx-x86_64-mavericks 0.8-0 WARN
r-release-osx-x86_64-snowleopard 0.8-0 OK
r-release-windows-ix86+x86_64 0.8-0 3.00 32.00 35.00 OK
r-oldrel-windows-ix86+x86_64 0.8-0 3.00 34.00 37.00 OK

Check Details

Version: 0.8-0
Check: PDF version of manual
Result: WARNING
    LaTeX errors when creating PDF version.
    This typically indicates Rd problems.
    LaTeX errors found:
    ! LaTeX Error: File `upquote.sty' not found.
    
    Type X to quit or <RETURN> to proceed,
    or enter new name. (Default extension: sty)
    
    1c6a01d/Rd2.tex:8: ==> Fatal error occurred, no output PDF file produced!
Flavor: r-release-osx-x86_64-mavericks