CRAN Package Check Results for Package coppeCosenzaR

Last updated on 2024-03-01 11:53:38 CET.

Flavor Version Tinstall Tcheck Ttotal Status Flags
r-devel-linux-x86_64-debian-clang 0.1.3 4.72 32.97 37.69 NOTE
r-devel-linux-x86_64-debian-gcc 0.1.3 4.02 25.48 29.50 NOTE
r-devel-linux-x86_64-fedora-clang 0.1.3 47.91 NOTE
r-devel-linux-x86_64-fedora-gcc 0.1.3 45.88 NOTE
r-devel-windows-x86_64 0.1.3 5.00 52.00 57.00 NOTE
r-patched-linux-x86_64 0.1.3 4.81 31.99 36.80 NOTE
r-release-linux-x86_64 0.1.3 4.97 32.34 37.31 NOTE
r-release-macos-arm64 0.1.3 19.00 NOTE
r-release-macos-x86_64 0.1.3 27.00 NOTE
r-release-windows-x86_64 0.1.3 5.00 54.00 59.00 NOTE
r-oldrel-macos-arm64 0.1.3 19.00 NOTE
r-oldrel-windows-x86_64 0.1.3 7.00 54.00 61.00 NOTE

Check Details

Version: 0.1.3
Check: LazyData
Result: NOTE 'LazyData' is specified without a 'data' directory Flavors: r-devel-linux-x86_64-debian-clang, r-devel-linux-x86_64-debian-gcc, r-devel-linux-x86_64-fedora-clang, r-devel-linux-x86_64-fedora-gcc, r-devel-windows-x86_64, r-patched-linux-x86_64, r-release-linux-x86_64, r-release-macos-arm64, r-release-macos-x86_64, r-release-windows-x86_64, r-oldrel-macos-arm64, r-oldrel-windows-x86_64