CRAN Package Check Results for Package copula

Last updated on 2015-03-02 13:47:00.

Flavor Version Tinstall Tcheck Ttotal Status Flags
r-devel-linux-x86_64-debian-clang 0.999-12 9.13 258.24 267.38 NOTE
r-devel-linux-x86_64-debian-gcc 0.999-12 9.73 245.12 254.85 NOTE
r-devel-linux-x86_64-fedora-clang 0.999-12 532.57 NOTE
r-devel-linux-x86_64-fedora-gcc 0.999-12 492.22 NOTE
r-devel-osx-x86_64-clang 0.999-12 450.47 NOTE
r-devel-windows-ix86+x86_64 0.999-12 79.00 628.00 707.00 NOTE
r-patched-linux-x86_64 0.999-12 11.29 278.84 290.12 NOTE
r-patched-solaris-sparc 0.999-12 2661.60 NOTE --no-vignettes
r-patched-solaris-x86 0.999-12 731.90 NOTE
r-release-linux-ix86 0.999-12 14.54 350.08 364.62 OK
r-release-linux-x86_64 0.999-12 10.79 277.90 288.68 OK
r-release-osx-x86_64-mavericks 0.999-12 OK
r-release-osx-x86_64-snowleopard 0.999-12 OK
r-release-windows-ix86+x86_64 0.999-12 71.00 724.00 795.00 OK
r-oldrel-windows-ix86+x86_64 0.999-12 42.00 557.00 599.00 OK

Check Details

Version: 0.999-12
Check: dependencies in R code
Result: NOTE
    'library' or 'require' calls in package code:
     ‘MASS’ ‘Rmpfr’ ‘bbmle’ ‘colorspace’
     Please use :: or requireNamespace() instead.
     See section 'Suggested packages' in the 'Writing R Extensions' manual.
Flavors: r-devel-linux-x86_64-debian-clang, r-devel-linux-x86_64-debian-gcc, r-devel-linux-x86_64-fedora-clang, r-devel-linux-x86_64-fedora-gcc, r-devel-osx-x86_64-clang, r-devel-windows-ix86+x86_64, r-patched-linux-x86_64, r-patched-solaris-x86

Version: 0.999-12
Flags: --no-vignettes
Check: dependencies in R code
Result: NOTE
    'library' or 'require' calls in package code:
     ‘MASS’ ‘Rmpfr’ ‘bbmle’ ‘colorspace’
     Please use :: or requireNamespace() instead.
     See section 'Suggested packages' in the 'Writing R Extensions' manual.
Flavor: r-patched-solaris-sparc