CRAN Package Check Results for Package copula

Last updated on 2015-01-29 20:48:49.

Flavor Version Tinstall Tcheck Ttotal Status Flags
r-devel-linux-x86_64-debian-clang 0.999-12 10.57 258.03 268.60 NOTE
r-devel-linux-x86_64-debian-gcc 0.999-12 10.22 249.62 259.84 NOTE
r-devel-linux-x86_64-fedora-clang 0.999-12 579.84 NOTE
r-devel-linux-x86_64-fedora-gcc 0.999-12 563.34 NOTE
r-devel-osx-x86_64-clang 0.999-12 498.26 NOTE
r-devel-windows-ix86+x86_64 0.999-12 53.00 473.00 526.00 NOTE
r-patched-linux-x86_64 0.999-12 10.78 275.64 286.43 OK
r-patched-solaris-sparc 0.999-12 2605.00 OK --no-vignettes
r-patched-solaris-x86 0.999-12 742.40 OK
r-release-linux-ix86 0.999-12 13.46 324.18 337.64 OK
r-release-linux-x86_64 0.999-12 10.76 273.88 284.64 OK
r-release-osx-x86_64-mavericks 0.999-12 OK
r-release-osx-x86_64-snowleopard 0.999-12 OK
r-release-windows-ix86+x86_64 0.999-12 38.00 531.00 569.00 OK
r-oldrel-windows-ix86+x86_64 0.999-12 41.00 552.00 593.00 OK

Check Details

Version: 0.999-12
Check: dependencies in R code
Result: NOTE
    'library' or 'require' calls in package code:
     ‘MASS’ ‘Rmpfr’ ‘bbmle’ ‘colorspace’
     Please use :: or requireNamespace() instead.
     See section 'Suggested packages' in the 'Writing R Extensions' manual.
Flavors: r-devel-linux-x86_64-debian-clang, r-devel-linux-x86_64-debian-gcc, r-devel-linux-x86_64-fedora-clang, r-devel-linux-x86_64-fedora-gcc, r-devel-osx-x86_64-clang, r-devel-windows-ix86+x86_64