CRAN Package Check Results for Package copula

Last updated on 2016-10-01 20:47:11.

Flavor Version Tinstall Tcheck Ttotal Status Flags
r-devel-linux-x86_64-debian-clang 0.999-15 27.34 592.50 619.84 NOTE
r-devel-linux-x86_64-debian-gcc 0.999-15 25.16 583.43 608.59 NOTE
r-devel-linux-x86_64-fedora-clang 0.999-15 1160.02 NOTE
r-devel-linux-x86_64-fedora-gcc 0.999-15 1086.63 NOTE
r-devel-macos-x86_64-clang 0.999-15 787.64 NOTE
r-devel-windows-ix86+x86_64 0.999-15 100.00 553.00 653.00 NOTE --no-vignettes
r-patched-linux-x86_64 0.999-15 24.42 561.87 586.29 NOTE
r-patched-solaris-sparc 0.999-15 2636.40 NOTE --no-vignettes
r-patched-solaris-x86 0.999-15 1134.60 NOTE
r-release-linux-x86_64 0.999-15 23.44 582.66 606.11 NOTE
r-release-osx-x86_64-mavericks 0.999-15 NOTE
r-release-windows-ix86+x86_64 0.999-15 58.00 592.00 650.00 NOTE --no-vignettes
r-oldrel-windows-ix86+x86_64 0.999-15 66.00 390.00 456.00 NOTE --no-vignettes

Check Details

Version: 0.999-15
Check: installed package size
Result: NOTE
     installed size is 10.7Mb
     sub-directories of 1Mb or more:
     R 1.9Mb
     doc 6.8Mb
Flavors: r-devel-linux-x86_64-debian-clang, r-devel-linux-x86_64-debian-gcc, r-devel-linux-x86_64-fedora-clang, r-devel-linux-x86_64-fedora-gcc, r-devel-macos-x86_64-clang, r-patched-linux-x86_64, r-patched-solaris-x86, r-release-linux-x86_64, r-release-osx-x86_64-mavericks

Version: 0.999-15
Check: for unstated dependencies in vignettes
Result: NOTE
    'library' or 'require' calls not declared from:
     ‘gridExtra’ ‘qrng’
Flavors: r-devel-linux-x86_64-debian-clang, r-devel-linux-x86_64-debian-gcc, r-devel-linux-x86_64-fedora-clang, r-devel-linux-x86_64-fedora-gcc, r-devel-macos-x86_64-clang, r-patched-linux-x86_64, r-patched-solaris-x86, r-release-linux-x86_64

Version: 0.999-15
Flags: --no-vignettes
Check: installed package size
Result: NOTE
     installed size is 8.0Mb
     sub-directories of 1Mb or more:
     R 1.6Mb
     doc 4.5Mb
Flavors: r-devel-windows-ix86+x86_64, r-patched-solaris-sparc, r-release-windows-ix86+x86_64, r-oldrel-windows-ix86+x86_64

Version: 0.999-15
Flags: --no-vignettes
Check: for unstated dependencies in vignettes
Result: NOTE
    'library' or 'require' calls not declared from:
     ‘gridExtra’ ‘qrng’
Flavor: r-patched-solaris-sparc