CRAN Package Check Results for Package copula

Last updated on 2017-06-22 15:48:20.

Flavor Version Tinstall Tcheck Ttotal Status Flags
r-devel-linux-x86_64-debian-clang 0.999-17 30.37 611.38 641.75 OK
r-devel-linux-x86_64-debian-gcc 0.999-17 30.09 592.93 623.02 OK
r-devel-linux-x86_64-fedora-clang 0.999-17 1261.92 NOTE
r-devel-linux-x86_64-fedora-gcc 0.999-17 694.51 NOTE
r-devel-windows-ix86+x86_64 0.999-17 105.00 632.00 737.00 NOTE --no-vignettes
r-patched-linux-x86_64 0.999-17 30.38 591.36 621.74 OK
r-patched-solaris-sparc 0.999-16 3553.60 NOTE --no-vignettes
r-patched-solaris-x86 0.999-17 1210.60 NOTE
r-release-linux-x86_64 0.999-17 28.44 587.30 615.75 OK
r-release-windows-ix86+x86_64 0.999-17 77.00 498.00 575.00 NOTE --no-vignettes
r-release-osx-x86_64 0.999-17 ERROR
r-oldrel-windows-ix86+x86_64 0.999-17 113.00 607.00 720.00 NOTE --no-vignettes
r-oldrel-osx-x86_64 0.999-17 NOTE

Check Details

Version: 0.999-17
Check: installed package size
Result: NOTE
     installed size is 9.0Mb
     sub-directories of 1Mb or more:
     R 2.1Mb
     doc 4.7Mb
Flavors: r-devel-linux-x86_64-fedora-clang, r-devel-linux-x86_64-fedora-gcc, r-patched-solaris-x86, r-release-osx-x86_64, r-oldrel-osx-x86_64

Version: 0.999-17
Flags: --no-vignettes
Check: installed package size
Result: NOTE
     installed size is 8.8Mb
     sub-directories of 1Mb or more:
     R 2.0Mb
     doc 4.7Mb
Flavors: r-devel-windows-ix86+x86_64, r-release-windows-ix86+x86_64, r-oldrel-windows-ix86+x86_64

Version: 0.999-16
Flags: --no-vignettes
Check: installed package size
Result: NOTE
     installed size is 11.5Mb
     sub-directories of 1Mb or more:
     R 2.3Mb
     doc 7.4Mb
Flavor: r-patched-solaris-sparc

Version: 0.999-17
Check: package dependencies
Result: NOTE
    Packages suggested but not available for checking: ‘Rmpfr’ ‘partitions’
Flavor: r-release-osx-x86_64

Version: 0.999-17
Check: Rd cross-references
Result: NOTE
    Package unavailable to check Rd xrefs: ‘Rmpfr’
Flavor: r-release-osx-x86_64

Version: 0.999-17
Check: running R code from vignettes
Result: ERROR
    Errors in running code in vignettes:
    when running code in ‘Frank-Rmpfr.Rnw’
     ...
    > fnam <- sprintf("mlogL_mpfr_%s.rda", Sys.info()[["machine"]])
    
    > if (!file.exists(fn <- file.path(copDDir, fnam))) {
    + print(system.time(nllMP <- lapply(MPrecBits, function(pBit) {
    + nlM <- thM <- mpfr .... [TRUNCATED]
    Timing stopped at: 0.005 0 0.005
    
     When sourcing 'Frank-Rmpfr.R':
    Error: could not find function "mpfr"
    Execution halted
Flavor: r-release-osx-x86_64

Version: 0.999-17
Check: re-building of vignette outputs
Result: NOTE
    Error in re-building vignettes:
     ...
    Loading required package: gsl
    
    Attaching package: 'gsl'
    
    The following objects are masked from 'package:copula':
    
     psi, sinc
    
    Warning in engine$weave(file, quiet = quiet, encoding = enc) :
     Pandoc (>= 1.12.3) and/or pandoc-citeproc not available. Falling back to R Markdown v1.
    Loading required package: rugarch
    Loading required package: parallel
    
    Attaching package: 'rugarch'
    
    The following object is masked from 'package:stats':
    
     sigma
    
    Warning in engine$weave(file, quiet = quiet, encoding = enc) :
     Pandoc (>= 1.12.3) and/or pandoc-citeproc not available. Falling back to R Markdown v1.
    Quitting from lines 36-38 (dNAC.Rmd)
    Error: processing vignette 'dNAC.Rmd' failed with diagnostics:
    there is no package called 'partitions'
    Execution halted
Flavor: r-release-osx-x86_64