CRAN Package Check Results for Package copula

Last updated on 2017-12-14 17:48:23 CET.

Flavor Version Tinstall Tcheck Ttotal Status Flags
r-devel-linux-x86_64-debian-clang 0.999-18 40.42 127.35 167.77 FAIL
r-devel-linux-x86_64-debian-gcc 0.999-18 36.16 112.65 148.81 FAIL
r-devel-linux-x86_64-fedora-clang 0.999-18 1171.88 NOTE
r-devel-linux-x86_64-fedora-gcc 0.999-18 1174.85 NOTE
r-devel-windows-ix86+x86_64 0.999-18 97.00 597.00 694.00 NOTE --no-vignettes
r-patched-linux-x86_64 0.999-18 41.21 1035.69 1076.90 OK
r-patched-solaris-x86 0.999-18 1372.20 NOTE
r-release-linux-x86_64 0.999-18 40.57 1013.13 1053.70 OK
r-release-windows-ix86+x86_64 0.999-18 69.00 832.00 901.00 NOTE --no-vignettes
r-release-osx-x86_64 0.999-18 NOTE
r-oldrel-windows-ix86+x86_64 0.999-18 70.00 711.00 781.00 NOTE --no-vignettes
r-oldrel-osx-x86_64 0.999-18 NOTE

Check Details

Version: 0.999-18
Check: pragmas in C/C++ headers and code
Result: FAIL
    
Flavors: r-devel-linux-x86_64-debian-clang, r-devel-linux-x86_64-debian-gcc

Version: 0.999-18
Check: installed package size
Result: NOTE
     installed size is 10.7Mb
     sub-directories of 1Mb or more:
     R 2.1Mb
     doc 6.5Mb
Flavors: r-devel-linux-x86_64-fedora-clang, r-devel-linux-x86_64-fedora-gcc, r-patched-solaris-x86, r-release-osx-x86_64, r-oldrel-osx-x86_64

Version: 0.999-18
Flags: --no-vignettes
Check: installed package size
Result: NOTE
     installed size is 10.5Mb
     sub-directories of 1Mb or more:
     R 2.0Mb
     doc 6.5Mb
Flavors: r-devel-windows-ix86+x86_64, r-release-windows-ix86+x86_64, r-oldrel-windows-ix86+x86_64

Version: 0.999-18
Check: re-building of vignette outputs
Result: NOTE
    Error in re-building vignettes:
     ...
    
    The following objects are masked from 'package:stats':
    
     dbinom, dnorm, dpois, pnorm
    
    The following objects are masked from 'package:base':
    
     cbind, pmax, pmin, rbind
    
    Error in texi2dvi(file = file, pdf = TRUE, clean = clean, quiet = quiet, :
     Running 'texi2dvi' on 'Frank-Rmpfr.tex' failed.
    LaTeX errors:
    ! LaTeX Error: File `enumitem.sty' not found.
    
    Type X to quit or <RETURN> to proceed,
    or enter new name. (Default extension: sty)
    
    ! Emergency stop.
    <read *>
    
    l.79 ^^M
    
    ! ==> Fatal error occurred, no output PDF file produced!
    Calls: buildVignettes -> texi2pdf -> texi2dvi
    Execution halted
Flavor: r-release-osx-x86_64