CRAN Package Check Results for Package copula

Last updated on 2014-11-01 08:48:13.

Flavor Version Tinstall Tcheck Ttotal Status Flags
r-devel-linux-x86_64-debian-clang 0.999-12 10.40 283.55 293.95 OK
r-devel-linux-x86_64-debian-gcc 0.999-12 10.63 265.94 276.57 OK
r-devel-linux-x86_64-fedora-clang 0.999-12 631.32 OK
r-devel-linux-x86_64-fedora-gcc 0.999-12 588.91 OK
r-devel-osx-x86_64-clang 0.999-12 497.35 OK
r-devel-windows-ix86+x86_64 0.999-12 39.00 479.00 518.00 OK
r-patched-linux-x86_64 0.999-12 11.08 286.80 297.87 OK
r-patched-solaris-sparc 0.999-12 2433.00 OK --no-vignettes
r-patched-solaris-x86 0.999-12 744.40 OK
r-release-linux-ix86 0.999-12 13.99 347.27 361.26 OK
r-release-linux-x86_64 0.999-12 11.64 293.98 305.62 OK
r-release-osx-x86_64-mavericks 0.999-12 ERROR
r-release-osx-x86_64-snowleopard 0.999-12 OK
r-release-windows-ix86+x86_64 0.999-12 36.00 509.00 545.00 OK
r-oldrel-windows-ix86+x86_64 0.999-12 39.00 531.00 570.00 OK

Check Details

Version: 0.999-12
Check: package dependencies
Result: ERROR
    Package required but not available: ‘gsl’
    
    See the information on DESCRIPTION files in the chapter ‘Creating R
    packages’ of the ‘Writing R Extensions’ manual.
Flavor: r-release-osx-x86_64-mavericks