CRAN Package Check Results for Package copula

Last updated on 2017-05-25 06:47:38.

Flavor Version Tinstall Tcheck Ttotal Status Flags
r-devel-linux-x86_64-debian-clang 0.999-16 29.09 602.84 631.93 OK
r-devel-linux-x86_64-debian-gcc 0.999-16 33.70 598.01 631.71 OK
r-devel-linux-x86_64-fedora-clang 0.999-16 1264.21 NOTE --no-stop-on-test-error
r-devel-linux-x86_64-fedora-gcc 0.999-16 1171.67 NOTE --no-stop-on-test-error
r-devel-windows-ix86+x86_64 0.999-16 73.00 793.00 866.00 NOTE --no-vignettes
r-patched-linux-x86_64 0.999-16 30.43 592.92 623.35 OK
r-patched-solaris-sparc 0.999-16 3553.60 NOTE --no-vignettes
r-patched-solaris-x86 0.999-16 1331.00 NOTE
r-release-linux-x86_64 0.999-16 28.71 586.15 614.86 OK
r-release-windows-ix86+x86_64 0.999-16 105.00 774.00 879.00 NOTE --no-vignettes
r-release-osx-x86_64 0.999-16 ERROR
r-oldrel-windows-ix86+x86_64 0.999-16 95.00 653.00 748.00 NOTE --no-vignettes
r-oldrel-osx-x86_64 0.999-16 NOTE

Check Details

Version: 0.999-16
Flags: --no-stop-on-test-error
Check: installed package size
Result: NOTE
     installed size is 10.7Mb
     sub-directories of 1Mb or more:
     R 2.1Mb
     doc 6.5Mb
Flavors: r-devel-linux-x86_64-fedora-clang, r-devel-linux-x86_64-fedora-gcc

Version: 0.999-16
Flags: --no-vignettes
Check: installed package size
Result: NOTE
     installed size is 10.5Mb
     sub-directories of 1Mb or more:
     R 2.0Mb
     doc 6.5Mb
Flavors: r-devel-windows-ix86+x86_64, r-patched-solaris-sparc, r-release-windows-ix86+x86_64, r-oldrel-windows-ix86+x86_64

Version: 0.999-16
Check: installed package size
Result: NOTE
     installed size is 11.7Mb
     sub-directories of 1Mb or more:
     R 2.3Mb
     doc 7.4Mb
Flavors: r-patched-solaris-x86, r-release-osx-x86_64, r-oldrel-osx-x86_64

Version: 0.999-16
Check: package dependencies
Result: NOTE
    Packages suggested but not available for checking:
     ‘Rmpfr’ ‘lcopula’ ‘partitions’ ‘VineCopula’
Flavor: r-release-osx-x86_64

Version: 0.999-16
Check: Rd cross-references
Result: NOTE
    Package unavailable to check Rd xrefs: ‘Rmpfr’
Flavor: r-release-osx-x86_64

Version: 0.999-16
Check: running R code from vignettes
Result: ERROR
    Errors in running code in vignettes:
    when running code in ‘Frank-Rmpfr.Rnw’
     ...
    > fnam <- sprintf("mlogL_mpfr_%s.rda", Sys.info()[["machine"]])
    
    > if (!file.exists(fn <- file.path(copDDir, fnam))) {
    + print(system.time(nllMP <- lapply(MPrecBits, function(pBit) {
    + nlM <- thM <- mpfr .... [TRUNCATED]
    Timing stopped at: 0.005 0 0.005
    
     When sourcing 'Frank-Rmpfr.R':
    Error: could not find function "mpfr"
    Execution halted
Flavor: r-release-osx-x86_64

Version: 0.999-16
Check: re-building of vignette outputs
Result: NOTE
    Error in re-building vignettes:
     ...
    Loading required package: gsl
    
    Attaching package: 'gsl'
    
    The following objects are masked from 'package:copula':
    
     psi, sinc
    
    Warning in engine$weave(file, quiet = quiet, encoding = enc) :
     Pandoc (>= 1.12.3) and/or pandoc-citeproc not available. Falling back to R Markdown v1.
    Loading required package: rugarch
    Loading required package: parallel
    
    Attaching package: 'rugarch'
    
    The following object is masked from 'package:stats':
    
     sigma
    
    Warning in engine$weave(file, quiet = quiet, encoding = enc) :
     Pandoc (>= 1.12.3) and/or pandoc-citeproc not available. Falling back to R Markdown v1.
    Quitting from lines 36-38 (dNAC.Rmd)
    Error: processing vignette 'dNAC.Rmd' failed with diagnostics:
    there is no package called 'partitions'
    Execution halted
Flavor: r-release-osx-x86_64