CRAN Package Check Results for Package copula

Last updated on 2016-08-26 11:47:15.

Flavor Version Tinstall Tcheck Ttotal Status Flags
r-devel-linux-x86_64-debian-clang 0.999-15 23.97 582.33 606.30 NOTE
r-devel-linux-x86_64-debian-gcc 0.999-15 29.52 732.40 761.92 NOTE
r-devel-linux-x86_64-fedora-clang 0.999-15 1131.52 NOTE
r-devel-linux-x86_64-fedora-gcc 0.999-15 1058.73 NOTE
r-devel-osx-x86_64-clang 0.999-15 819.75 NOTE
r-devel-windows-ix86+x86_64 0.999-15 75.00 386.00 461.00 NOTE --no-vignettes
r-patched-linux-x86_64 0.999-15 24.07 568.26 592.33 NOTE
r-patched-solaris-sparc 0.999-15 2809.90 NOTE --no-vignettes
r-patched-solaris-x86 0.999-15 1153.60 NOTE
r-release-linux-x86_64 0.999-15 22.47 561.79 584.26 NOTE
r-release-osx-x86_64-mavericks 0.999-15 NOTE
r-release-windows-ix86+x86_64 0.999-15 53.00 391.00 444.00 NOTE --no-vignettes
r-oldrel-windows-ix86+x86_64 0.999-15 65.00 619.00 684.00 NOTE --no-vignettes

Check Details

Version: 0.999-15
Check: installed package size
Result: NOTE
     installed size is 8.2Mb
     sub-directories of 1Mb or more:
     R 1.6Mb
     doc 4.5Mb
Flavors: r-devel-linux-x86_64-debian-clang, r-devel-linux-x86_64-debian-gcc, r-devel-linux-x86_64-fedora-clang, r-devel-linux-x86_64-fedora-gcc, r-devel-osx-x86_64-clang, r-patched-linux-x86_64, r-patched-solaris-x86, r-release-linux-x86_64, r-release-osx-x86_64-mavericks

Version: 0.999-15
Flags: --no-vignettes
Check: installed package size
Result: NOTE
     installed size is 8.0Mb
     sub-directories of 1Mb or more:
     R 1.6Mb
     doc 4.5Mb
Flavors: r-devel-windows-ix86+x86_64, r-patched-solaris-sparc, r-release-windows-ix86+x86_64, r-oldrel-windows-ix86+x86_64