CRAN Package Check Results for Package copula

Last updated on 2014-12-22 11:51:36.

Flavor Version Tinstall Tcheck Ttotal Status Flags
r-devel-linux-x86_64-debian-clang 0.999-12 10.42 264.58 275.00 OK
r-devel-linux-x86_64-debian-gcc 0.999-12 10.33 254.54 264.86 OK
r-devel-linux-x86_64-fedora-clang 0.999-12 601.27 OK
r-devel-linux-x86_64-fedora-gcc 0.999-12 568.71 OK
r-devel-osx-x86_64-clang 0.999-12 486.40 OK
r-devel-windows-ix86+x86_64 0.999-12 42.00 475.00 517.00 OK
r-patched-linux-x86_64 0.999-12 10.67 277.06 287.73 OK
r-patched-solaris-sparc 0.999-12 2606.10 OK --no-vignettes
r-patched-solaris-x86 0.999-12 736.40 OK
r-release-linux-ix86 0.999-12 13.40 323.68 337.09 OK
r-release-linux-x86_64 0.999-12 10.70 277.30 288.00 OK
r-release-osx-x86_64-mavericks 0.999-12 ERROR
r-release-osx-x86_64-snowleopard 0.999-12 OK
r-release-windows-ix86+x86_64 0.999-12 47.00 506.00 553.00 OK
r-oldrel-windows-ix86+x86_64 0.999-12 43.00 532.00 575.00 OK

Check Details

Version: 0.999-12
Check: package dependencies
Result: ERROR
    Package required but not available: ‘gsl’
    
    See the information on DESCRIPTION files in the chapter ‘Creating R
    packages’ of the ‘Writing R Extensions’ manual.
Flavor: r-release-osx-x86_64-mavericks