CRAN Package Check Results for Package copula

Last updated on 2015-04-19 03:49:32.

Flavor Version Tinstall Tcheck Ttotal Status Flags
r-devel-linux-x86_64-debian-clang 0.999-13 21.31 253.77 275.08 OK
r-devel-linux-x86_64-debian-gcc 0.999-13 20.60 251.52 272.13 OK
r-devel-linux-x86_64-fedora-clang 0.999-13 561.64 OK
r-devel-linux-x86_64-fedora-gcc 0.999-13 526.75 OK
r-devel-osx-x86_64-clang 0.999-13 459.97 OK
r-patched-linux-x86_64 0.999-13 20.64 247.85 268.49 OK
r-patched-solaris-sparc 0.999-13 2523.80 NOTE --no-vignettes
r-patched-solaris-x86 0.999-13 646.80 NOTE
r-release-linux-x86_64 0.999-13 20.90 248.73 269.63 OK
r-release-osx-x86_64-mavericks 0.999-13 OK
r-release-osx-x86_64-snowleopard 0.999-13 NOTE
r-release-windows-ix86+x86_64 0.999-13 63.00 598.00 661.00 OK
r-oldrel-windows-ix86+x86_64 0.999-13 66.00 728.00 794.00 OK

Check Details

Version: 0.999-13
Flags: --no-vignettes
Check: installed package size
Result: NOTE
     installed size is 5.1Mb
     sub-directories of 1Mb or more:
     R 1.8Mb
     doc 1.5Mb
Flavor: r-patched-solaris-sparc

Version: 0.999-13
Check: installed package size
Result: NOTE
     installed size is 5.2Mb
     sub-directories of 1Mb or more:
     R 1.8Mb
     doc 1.5Mb
Flavor: r-patched-solaris-x86

Version: 0.999-13
Check: package dependencies
Result: NOTE
    Packages suggested but not available for checking:
     ‘rugarch’ ‘tseries’ ‘zoo’
Flavor: r-release-osx-x86_64-snowleopard