CRAN Package Check Results for Package copula

Last updated on 2019-06-26 01:54:12 CEST.

Flavor Version Tinstall Tcheck Ttotal Status Flags
r-devel-linux-x86_64-debian-clang 0.999-19.1 43.21 1015.72 1058.93 OK
r-devel-linux-x86_64-debian-gcc 0.999-19.1 36.31 730.41 766.72 OK
r-devel-linux-x86_64-fedora-clang 0.999-19.1 690.93 NOTE
r-devel-linux-x86_64-fedora-gcc 0.999-19.1 903.85 OK
r-devel-windows-ix86+x86_64 0.999-19.1 117.00 719.00 836.00 NOTE --no-vignettes
r-patched-linux-x86_64 0.999-19.1 43.87 993.96 1037.83 OK
r-patched-solaris-x86 0.999-19.1 1455.70 NOTE
r-release-linux-x86_64 0.999-19.1 40.99 999.91 1040.90 OK
r-release-windows-ix86+x86_64 0.999-19.1 88.00 845.00 933.00 NOTE --no-vignettes
r-release-osx-x86_64 0.999-19.1 NOTE
r-oldrel-windows-ix86+x86_64 0.999-19.1 77.00 616.00 693.00 NOTE --no-vignettes
r-oldrel-osx-x86_64 0.999-19.1 NOTE

Additional issues

LTO

Check Details

Version: 0.999-19.1
Check: installed package size
Result: NOTE
     installed size is 10.0Mb
     sub-directories of 1Mb or more:
     R 2.1Mb
     doc 5.6Mb
Flavors: r-devel-linux-x86_64-fedora-clang, r-patched-solaris-x86, r-release-osx-x86_64, r-oldrel-osx-x86_64

Version: 0.999-19.1
Flags: --no-vignettes
Check: installed package size
Result: NOTE
     installed size is 9.7Mb
     sub-directories of 1Mb or more:
     R 2.1Mb
     doc 5.6Mb
Flavors: r-devel-windows-ix86+x86_64, r-release-windows-ix86+x86_64, r-oldrel-windows-ix86+x86_64

Version: 0.999-19.1
Check: package dependencies
Result: NOTE
    Package suggested but not available for checking: ‘lcopula’
Flavor: r-patched-solaris-x86