CRAN Package Check Results for Package copula

Last updated on 2022-12-04 06:49:14 CET.

Flavor Version Tinstall Tcheck Ttotal Status Flags
r-devel-linux-x86_64-debian-clang 1.1-1 50.63 890.43 941.06 OK
r-devel-linux-x86_64-debian-gcc 1.1-1 43.26 652.00 695.26 OK
r-devel-linux-x86_64-fedora-clang 1.1-1 1207.73 NOTE
r-devel-linux-x86_64-fedora-gcc 1.1-1 1229.83 OK
r-devel-windows-x86_64 1.1-1 263.00 498.00 761.00 NOTE --no-vignettes
r-patched-linux-x86_64 1.1-1 47.86 861.69 909.55 OK
r-release-linux-x86_64 1.1-1 48.05 800.44 848.49 OK
r-release-macos-arm64 1.1-1 376.00 NOTE
r-release-macos-x86_64 1.1-1 387.00 NOTE
r-release-windows-x86_64 1.1-1 222.00 524.00 746.00 NOTE --no-vignettes
r-oldrel-macos-arm64 1.1-1 412.00 NOTE
r-oldrel-macos-x86_64 1.1-1 402.00 NOTE
r-oldrel-windows-ix86+x86_64 1.1-1 105.00 840.00 945.00 NOTE --no-vignettes

Check Details

Version: 1.1-1
Check: installed package size
Result: NOTE
     installed size is 8.2Mb
     sub-directories of 1Mb or more:
     R 2.2Mb
     doc 4.0Mb
Flavors: r-devel-linux-x86_64-fedora-clang, r-release-macos-arm64, r-release-macos-x86_64, r-oldrel-macos-arm64, r-oldrel-macos-x86_64

Version: 1.1-1
Flags: --no-vignettes
Check: installed package size
Result: NOTE
     installed size is 8.1Mb
     sub-directories of 1Mb or more:
     R 2.1Mb
     doc 4.0Mb
Flavors: r-devel-windows-x86_64, r-release-windows-x86_64, r-oldrel-windows-ix86+x86_64