CRAN Package Check Results for Package copula

Last updated on 2020-03-31 15:49:31 CEST.

Flavor Version Tinstall Tcheck Ttotal Status Flags
r-devel-linux-x86_64-debian-clang 0.999-20 49.97 1127.51 1177.48 OK
r-devel-linux-x86_64-debian-gcc 0.999-20 41.23 789.80 831.03 OK
r-devel-linux-x86_64-fedora-clang 0.999-20 1336.88 NOTE
r-devel-linux-x86_64-fedora-gcc 0.999-20 1309.66 OK
r-devel-windows-ix86+x86_64 0.999-20 84.00 984.00 1068.00 NOTE --no-vignettes
r-devel-windows-ix86+x86_64-gcc8 0.999-20 78.00 761.00 839.00 NOTE --no-vignettes
r-patched-linux-x86_64 0.999-20 47.22 1088.94 1136.16 OK
r-patched-solaris-x86 0.999-20 1806.40 NOTE
r-release-linux-x86_64 0.999-20 44.33 984.01 1028.34 OK
r-release-windows-ix86+x86_64 0.999-20 125.00 765.00 890.00 NOTE --no-vignettes
r-release-osx-x86_64 0.999-20 NOTE
r-oldrel-windows-ix86+x86_64 0.999-20 107.00 896.00 1003.00 NOTE --no-vignettes
r-oldrel-osx-x86_64 0.999-20 NOTE

Check Details

Version: 0.999-20
Check: installed package size
Result: NOTE
     installed size is 9.4Mb
     sub-directories of 1Mb or more:
     R 2.1Mb
     doc 5.0Mb
Flavors: r-devel-linux-x86_64-fedora-clang, r-patched-solaris-x86, r-release-osx-x86_64, r-oldrel-osx-x86_64

Version: 0.999-20
Flags: --no-vignettes
Check: installed package size
Result: NOTE
     installed size is 9.1Mb
     sub-directories of 1Mb or more:
     R 2.1Mb
     doc 5.0Mb
Flavors: r-devel-windows-ix86+x86_64, r-devel-windows-ix86+x86_64-gcc8, r-release-windows-ix86+x86_64, r-oldrel-windows-ix86+x86_64