CRAN Package Check Results for Package copula

Last updated on 2017-02-24 11:48:04.

Flavor Version Tinstall Tcheck Ttotal Status Flags
r-devel-linux-x86_64-debian-clang 0.999-16 28.85 610.73 639.58 OK
r-devel-linux-x86_64-debian-gcc 0.999-16 30.70 597.73 628.42 OK
r-devel-linux-x86_64-fedora-clang 0.999-16 1229.04 NOTE --no-stop-on-test-error
r-devel-linux-x86_64-fedora-gcc 0.999-16 1180.08 NOTE --no-stop-on-test-error
r-devel-macos-x86_64-clang 0.999-16 882.53 NOTE --no-stop-on-test-error
r-devel-windows-ix86+x86_64 0.999-16 136.00 738.00 874.00 NOTE --no-vignettes
r-patched-linux-x86_64 0.999-16 27.55 583.85 611.40 OK
r-patched-solaris-sparc 0.999-16 3232.70 NOTE --no-vignettes
r-patched-solaris-x86 0.999-16 1303.60 NOTE
r-release-linux-x86_64 0.999-16 28.82 569.85 598.67 OK
r-release-osx-x86_64-mavericks 0.999-16 NOTE
r-release-windows-ix86+x86_64 0.999-16 138.00 699.00 837.00 NOTE --no-vignettes
r-oldrel-windows-ix86+x86_64 0.999-16 136.00 884.00 1020.00 NOTE --no-vignettes

Check Details

Version: 0.999-16
Flags: --no-stop-on-test-error
Check: installed package size
Result: NOTE
     installed size is 10.7Mb
     sub-directories of 1Mb or more:
     R 2.1Mb
     doc 6.5Mb
Flavors: r-devel-linux-x86_64-fedora-clang, r-devel-linux-x86_64-fedora-gcc, r-devel-macos-x86_64-clang

Version: 0.999-16
Flags: --no-vignettes
Check: installed package size
Result: NOTE
     installed size is 10.5Mb
     sub-directories of 1Mb or more:
     R 2.0Mb
     doc 6.5Mb
Flavors: r-devel-windows-ix86+x86_64, r-patched-solaris-sparc, r-release-windows-ix86+x86_64, r-oldrel-windows-ix86+x86_64

Version: 0.999-16
Check: installed package size
Result: NOTE
     installed size is 11.4Mb
     sub-directories of 1Mb or more:
     R 2.0Mb
     doc 7.4Mb
Flavors: r-patched-solaris-x86, r-release-osx-x86_64-mavericks