CRAN Package Check Results for Package copula

Last updated on 2016-07-30 23:47:23.

Flavor Version Tinstall Tcheck Ttotal Status Flags
r-devel-linux-x86_64-debian-clang 0.999-15 23.44 575.21 598.65 NOTE
r-devel-linux-x86_64-debian-gcc 0.999-15 22.55 557.92 580.47 NOTE
r-devel-linux-x86_64-fedora-clang 0.999-15 1104.39 NOTE
r-devel-linux-x86_64-fedora-gcc 0.999-15 1051.67 NOTE
r-devel-osx-x86_64-clang 0.999-15 822.63 NOTE
r-devel-windows-ix86+x86_64 0.999-15 59.00 475.00 534.00 NOTE --no-vignettes
r-patched-linux-x86_64 0.999-15 22.64 569.00 591.64 NOTE
r-patched-solaris-sparc 0.999-15 2809.90 NOTE --no-vignettes
r-patched-solaris-x86 0.999-15 1131.30 NOTE
r-release-linux-x86_64 0.999-15 25.72 638.80 664.52 NOTE
r-release-osx-x86_64-mavericks 0.999-15 NOTE
r-release-windows-ix86+x86_64 0.999-15 79.00 550.00 629.00 NOTE --no-vignettes
r-oldrel-windows-ix86+x86_64 0.999-15 85.00 597.00 682.00 NOTE --no-vignettes

Check Details

Version: 0.999-15
Check: installed package size
Result: NOTE
     installed size is 8.2Mb
     sub-directories of 1Mb or more:
     R 1.6Mb
     doc 4.5Mb
Flavors: r-devel-linux-x86_64-debian-clang, r-devel-linux-x86_64-debian-gcc, r-devel-linux-x86_64-fedora-clang, r-devel-linux-x86_64-fedora-gcc, r-devel-osx-x86_64-clang, r-patched-linux-x86_64, r-patched-solaris-x86, r-release-linux-x86_64, r-release-osx-x86_64-mavericks

Version: 0.999-15
Flags: --no-vignettes
Check: installed package size
Result: NOTE
     installed size is 8.1Mb
     sub-directories of 1Mb or more:
     R 1.6Mb
     doc 4.5Mb
Flavors: r-devel-windows-ix86+x86_64, r-patched-solaris-sparc, r-release-windows-ix86+x86_64, r-oldrel-windows-ix86+x86_64