CRAN Package Check Results for Package copula

Last updated on 2014-07-25 12:47:30.

Flavor Version Tinstall Tcheck Ttotal Status Flags
r-devel-linux-x86_64-debian-clang 0.999-10 10.44 272.39 282.83 OK
r-devel-linux-x86_64-debian-gcc 0.999-10 10.97 265.58 276.55 OK
r-devel-linux-x86_64-fedora-clang 0.999-10 661.65 OK
r-devel-linux-x86_64-fedora-gcc 0.999-10 620.69 OK
r-devel-osx-x86_64-clang 0.999-10 499.59 OK
r-devel-windows-ix86+x86_64 0.999-10 41.00 498.00 539.00 OK
r-patched-linux-x86_64 0.999-10 10.67 270.68 281.35 OK
r-patched-solaris-sparc 0.999-10 2526.40 OK --no-vignettes
r-patched-solaris-x86 0.999-10 784.90 OK
r-release-linux-ix86 0.999-10 13.85 347.22 361.06 OK
r-release-linux-x86_64 0.999-10 10.92 273.16 284.08 OK
r-release-osx-x86_64-mavericks 0.999-10 ERROR
r-release-osx-x86_64-snowleopard 0.999-10 OK
r-release-windows-ix86+x86_64 0.999-10 41.00 498.00 539.00 OK
r-oldrel-windows-ix86+x86_64 0.999-10 41.00 556.00 597.00 OK

Check Details

Version: 0.999-10
Check: package dependencies
Result: ERROR
    Package required but not available: ‘gsl’
    
    See the information on DESCRIPTION files in the chapter ‘Creating R
    packages’ of the ‘Writing R Extensions’ manual.
Flavor: r-release-osx-x86_64-mavericks