CRAN Package Check Results for Package copula

Last updated on 2014-08-22 13:46:49.

Flavor Version Tinstall Tcheck Ttotal Status Flags
r-devel-linux-x86_64-debian-clang 0.999-10 11.62 273.99 285.62 OK
r-devel-linux-x86_64-debian-gcc 0.999-10 10.87 262.65 273.52 OK
r-devel-linux-x86_64-fedora-clang 0.999-10 652.19 NOTE
r-devel-linux-x86_64-fedora-gcc 0.999-10 584.88 NOTE
r-devel-osx-x86_64-clang 0.999-10 491.23 NOTE
r-devel-windows-ix86+x86_64 0.999-10 40.00 521.00 561.00 OK
r-patched-linux-x86_64 0.999-10 10.69 270.70 281.39 OK
r-patched-solaris-sparc 0.999-10 2688.60 OK --no-vignettes
r-patched-solaris-x86 0.999-10 793.10 OK
r-release-linux-ix86 0.999-10 13.82 347.97 361.80 OK
r-release-linux-x86_64 0.999-10 11.11 277.37 288.48 OK
r-release-osx-x86_64-mavericks 0.999-10 ERROR
r-release-osx-x86_64-snowleopard 0.999-10 OK
r-release-windows-ix86+x86_64 0.999-10 38.00 509.00 547.00 OK
r-oldrel-windows-ix86+x86_64 0.999-10 43.00 574.00 617.00 OK

Check Details

Version: 0.999-10
Check: R code for possible problems
Result: NOTE
    Bernoulli.all: no visible global function definition for ‘mpfr’
    dDiagFrank: no visible global function definition for ‘chooseMpfr.all’
    dsumSibuya: no visible global function definition for ‘getPrec’
    dsumSibuya: no visible global function definition for ‘chooseMpfr.all’
    dsumSibuya: no visible global function definition for ‘chooseMpfr’
    dsumSibuya : f.1: no visible global function definition for
     ‘chooseMpfr.all’
    dsumSibuya : f.1: no visible global function definition for
     ‘chooseMpfr’
    dsumSibuya : f.1: no visible global function definition for ‘roundMpfr’
    emle: no visible global function definition for ‘mle2’
    heatHCLgap: no visible global function definition for ‘hex’
    heatHCLgap: no visible global function definition for ‘polarLUV’
    heatHCLgap: no visible global function definition for ‘heat_hcl’
    pairsColList: no visible global function definition for ‘hex2RGB’
    splom2: no visible global function definition for ‘trellis.par.get’
    splom2 : my.diag.panel: no visible global function definition for
     ‘diag.panel.splom’
    splom2: no visible global function definition for ‘splom’
    splom2 : <anonymous>: no visible global function definition for
     ‘panel.fill’
    splom2 : <anonymous>: no visible global function definition for
     ‘panel.splom’
Flavors: r-devel-linux-x86_64-fedora-clang, r-devel-linux-x86_64-fedora-gcc, r-devel-osx-x86_64-clang

Version: 0.999-10
Check: package dependencies
Result: ERROR
    Package required but not available: ‘gsl’
    
    See the information on DESCRIPTION files in the chapter ‘Creating R
    packages’ of the ‘Writing R Extensions’ manual.
Flavor: r-release-osx-x86_64-mavericks