CRAN Package Check Results for Package copula

Last updated on 2017-01-22 06:47:01.

Flavor Version Tinstall Tcheck Ttotal Status Flags
r-devel-linux-x86_64-debian-clang 0.999-16 29.17 616.73 645.90 OK
r-devel-linux-x86_64-debian-gcc 0.999-16 29.79 595.73 625.52 OK
r-devel-linux-x86_64-fedora-clang 0.999-16 1244.13 NOTE --no-stop-on-test-error
r-devel-linux-x86_64-fedora-gcc 0.999-16 1163.16 NOTE --no-stop-on-test-error
r-devel-macos-x86_64-clang 0.999-16 883.27 NOTE --no-stop-on-test-error
r-devel-windows-ix86+x86_64 0.999-16 97.00 904.00 1001.00 NOTE --no-vignettes
r-patched-linux-x86_64 0.999-16 29.52 609.30 638.82 OK
r-patched-solaris-sparc 0.999-16 3232.70 NOTE --no-vignettes
r-patched-solaris-x86 0.999-16 1283.60 NOTE
r-release-linux-x86_64 0.999-16 30.78 607.60 638.38 OK
r-release-osx-x86_64-mavericks 0.999-16 NOTE
r-release-windows-ix86+x86_64 0.999-16 129.00 551.00 680.00 NOTE --no-vignettes
r-oldrel-windows-ix86+x86_64 0.999-16 129.00 713.00 842.00 NOTE --no-vignettes

Check Details

Version: 0.999-16
Flags: --no-stop-on-test-error
Check: installed package size
Result: NOTE
     installed size is 10.7Mb
     sub-directories of 1Mb or more:
     R 2.1Mb
     doc 6.5Mb
Flavors: r-devel-linux-x86_64-fedora-clang, r-devel-linux-x86_64-fedora-gcc, r-devel-macos-x86_64-clang

Version: 0.999-16
Flags: --no-vignettes
Check: installed package size
Result: NOTE
     installed size is 10.5Mb
     sub-directories of 1Mb or more:
     R 2.0Mb
     doc 6.5Mb
Flavors: r-devel-windows-ix86+x86_64, r-patched-solaris-sparc, r-release-windows-ix86+x86_64, r-oldrel-windows-ix86+x86_64

Version: 0.999-16
Check: installed package size
Result: NOTE
     installed size is 11.4Mb
     sub-directories of 1Mb or more:
     R 2.0Mb
     doc 7.4Mb
Flavors: r-patched-solaris-x86, r-release-osx-x86_64-mavericks