CRAN Package Check Results for Package copula

Last updated on 2016-05-24 11:48:50.

Flavor Version Tinstall Tcheck Ttotal Status Flags
r-devel-linux-x86_64-debian-gcc 0.999-14 22.15 503.53 525.68 NOTE
r-devel-linux-x86_64-fedora-clang 0.999-14 1094.21 NOTE
r-devel-linux-x86_64-fedora-gcc 0.999-14 975.75 NOTE
r-devel-osx-x86_64-clang 0.999-14 1092.11 NOTE
r-devel-windows-ix86+x86_64 0.999-14 59.00 487.00 546.00 NOTE --no-vignettes
r-patched-linux-x86_64 0.999-14 23.67 502.62 526.29 NOTE
r-patched-solaris-sparc 0.999-14 2460.90 NOTE --no-vignettes
r-patched-solaris-x86 0.999-14 1043.60 NOTE
r-release-linux-x86_64 0.999-14 21.80 491.49 513.29 NOTE
r-release-osx-x86_64-mavericks 0.999-14 NOTE
r-release-windows-ix86+x86_64 0.999-14 59.00 487.00 546.00 NOTE --no-vignettes
r-oldrel-windows-ix86+x86_64 0.999-14 92.00 346.00 438.00 NOTE --no-vignettes

Check Details

Version: 0.999-14
Check: installed package size
Result: NOTE
     installed size is 25.4Mb
     sub-directories of 1Mb or more:
     R 1.6Mb
     doc 21.7Mb
Flavors: r-devel-linux-x86_64-debian-gcc, r-devel-linux-x86_64-fedora-clang, r-devel-linux-x86_64-fedora-gcc, r-devel-osx-x86_64-clang, r-patched-linux-x86_64, r-patched-solaris-x86, r-release-linux-x86_64, r-release-osx-x86_64-mavericks

Version: 0.999-14
Flags: --no-vignettes
Check: installed package size
Result: NOTE
     installed size is 25.1Mb
     sub-directories of 1Mb or more:
     R 1.6Mb
     doc 21.7Mb
Flavors: r-devel-windows-ix86+x86_64, r-patched-solaris-sparc, r-release-windows-ix86+x86_64, r-oldrel-windows-ix86+x86_64