CRAN Package Check Results for Package copula

Last updated on 2016-02-14 10:46:38.

Flavor Version Tinstall Tcheck Ttotal Status Flags
r-devel-linux-x86_64-debian-gcc 0.999-14 23.79 481.68 505.47 NOTE
r-devel-linux-x86_64-fedora-clang 0.999-14 1012.60 NOTE
r-devel-linux-x86_64-fedora-gcc 0.999-14 979.59 NOTE
r-devel-osx-x86_64-clang 0.999-14 1073.38 NOTE
r-devel-windows-ix86+x86_64 0.999-14 94.00 472.00 566.00 NOTE --no-vignettes
r-patched-linux-x86_64 0.999-14 22.43 561.41 583.84 NOTE
r-patched-solaris-sparc 0.999-14 2492.40 NOTE --no-vignettes
r-patched-solaris-x86 0.999-14 1170.50 NOTE
r-release-linux-x86_64 0.999-14 23.18 574.82 598.00 NOTE
r-release-osx-x86_64-mavericks 0.999-14 NOTE
r-release-windows-ix86+x86_64 0.999-14 91.00 365.00 456.00 NOTE --no-vignettes
r-oldrel-windows-ix86+x86_64 0.999-14 88.00 528.00 616.00 WARN --no-vignettes

Check Details

Version: 0.999-14
Check: installed package size
Result: NOTE
     installed size is 25.4Mb
     sub-directories of 1Mb or more:
     R 1.6Mb
     doc 21.7Mb
Flavors: r-devel-linux-x86_64-debian-gcc, r-devel-linux-x86_64-fedora-clang, r-devel-linux-x86_64-fedora-gcc, r-devel-osx-x86_64-clang, r-patched-linux-x86_64, r-patched-solaris-x86, r-release-linux-x86_64, r-release-osx-x86_64-mavericks

Version: 0.999-14
Flags: --no-vignettes
Check: installed package size
Result: NOTE
     installed size is 25.1Mb
     sub-directories of 1Mb or more:
     R 1.6Mb
     doc 21.7Mb
Flavors: r-devel-windows-ix86+x86_64, r-patched-solaris-sparc, r-release-windows-ix86+x86_64, r-oldrel-windows-ix86+x86_64

Version: 0.999-14
Flags: --no-vignettes
Check: whether package can be installed
Result: WARN
    Found the following significant warnings:
     Warning: D:/temp/RtmpiyHzLM/R.INSTALL20242115c1c/copula/man/coeffG.Rd:22: unknown macro '\CRANpkg'
Flavor: r-oldrel-windows-ix86+x86_64

Version: 0.999-14
Flags: --no-vignettes
Check: Rd files
Result: WARN
    prepare_Rd: coeffG.Rd:22: unknown macro '\CRANpkg'
    prepare_Rd: copula-package.Rd:19: unknown macro '\packageDESCRIPTION'
    prepare_Rd: copula-package.Rd:20: unknown macro '\packageIndices'
Flavor: r-oldrel-windows-ix86+x86_64