CRAN Package Check Results for Package copula

Last updated on 2017-10-21 00:51:37.

Flavor Version Tinstall Tcheck Ttotal Status Flags
r-devel-linux-x86_64-debian-clang 0.999-18 30.73 608.77 639.50 OK
r-devel-linux-x86_64-debian-gcc 0.999-18 30.00 604.99 634.99 OK
r-devel-linux-x86_64-fedora-clang 0.999-18 1252.48 NOTE
r-devel-linux-x86_64-fedora-gcc 0.999-18 1270.44 NOTE
r-devel-windows-ix86+x86_64 0.999-18 66.00 721.00 787.00 NOTE --no-vignettes
r-patched-linux-x86_64 0.999-18 29.06 595.58 624.63 OK
r-patched-solaris-x86 0.999-18 1378.70 NOTE
r-release-linux-x86_64 0.999-18 29.16 604.27 633.43 OK
r-release-windows-ix86+x86_64 0.999-18 109.00 622.00 731.00 NOTE --no-vignettes
r-release-osx-x86_64 0.999-18 NOTE
r-oldrel-windows-ix86+x86_64 0.999-18 65.00 766.00 831.00 NOTE --no-vignettes
r-oldrel-osx-x86_64 0.999-18 NOTE

Check Details

Version: 0.999-18
Check: installed package size
Result: NOTE
     installed size is 10.7Mb
     sub-directories of 1Mb or more:
     R 2.1Mb
     doc 6.5Mb
Flavors: r-devel-linux-x86_64-fedora-clang, r-devel-linux-x86_64-fedora-gcc, r-patched-solaris-x86, r-release-osx-x86_64, r-oldrel-osx-x86_64

Version: 0.999-18
Flags: --no-vignettes
Check: installed package size
Result: NOTE
     installed size is 10.5Mb
     sub-directories of 1Mb or more:
     R 2.0Mb
     doc 6.5Mb
Flavors: r-devel-windows-ix86+x86_64, r-release-windows-ix86+x86_64, r-oldrel-windows-ix86+x86_64

Version: 0.999-18
Check: re-building of vignette outputs
Result: NOTE
    Error in re-building vignettes:
     ...
    
    The following objects are masked from 'package:stats':
    
     dbinom, dnorm, dpois, pnorm
    
    The following objects are masked from 'package:base':
    
     cbind, pmax, pmin, rbind
    
    Error in texi2dvi(file = file, pdf = TRUE, clean = clean, quiet = quiet, :
     Running 'texi2dvi' on 'Frank-Rmpfr.tex' failed.
    LaTeX errors:
    ! LaTeX Error: File `enumitem.sty' not found.
    
    Type X to quit or <RETURN> to proceed,
    or enter new name. (Default extension: sty)
    
    ! Emergency stop.
    <read *>
    
    l.79 ^^M
    
    ! ==> Fatal error occurred, no output PDF file produced!
    Calls: buildVignettes -> texi2pdf -> texi2dvi
    Execution halted
Flavor: r-release-osx-x86_64