CRAN Package Check Results for Package copula

Last updated on 2015-06-30 22:47:12.

Flavor Version Tinstall Tcheck Ttotal Status Flags
r-devel-linux-x86_64-debian-clang 0.999-13 20.92 252.18 273.11 NOTE
r-devel-linux-x86_64-debian-gcc 0.999-13 20.97 248.06 269.03 NOTE
r-devel-linux-x86_64-fedora-clang 0.999-13 548.86 NOTE
r-devel-linux-x86_64-fedora-gcc 0.999-13 513.74 NOTE
r-devel-osx-x86_64-clang 0.999-13 469.25 OK
r-devel-windows-ix86+x86_64 0.999-13 84.00 511.00 595.00 NOTE
r-patched-linux-x86_64 0.999-13 20.74 245.36 266.09 OK
r-patched-solaris-sparc 0.999-13 2515.50 NOTE --no-vignettes
r-patched-solaris-x86 0.999-13 661.50 NOTE
r-release-linux-x86_64 0.999-13 20.38 249.41 269.79 OK
r-release-osx-x86_64-mavericks 0.999-13 OK
r-release-windows-ix86+x86_64 0.999-13 81.00 469.00 550.00 OK
r-oldrel-windows-ix86+x86_64 0.999-13 64.00 517.00 581.00 OK

Check Details

Version: 0.999-13
Check: R code for possible problems
Result: NOTE
    .emle: no visible global function definition for ‘optimize’
    .pairsCond: no visible binding for global variable ‘points’
    .pairsCond: no visible global function definition for ‘par’
    .pairsCond : textPanel: no visible global function definition for
     ‘text’
    .pairsCond : localAxis: no visible global function definition for
     ‘Axis’
    .pairsCond: no visible global function definition for ‘dev.hold’
    .pairsCond: no visible global function definition for ‘dev.flush’
    .pairsCond: no visible global function definition for ‘lcm’
    .pairsCond: no visible global function definition for ‘layout’
    .pairsCond: no visible global function definition for ‘layout.show’
    .pairsCond: no visible global function definition for ‘plot.new’
    .pairsCond: no visible global function definition for ‘plot.window’
    .pairsCond: no visible global function definition for ‘rect’
    .pairsCond: no visible global function definition for ‘strwidth’
    .pairsCond: no visible global function definition for ‘box’
    .pairsCond: no visible global function definition for ‘axis’
    .pairsCond: no visible global function definition for ‘mtext’
    AHuslerReiss: no visible global function definition for ‘pnorm’
    ATev: no visible global function definition for ‘pt’
    ChiPlot: no visible global function definition for ‘na.omit’
    ChiPlot: no visible global function definition for ‘abline’
    ChiPlot: no visible global function definition for ‘lines’
    KPlot : <anonymous>: no visible global function definition for
     ‘integrate’
    KPlot: no visible global function definition for ‘curve’
    KPlot: no visible global function definition for ‘abline’
    Kn: no visible global function definition for ‘ecdf’
    RSpobs: no visible global function definition for ‘cor’
    RSpobs: no visible global function definition for ‘hasArg’
    RSpobs: no visible global function definition for ‘median’
    absdPsiMC: no visible global function definition for ‘dpois’
    amhCopula : pdfExpr: no visible global function definition for ‘D’
    asymExplicitCopula : pdfExpr: no visible global function definition for
     ‘D’
    asymExplicitCopula : derExprs: no visible global function definition
     for ‘D’
    ccop2: no visible global function definition for ‘pnorm’
    ccop2: no visible global function definition for ‘qnorm’
    ccop2: no visible global function definition for ‘hasArg’
    ccop2: no visible global function definition for ‘qt’
    ccop2: no visible global function definition for ‘pt’
    claytonCopula : pdfExpr: no visible global function definition for ‘D’
    coef.fittedMV: no visible global function definition for ‘setNames’
    contourCopula: no visible global function definition for ‘rect’
    contourMvdc: no visible global function definition for ‘rect’
    dAdthetaHuslerReiss: no visible global function definition for ‘dnorm’
    dAduHuslerReiss: no visible global function definition for ‘dnorm’
    dAduHuslerReiss: no visible global function definition for ‘pnorm’
    dAduTev: no visible global function definition for ‘deriv’
    dAduTev: no visible global function definition for ‘pt’
    dAduTev: no visible global function definition for ‘dt’
    dCdthetaEllipCopula: no visible global function definition for ‘qnorm’
    dCdthetaEllipCopula: no visible global function definition for ‘qt’
    dCduEllipCopula: no visible global function definition for ‘qnorm’
    dCduEllipCopula: no visible global function definition for ‘qt’
    dCduEllipCopula: no visible global function definition for ‘pnorm’
    dCduEllipCopula: no visible global function definition for ‘pt’
    dependogram: no visible global function definition for ‘par’
    dependogram: no visible global function definition for ‘axis’
    dependogram: no visible global function definition for ‘points’
    derPdfWrtArgsNormalCopula: no visible global function definition for
     ‘qnorm’
    derPdfWrtArgsNormalCopula: no visible global function definition for
     ‘dnorm’
    derPdfWrtArgsTCopula: no visible global function definition for ‘qt’
    derPdfWrtArgsTCopula: no visible global function definition for ‘dt’
    derPdfWrtParamsEllipCopula: no visible global function definition for
     ‘qnorm’
    derPdfWrtParamsEllipCopula: no visible global function definition for
     ‘qt’
    dev.off.pdf: no visible global function definition for ‘dev.off’
    dhuslerReissCopula: no visible global function definition for ‘pnorm’
    dhuslerReissCopula: no visible global function definition for ‘dnorm’
    dnormalCopula: no visible global function definition for ‘qnorm’
    dnormalCopula: no visible global function definition for ‘dnorm’
    dtCopula: no visible global function definition for ‘qt’
    dtCopula: no visible global function definition for ‘dt’
    dtevCopula: no visible global function definition for ‘deriv’
    edmle: no visible global function definition for ‘optimize’
    emde: no visible global function definition for ‘optimize’
    emde.dist: no visible global function definition for ‘qnorm’
    emde.dist: no visible global function definition for ‘pchisq’
    emde.dist: no visible global function definition for ‘pgamma’
    etau: no visible global function definition for ‘cor’
    evTestK: no visible global function definition for ‘pnorm’
    fitCopStart: no visible global function definition for ‘hasMethod’
    fitCopula.irho: no visible global function definition for ‘cor’
    fitCopula.irho: no visible global function definition for ‘lm.fit’
    fitCopula.itau: no visible global function definition for ‘cor’
    fitCopula.itau: no visible global function definition for ‘lm.fit’
    fitCopula.ml: no visible global function definition for ‘optim’
    fitMvdc: no visible global function definition for ‘optim’
    frankCopula : pdfExpr: no visible global function definition for ‘D’
    galambosCopula: no visible global function definition for ‘D’
    getL: no visible global function definition for ‘model.matrix’
    getXmat: no visible global function definition for ‘model.matrix’
    gofA: no visible global function definition for ‘txtProgressBar’
    gofA: no visible global function definition for ‘setTxtProgressBar’
    gofEVCopula: no visible global function definition for ‘txtProgressBar’
    gofEVCopula: no visible global function definition for
     ‘setTxtProgressBar’
    gofMB: no visible global function definition for ‘rnorm’
    gofPB: no visible global function definition for ‘txtProgressBar’
    gofPB : <anonymous>: no visible global function definition for
     ‘setTxtProgressBar’
    gofTstat: no visible global function definition for ‘hasArg’
    gofTstat: no visible global function definition for ‘pchisq’
    gofTstat: no visible global function definition for ‘qnorm’
    gofTstat: no visible global function definition for ‘pgamma’
    gpviTest: no visible binding for global variable ‘p.adjust.methods’
    gpviTest : <anonymous>: no visible global function definition for
     ‘p.adjust’
    gpviTest0: no visible global function definition for ‘p.adjust’
    gumbelCopula : pdfExpr: no visible global function definition for ‘D’
    huslerReissCopula: no visible global function definition for ‘D’
    iPsi.n : <anonymous>: no visible global function definition for
     ‘uniroot’
    iRhoClaytonCopula: no visible global function definition for
     ‘approxfun’
    iRhoCopula: no visible global function definition for ‘uniroot’
    iRhoGalambosCopula: no visible global function definition for
     ‘approxfun’
    iRhoGumbelCopula: no visible global function definition for ‘approxfun’
    iRhoHuslerReissCopula: no visible global function definition for
     ‘approxfun’
    iRhoTevCopula: no visible global function definition for ‘approxfun’
    iTauCopula: no visible global function definition for ‘uniroot’
    iTauGalambosCopula: no visible global function definition for
     ‘approxfun’
    iTauHuslerReissCopula: no visible global function definition for
     ‘approxfun’
    iTauPlackettCopula: no visible global function definition for
     ‘approxfun’
    iTauTevCopula: no visible global function definition for ‘approxfun’
    indepCopula : pdfExpr: no visible global function definition for ‘D’
    initOpt: no visible global function definition for ‘cor’
    mvd.has.marF : <anonymous>: no visible global function definition for
     ‘existsFunction’
    pK : <anonymous>: no visible global function definition for ‘ppois’
    pairsColList: no visible global function definition for ‘col2rgb’
    pairsRosenblatt : g1: no visible global function definition for
     ‘qchisq’
    pairsRosenblatt : g1: no visible global function definition for
     ‘ppoints’
    pairsRosenblatt : g2: no visible global function definition for ‘qnorm’
    pairsRosenblatt : g1: no visible global function definition for
     ‘qgamma’
    pairsRosenblatt : g2: no visible global function definition for
     ‘pchisq’
    pairsRosenblatt : g2: no visible global function definition for
     ‘pgamma’
    pairsRosenblatt : <anonymous>: no visible global function definition
     for ‘qchisq’
    pairsRosenblatt : <anonymous>: no visible global function definition
     for ‘qgamma’
    pairsRosenblatt: no visible binding for global variable ‘points’
    phuslerReissCopula: no visible global function definition for ‘pnorm’
    plackettFormulaNormalCopula: no visible global function definition for
     ‘pnorm’
    plackettFormulaTCopula: no visible global function definition for ‘pt’
    pnormalCopula: no visible global function definition for ‘qnorm’
    polyG: no visible binding for global variable ‘ppois’
    polylog: no visible global function definition for ‘qlogis’
    print.fitCopula: no visible global function definition for
     ‘printCoefmat’
    print.fitMvdc: no visible global function definition for ‘printCoefmat’
    print.mvdc: no visible global function definition for ‘str’
    printAcopula: no visible global function definition for ‘slotNames’
    ptCopula : <anonymous>: no visible global function definition for ‘qt’
    qK : fspl: no visible global function definition for ‘splinefun’
    qK : <anonymous>: no visible global function definition for ‘uniroot’
    qK: no visible global function definition for ‘uniroot’
    qacR : <anonymous>: no visible global function definition for ‘uniroot’
    qqplot2: no visible global function definition for ‘par’
    qqplot2: no visible global function definition for ‘ppoints’
    qqplot2: no visible global function definition for ‘pdf’
    qqplot2: no visible binding for global variable ‘mtext’
    qqplot2: no visible binding for global variable ‘qqline’
    qqplot2: no visible binding for global variable ‘rug’
    qqplot2: no visible global function definition for ‘qnorm’
    qqplot2: no visible global function definition for ‘quantile’
    qqplot2: no visible binding for global variable ‘lines’
    r.solve: no visible global function definition for ‘uniroot’
    rPosStableS: no visible global function definition for ‘runif’
    rPosStableS: no visible global function definition for ‘rexp’
    rSibuyaR: no visible global function definition for ‘runif’
    racopula: no visible global function definition for ‘rexp’
    ramhCopula: no visible global function definition for ‘runif’
    rclaytonBivCopula: no visible global function definition for ‘runif’
    rclaytonCopula: no visible global function definition for ‘runif’
    rclaytonCopula: no visible global function definition for ‘rgamma’
    retstablerej : <anonymous>: no visible global function definition for
     ‘runif’
    revCopula: no visible global function definition for ‘runif’
    rfgmCopula: no visible global function definition for ‘runif’
    rfrankBivCopula: no visible global function definition for ‘runif’
    rfrankCopula: no visible global function definition for ‘runif’
    rgalambosCopula: no visible global function definition for ‘runif’
    rgalambosCopula : <anonymous>: no visible global function definition
     for ‘uniroot’
    rgumbelCopula: no visible global function definition for ‘runif’
    rhoEvCopula: no visible global function definition for ‘integrate’
    rhuslerReissCopula: no visible global function definition for ‘runif’
    rhuslerReissCopula : myfun: no visible global function definition for
     ‘pnorm’
    rhuslerReissCopula : <anonymous>: no visible global function definition
     for ‘uniroot’
    rindepCopula: no visible global function definition for ‘runif’
    rlogR: no visible global function definition for ‘runif’
    rnacModel : <anonymous>: no visible global function definition for
     ‘rbeta’
    rnacModel : <anonymous>: no visible global function definition for
     ‘runif’
    rnacModel : mkL: no visible global function definition for ‘rbinom’
    rnacModel : mkL: no visible global function definition for ‘rmultinom’
    rnacopula: no visible global function definition for ‘rexp’
    rnchild: no visible global function definition for ‘rexp’
    rnormalCopula: no visible global function definition for ‘pnorm’
    rplackettCopula: no visible global function definition for ‘runif’
    rstable1R: no visible global function definition for ‘rcauchy’
    rstable1R: no visible global function definition for ‘runif’
    rstable1R: no visible global function definition for ‘rexp’
    rtCopula: no visible global function definition for ‘pt’
    rtrafo: no visible global function definition for ‘uniroot’
    rtrafo: no visible global function definition for ‘qnorm’
    rtrafo: no visible global function definition for ‘pnorm’
    rtrafo : C.j: no visible global function definition for ‘pnorm’
    rtrafo: no visible global function definition for ‘qt’
    rtrafo: no visible global function definition for ‘pt’
    rtrafo : C.j: no visible global function definition for ‘pt’
    safeUroot: no visible global function definition for ‘uniroot’
    summary.fitCopula: no visible global function definition for ‘pnorm’
    summary.fitMvdc: no visible global function definition for ‘pnorm’
    tailIndexTCopula: no visible global function definition for ‘pt’
    tauArchmCopula: no visible global function definition for ‘integrate’
    tauEvCopula: no visible global function definition for ‘integrate’
    tawnCopula: no visible global function definition for ‘D’
    varKendall: no visible global function definition for ‘hasMethod’
    varKendall: no visible global function definition for ‘var’
    varPL: no visible global function definition for ‘hasMethod’
    varPL: no visible global function definition for ‘var’
    varSpearman: no visible global function definition for ‘hasMethod’
    varSpearman: no visible global function definition for ‘var’
    A,huslerReissCopula: no visible global function definition for ‘pnorm’
    A,tevCopula: no visible global function definition for ‘pt’
    dAdu,huslerReissCopula: no visible global function definition for
     ‘dnorm’
    dAdu,huslerReissCopula: no visible global function definition for
     ‘pnorm’
    dAdu,tevCopula: no visible global function definition for ‘deriv’
    dAdu,tevCopula: no visible global function definition for ‘pt’
    dAdu,tevCopula: no visible global function definition for ‘dt’
    dCdtheta,ellipCopula: no visible global function definition for ‘qnorm’
    dCdtheta,ellipCopula: no visible global function definition for ‘qt’
    dCdu,ellipCopula: no visible global function definition for ‘qnorm’
    dCdu,ellipCopula: no visible global function definition for ‘qt’
    dCdu,ellipCopula: no visible global function definition for ‘pnorm’
    dCdu,ellipCopula: no visible global function definition for ‘pt’
    dCopula,matrix-huslerReissCopula: no visible global function definition
     for ‘pnorm’
    dCopula,matrix-huslerReissCopula: no visible global function definition
     for ‘dnorm’
    dCopula,matrix-normalCopula: no visible global function definition for
     ‘qnorm’
    dCopula,matrix-normalCopula: no visible global function definition for
     ‘dnorm’
    dCopula,matrix-tCopula: no visible global function definition for ‘qt’
    dCopula,matrix-tCopula: no visible global function definition for ‘dt’
    dCopula,matrix-tevCopula: no visible global function definition for
     ‘deriv’
    dCopula,numeric-huslerReissCopula: no visible global function
     definition for ‘pnorm’
    dCopula,numeric-huslerReissCopula: no visible global function
     definition for ‘dnorm’
    dCopula,numeric-normalCopula: no visible global function definition for
     ‘qnorm’
    dCopula,numeric-normalCopula: no visible global function definition for
     ‘dnorm’
    dCopula,numeric-tCopula: no visible global function definition for ‘qt’
    dCopula,numeric-tCopula: no visible global function definition for ‘dt’
    dCopula,numeric-tevCopula: no visible global function definition for
     ‘deriv’
    derPdfWrtArgs,normalCopula: no visible global function definition for
     ‘qnorm’
    derPdfWrtArgs,normalCopula: no visible global function definition for
     ‘dnorm’
    derPdfWrtArgs,tCopula: no visible global function definition for ‘qt’
    derPdfWrtArgs,tCopula: no visible global function definition for ‘dt’
    derPdfWrtParams,ellipCopula: no visible global function definition for
     ‘qnorm’
    derPdfWrtParams,ellipCopula: no visible global function definition for
     ‘qt’
    pCopula,matrix-normalCopula: no visible global function definition for
     ‘qnorm’
    pCopula,matrix-tCopula : <anonymous>: no visible global function
     definition for ‘qt’
    pCopula,numeric-normalCopula: no visible global function definition for
     ‘qnorm’
    pCopula,numeric-tCopula : <anonymous>: no visible global function
     definition for ‘qt’
    plackettFormula,normalCopula: no visible global function definition for
     ‘pnorm’
    plackettFormula,tCopula: no visible global function definition for ‘pt’
Flavors: r-devel-linux-x86_64-debian-clang, r-devel-linux-x86_64-debian-gcc, r-devel-linux-x86_64-fedora-clang, r-devel-linux-x86_64-fedora-gcc, r-devel-windows-ix86+x86_64

Version: 0.999-13
Flags: --no-vignettes
Check: installed package size
Result: NOTE
     installed size is 5.1Mb
     sub-directories of 1Mb or more:
     R 1.8Mb
     doc 1.5Mb
Flavor: r-patched-solaris-sparc

Version: 0.999-13
Check: installed package size
Result: NOTE
     installed size is 5.2Mb
     sub-directories of 1Mb or more:
     R 1.8Mb
     doc 1.5Mb
Flavor: r-patched-solaris-x86