CRAN Package Check Results for Package copula

Last updated on 2017-08-20 14:46:46.

Flavor Version Tinstall Tcheck Ttotal Status Flags
r-devel-linux-x86_64-debian-clang 0.999-17 28.12 598.89 627.00 OK
r-devel-linux-x86_64-debian-gcc 0.999-17 29.32 588.52 617.83 OK
r-devel-linux-x86_64-fedora-clang 0.999-17 1238.16 NOTE
r-devel-linux-x86_64-fedora-gcc 0.999-17 1228.03 NOTE
r-devel-windows-ix86+x86_64 0.999-17 71.00 600.00 671.00 NOTE --no-vignettes
r-patched-linux-x86_64 0.999-17 31.04 592.53 623.57 OK
r-patched-solaris-x86 0.999-17 1354.00 NOTE
r-release-linux-x86_64 0.999-17 30.50 586.43 616.94 OK
r-release-windows-ix86+x86_64 0.999-17 109.00 807.00 916.00 NOTE --no-vignettes
r-release-osx-x86_64 0.999-17 NOTE
r-oldrel-windows-ix86+x86_64 0.999-17 68.00 707.00 775.00 NOTE --no-vignettes
r-oldrel-osx-x86_64 0.999-17 NOTE

Check Details

Version: 0.999-17
Check: installed package size
Result: NOTE
     installed size is 9.0Mb
     sub-directories of 1Mb or more:
     R 2.1Mb
     doc 4.7Mb
Flavors: r-devel-linux-x86_64-fedora-clang, r-devel-linux-x86_64-fedora-gcc, r-patched-solaris-x86, r-release-osx-x86_64, r-oldrel-osx-x86_64

Version: 0.999-17
Flags: --no-vignettes
Check: installed package size
Result: NOTE
     installed size is 8.8Mb
     sub-directories of 1Mb or more:
     R 2.0Mb
     doc 4.7Mb
Flavors: r-devel-windows-ix86+x86_64, r-release-windows-ix86+x86_64, r-oldrel-windows-ix86+x86_64

Version: 0.999-17
Check: re-building of vignette outputs
Result: NOTE
    Error in re-building vignettes:
     ...
    
    The following objects are masked from 'package:stats':
    
     dbinom, dnorm, dpois, pnorm
    
    The following objects are masked from 'package:base':
    
     cbind, pmax, pmin, rbind
    
    Error in texi2dvi(file = file, pdf = TRUE, clean = clean, quiet = quiet, :
     Running 'texi2dvi' on 'Frank-Rmpfr.tex' failed.
    LaTeX errors:
    ! LaTeX Error: File `enumitem.sty' not found.
    
    Type X to quit or <RETURN> to proceed,
    or enter new name. (Default extension: sty)
    
    ! Emergency stop.
    <read *>
    
    l.79 ^^M
    
    ! ==> Fatal error occurred, no output PDF file produced!
    Calls: buildVignettes -> texi2pdf -> texi2dvi
    Execution halted
Flavor: r-release-osx-x86_64