CRAN Package Check Results for Package copula

Last updated on 2014-09-02 23:47:27.

Flavor Version Tinstall Tcheck Ttotal Status Flags
r-devel-linux-x86_64-debian-clang 0.999-10 9.94 265.72 275.65 NOTE
r-devel-linux-x86_64-debian-gcc 0.999-10 10.79 261.24 272.03 NOTE
r-devel-linux-x86_64-fedora-clang 0.999-10 652.38 NOTE
r-devel-linux-x86_64-fedora-gcc 0.999-10 603.32 NOTE
r-devel-osx-x86_64-clang 0.999-10 488.85 NOTE
r-devel-windows-ix86+x86_64 0.999-10 40.00 501.00 541.00 NOTE
r-patched-linux-x86_64 0.999-10 10.62 273.34 283.96 OK
r-patched-solaris-sparc 0.999-10 2688.60 OK --no-vignettes
r-patched-solaris-x86 0.999-10 776.80 OK
r-release-linux-ix86 0.999-10 13.83 348.12 361.95 OK
r-release-linux-x86_64 0.999-10 11.07 274.52 285.59 OK
r-release-osx-x86_64-mavericks 0.999-10 ERROR
r-release-osx-x86_64-snowleopard 0.999-10 OK
r-release-windows-ix86+x86_64 0.999-10 40.00 511.00 551.00 OK
r-oldrel-windows-ix86+x86_64 0.999-10 42.00 531.00 573.00 OK

Check Details

Version: 0.999-10
Check: R code for possible problems
Result: NOTE
    Bernoulli.all: no visible global function definition for ‘mpfr’
    dDiagFrank: no visible global function definition for ‘chooseMpfr.all’
    dsumSibuya: no visible global function definition for ‘getPrec’
    dsumSibuya: no visible global function definition for ‘chooseMpfr.all’
    dsumSibuya: no visible global function definition for ‘chooseMpfr’
    dsumSibuya : f.1: no visible global function definition for
     ‘chooseMpfr.all’
    dsumSibuya : f.1: no visible global function definition for
     ‘chooseMpfr’
    dsumSibuya : f.1: no visible global function definition for ‘roundMpfr’
    emle: no visible global function definition for ‘mle2’
    heatHCLgap: no visible global function definition for ‘hex’
    heatHCLgap: no visible global function definition for ‘polarLUV’
    heatHCLgap: no visible global function definition for ‘heat_hcl’
    pairsColList: no visible global function definition for ‘hex2RGB’
    splom2: no visible global function definition for ‘trellis.par.get’
    splom2 : my.diag.panel: no visible global function definition for
     ‘diag.panel.splom’
    splom2: no visible global function definition for ‘splom’
    splom2 : <anonymous>: no visible global function definition for
     ‘panel.fill’
    splom2 : <anonymous>: no visible global function definition for
     ‘panel.splom’
Flavors: r-devel-linux-x86_64-debian-clang, r-devel-linux-x86_64-debian-gcc, r-devel-linux-x86_64-fedora-clang, r-devel-linux-x86_64-fedora-gcc, r-devel-osx-x86_64-clang, r-devel-windows-ix86+x86_64

Version: 0.999-10
Check: package dependencies
Result: ERROR
    Package required but not available: ‘gsl’
    
    See the information on DESCRIPTION files in the chapter ‘Creating R
    packages’ of the ‘Writing R Extensions’ manual.
Flavor: r-release-osx-x86_64-mavericks