CRAN Package Check Results for Package copula

Last updated on 2020-07-15 11:47:36 CEST.

Flavor Version Tinstall Tcheck Ttotal Status Flags
r-devel-linux-x86_64-debian-clang 1.0-0 52.27 843.69 895.96 OK
r-devel-linux-x86_64-debian-gcc 1.0-0 43.04 607.35 650.39 OK
r-devel-linux-x86_64-fedora-clang 1.0-0 1076.95 NOTE
r-devel-linux-x86_64-fedora-gcc 1.0-0 1088.81 OK
r-devel-windows-ix86+x86_64 1.0-0 120.00 781.00 901.00 NOTE --no-vignettes
r-patched-linux-x86_64 1.0-0 48.64 825.82 874.46 OK
r-patched-solaris-x86 1.0-0 1503.40 NOTE
r-release-linux-x86_64 1.0-0 50.17 829.30 879.47 OK
r-release-macos-x86_64 1.0-0 ERROR
r-release-windows-ix86+x86_64 1.0-0 115.00 770.00 885.00 NOTE --no-vignettes
r-oldrel-macos-x86_64 1.0-0 NOTE
r-oldrel-windows-ix86+x86_64 1.0-0 110.00 855.00 965.00 NOTE --no-vignettes

Check Details

Version: 1.0-0
Check: installed package size
Result: NOTE
     installed size is 8.7Mb
     sub-directories of 1Mb or more:
     R 2.1Mb
     doc 4.3Mb
Flavors: r-devel-linux-x86_64-fedora-clang, r-patched-solaris-x86, r-oldrel-macos-x86_64

Version: 1.0-0
Flags: --no-vignettes
Check: installed package size
Result: NOTE
     installed size is 8.4Mb
     sub-directories of 1Mb or more:
     R 2.1Mb
     doc 4.3Mb
Flavors: r-devel-windows-ix86+x86_64, r-release-windows-ix86+x86_64, r-oldrel-windows-ix86+x86_64

Version: 1.0-0
Check: whether package can be installed
Result: ERROR
    Installation failed.
Flavor: r-release-macos-x86_64