CRAN Package Check Results for Package copula

Last updated on 2017-03-28 17:48:52.

Flavor Version Tinstall Tcheck Ttotal Status Flags
r-devel-linux-x86_64-debian-clang 0.999-16 29.77 590.19 619.96 OK
r-devel-linux-x86_64-debian-gcc 0.999-16 28.81 579.56 608.37 OK
r-devel-linux-x86_64-fedora-clang 0.999-16 1210.59 NOTE --no-stop-on-test-error
r-devel-linux-x86_64-fedora-gcc 0.999-16 1193.68 NOTE --no-stop-on-test-error
r-devel-macos-x86_64-clang 0.999-16 885.35 NOTE --no-stop-on-test-error
r-devel-windows-ix86+x86_64 0.999-16 71.00 744.00 815.00 NOTE --no-vignettes
r-patched-linux-x86_64 0.999-16 29.11 587.87 616.98 OK
r-patched-solaris-sparc 0.999-16 3553.60 NOTE --no-vignettes
r-patched-solaris-x86 0.999-16 1336.10 NOTE
r-release-linux-x86_64 0.999-16 27.74 575.94 603.68 OK
r-release-osx-x86_64-mavericks 0.999-16 NOTE
r-release-windows-ix86+x86_64 0.999-16 94.00 567.00 661.00 NOTE --no-vignettes
r-oldrel-windows-ix86+x86_64 0.999-16 76.00 492.00 568.00 NOTE --no-vignettes

Check Details

Version: 0.999-16
Flags: --no-stop-on-test-error
Check: installed package size
Result: NOTE
     installed size is 10.7Mb
     sub-directories of 1Mb or more:
     R 2.1Mb
     doc 6.5Mb
Flavors: r-devel-linux-x86_64-fedora-clang, r-devel-linux-x86_64-fedora-gcc, r-devel-macos-x86_64-clang

Version: 0.999-16
Flags: --no-vignettes
Check: installed package size
Result: NOTE
     installed size is 10.6Mb
     sub-directories of 1Mb or more:
     R 2.0Mb
     doc 6.5Mb
Flavors: r-devel-windows-ix86+x86_64, r-patched-solaris-sparc, r-release-windows-ix86+x86_64, r-oldrel-windows-ix86+x86_64

Version: 0.999-16
Check: installed package size
Result: NOTE
     installed size is 11.7Mb
     sub-directories of 1Mb or more:
     R 2.3Mb
     doc 7.4Mb
Flavors: r-patched-solaris-x86, r-release-osx-x86_64-mavericks