CRAN Package Check Results for Package copula

Last updated on 2016-12-05 19:46:44.

Flavor Version Tinstall Tcheck Ttotal Status Flags
r-devel-linux-x86_64-debian-clang 0.999-15 22.59 600.59 623.18 NOTE
r-devel-linux-x86_64-debian-gcc 0.999-15 23.34 573.33 596.67 NOTE
r-devel-linux-x86_64-fedora-clang 0.999-15 1175.18 NOTE --no-stop-on-test-error
r-devel-linux-x86_64-fedora-gcc 0.999-15 1121.94 NOTE --no-stop-on-test-error
r-devel-macos-x86_64-clang 0.999-15 826.61 NOTE
r-devel-windows-ix86+x86_64 0.999-15 54.00 615.00 669.00 NOTE --no-vignettes
r-patched-linux-x86_64 0.999-15 23.92 570.03 593.95 NOTE
r-patched-solaris-sparc 0.999-15 2636.40 NOTE --no-vignettes
r-patched-solaris-x86 0.999-15 1135.80 NOTE
r-release-linux-x86_64 0.999-15 24.37 563.99 588.36 NOTE
r-release-osx-x86_64-mavericks 0.999-15 NOTE
r-release-windows-ix86+x86_64 0.999-15 86.00 439.00 525.00 NOTE --no-vignettes
r-oldrel-windows-ix86+x86_64 0.999-15 89.00 477.00 566.00 NOTE --no-vignettes

Check Details

Version: 0.999-15
Check: for unstated dependencies in vignettes
Result: NOTE
    'library' or 'require' calls not declared from:
     ‘gridExtra’ ‘qrng’
Flavors: r-devel-linux-x86_64-debian-clang, r-devel-linux-x86_64-debian-gcc, r-devel-macos-x86_64-clang, r-patched-linux-x86_64, r-patched-solaris-x86, r-release-linux-x86_64

Version: 0.999-15
Flags: --no-stop-on-test-error
Check: installed package size
Result: NOTE
     installed size is 10.8Mb
     sub-directories of 1Mb or more:
     R 1.9Mb
     doc 6.8Mb
Flavors: r-devel-linux-x86_64-fedora-clang, r-devel-linux-x86_64-fedora-gcc

Version: 0.999-15
Flags: --no-stop-on-test-error
Check: for unstated dependencies in vignettes
Result: NOTE
    'library' or 'require' calls not declared from:
     ‘gridExtra’ ‘qrng’
Flavors: r-devel-linux-x86_64-fedora-clang, r-devel-linux-x86_64-fedora-gcc

Version: 0.999-15
Check: installed package size
Result: NOTE
     installed size is 10.5Mb
     sub-directories of 1Mb or more:
     R 1.9Mb
     doc 6.7Mb
Flavors: r-devel-macos-x86_64-clang, r-patched-solaris-x86, r-release-osx-x86_64-mavericks

Version: 0.999-15
Flags: --no-vignettes
Check: installed package size
Result: NOTE
     installed size is 8.3Mb
     sub-directories of 1Mb or more:
     R 1.9Mb
     doc 4.5Mb
Flavors: r-devel-windows-ix86+x86_64, r-patched-solaris-sparc, r-release-windows-ix86+x86_64, r-oldrel-windows-ix86+x86_64

Version: 0.999-15
Flags: --no-vignettes
Check: for unstated dependencies in vignettes
Result: NOTE
    'library' or 'require' calls not declared from:
     ‘gridExtra’ ‘qrng’
Flavor: r-patched-solaris-sparc