CRAN Package Check Results for Package copulaedas

Last updated on 2017-04-28 05:48:20.

Flavor Version Tinstall Tcheck Ttotal Status Flags
r-devel-linux-x86_64-debian-clang 1.4.2 3.65 54.47 58.12 OK
r-devel-linux-x86_64-debian-gcc 1.4.2 4.00 53.72 57.72 OK
r-devel-linux-x86_64-fedora-clang 1.4.2 123.66 OK --no-stop-on-test-error
r-devel-linux-x86_64-fedora-gcc 1.4.2 119.53 OK --no-stop-on-test-error
r-devel-windows-ix86+x86_64 1.4.2 10.00 136.00 146.00 OK
r-patched-linux-x86_64 1.4.2 3.96 53.78 57.74 OK
r-patched-solaris-sparc 1.4.2 739.20 OK
r-patched-solaris-x86 1.4.2 159.10 OK
r-release-linux-x86_64 1.4.2 3.66 53.29 56.94 OK
r-release-windows-ix86+x86_64 1.4.2 11.00 111.00 122.00 OK
r-release-osx-x86_64 1.4.2 ERROR
r-oldrel-windows-ix86+x86_64 1.4.2 15.00 91.00 106.00 OK
r-oldrel-osx-x86_64 1.4.2 OK

Check Details

Version: 1.4.2
Check: package dependencies
Result: ERROR
    Packages required but not available: ‘copula’ ‘vines’
    
    See section ‘The DESCRIPTION file’ in the ‘Writing R Extensions’
    manual.
Flavor: r-release-osx-x86_64