CRAN Package Check Results for Package copulaedas

Last updated on 2014-10-01 19:49:33.

Flavor Version Tinstall Tcheck Ttotal Status Flags
r-devel-linux-x86_64-debian-clang 1.4.1 4.98 61.48 66.45 OK
r-devel-linux-x86_64-debian-gcc 1.4.1 4.66 59.92 64.58 OK
r-devel-linux-x86_64-fedora-clang 1.4.1 161.07 OK
r-devel-linux-x86_64-fedora-gcc 1.4.1 160.86 OK
r-devel-osx-x86_64-clang 1.4.1 122.08 OK
r-devel-windows-ix86+x86_64 1.4.1 16.00 117.00 133.00 OK
r-patched-linux-x86_64 1.4.1 5.14 64.43 69.56 OK
r-patched-solaris-sparc 1.4.1 894.70 OK
r-patched-solaris-x86 1.4.1 211.70 OK
r-release-linux-ix86 1.4.1 6.18 79.11 85.29 OK
r-release-linux-x86_64 1.4.1 5.21 63.89 69.10 OK
r-release-osx-x86_64-mavericks 1.4.1 ERROR
r-release-osx-x86_64-snowleopard 1.4.1 OK
r-release-windows-ix86+x86_64 1.4.1 15.00 127.00 142.00 OK
r-oldrel-windows-ix86+x86_64 1.4.1 15.00 137.00 152.00 OK

Check Details

Version: 1.4.1
Check: package dependencies
Result: ERROR
    Packages required but not available: ‘copula’ ‘vines’
    
    See the information on DESCRIPTION files in the chapter ‘Creating R
    packages’ of the ‘Writing R Extensions’ manual.
Flavor: r-release-osx-x86_64-mavericks