CRAN Package Check Results for Package copulaedas

Last updated on 2014-07-23 19:49:13.

Flavor Version Tinstall Tcheck Ttotal Status Flags
r-devel-linux-x86_64-debian-clang 1.4.1 5.20 63.52 68.72 OK
r-devel-linux-x86_64-debian-gcc 1.4.1 4.96 61.38 66.34 OK
r-devel-linux-x86_64-fedora-clang 1.4.1 169.46 OK
r-devel-linux-x86_64-fedora-gcc 1.4.1 159.49 OK
r-devel-osx-x86_64-clang 1.4.1 126.01 OK
r-devel-windows-ix86+x86_64 1.4.1 16.00 124.00 140.00 OK
r-patched-linux-x86_64 1.4.1 5.20 63.18 68.38 OK
r-patched-solaris-sparc 1.4.1 834.20 OK
r-patched-solaris-x86 1.4.1 206.90 OK
r-release-linux-ix86 1.4.1 6.08 78.77 84.85 OK
r-release-linux-x86_64 1.4.1 6.10 65.25 71.35 OK
r-release-osx-x86_64-mavericks 1.4.1 ERROR
r-release-osx-x86_64-snowleopard 1.4.1 OK
r-release-windows-ix86+x86_64 1.4.1 13.00 134.00 147.00 OK
r-oldrel-windows-ix86+x86_64 1.4.1 14.00 131.00 145.00 OK

Check Details

Version: 1.4.1
Check: package dependencies
Result: ERROR
    Packages required but not available: ‘copula’ ‘vines’
    
    See the information on DESCRIPTION files in the chapter ‘Creating R
    packages’ of the ‘Writing R Extensions’ manual.
Flavor: r-release-osx-x86_64-mavericks