CRAN Package Check Results for Package copulaedas

Last updated on 2014-04-24 23:48:00.

Flavor Version Tinstall Tcheck Ttotal Status Flags
r-devel-linux-x86_64-debian-clang 1.3.1 5.48 67.14 72.61 OK
r-devel-linux-x86_64-debian-gcc 1.3.1 5.28 65.45 70.73 OK
r-devel-linux-x86_64-fedora-clang 1.3.1 169.83 OK
r-devel-linux-x86_64-fedora-gcc 1.3.1 160.62 OK
r-devel-osx-x86_64-clang 1.3.1 120.28 OK
r-devel-osx-x86_64-gcc 1.3.1 ERROR
r-devel-windows-ix86+x86_64 1.3.1 15.00 123.00 138.00 OK
r-patched-linux-x86_64 1.3.1 5.12 66.88 71.99 OK
r-patched-solaris-sparc 1.3.1 887.20 OK
r-patched-solaris-x86 1.3.1 206.10 OK
r-release-linux-ix86 1.3.1 8.00 102.00 110.00 OK
r-release-linux-x86_64 1.3.1 5.32 65.17 70.48 OK
r-release-osx-x86_64-mavericks 1.3.1 ERROR
r-release-osx-x86_64-snowleopard 1.3.1 OK
r-release-windows-ix86+x86_64 1.3.1 14.00 129.00 143.00 OK
r-oldrel-windows-ix86+x86_64 1.3.1 14.00 125.00 139.00 OK

Check Details

Version: 1.3.1
Check: package dependencies
Result: ERROR
    Package required but not available: ‘vines’
    
    See the information on DESCRIPTION files in the chapter ‘Creating R
    packages’ of the ‘Writing R Extensions’ manual.
Flavor: r-devel-osx-x86_64-gcc

Version: 1.3.1
Check: package dependencies
Result: ERROR
    Packages required but not available: ‘copula’ ‘vines’
    
    See the information on DESCRIPTION files in the chapter ‘Creating R
    packages’ of the ‘Writing R Extensions’ manual.
Flavor: r-release-osx-x86_64-mavericks