CRAN Package Check Results for Package copulaedas

Last updated on 2014-08-29 14:46:56.

Flavor Version Tinstall Tcheck Ttotal Status Flags
r-devel-linux-x86_64-debian-clang 1.4.1 5.10 60.94 66.04 OK
r-devel-linux-x86_64-debian-gcc 1.4.1 5.12 61.45 66.57 OK
r-devel-linux-x86_64-fedora-clang 1.4.1 172.70 OK
r-devel-linux-x86_64-fedora-gcc 1.4.1 152.36 OK
r-devel-osx-x86_64-clang 1.4.1 122.43 OK
r-devel-windows-ix86+x86_64 1.4.1 15.00 125.00 140.00 OK
r-patched-linux-x86_64 1.4.1 5.12 63.90 69.02 OK
r-patched-solaris-sparc 1.4.1 894.70 OK
r-patched-solaris-x86 1.4.1 209.00 OK
r-release-linux-ix86 1.4.1 6.07 78.61 84.68 OK
r-release-linux-x86_64 1.4.1 5.31 64.59 69.90 OK
r-release-osx-x86_64-mavericks 1.4.1 ERROR
r-release-osx-x86_64-snowleopard 1.4.1 OK
r-release-windows-ix86+x86_64 1.4.1 14.00 136.00 150.00 OK
r-oldrel-windows-ix86+x86_64 1.4.1 16.00 127.00 143.00 OK

Check Details

Version: 1.4.1
Check: package dependencies
Result: ERROR
    Packages required but not available: ‘copula’ ‘vines’
    
    See the information on DESCRIPTION files in the chapter ‘Creating R
    packages’ of the ‘Writing R Extensions’ manual.
Flavor: r-release-osx-x86_64-mavericks