CRAN Package Check Results for Package copulaedas

Last updated on 2015-07-30 17:47:06.

Flavor Version Tinstall Tcheck Ttotal Status Flags
r-devel-linux-x86_64-debian-clang 1.4.1 3.92 53.16 57.08 NOTE
r-devel-linux-x86_64-debian-gcc 1.4.1 3.86 52.27 56.12 NOTE
r-devel-linux-x86_64-fedora-clang 1.4.1 112.78 NOTE
r-devel-linux-x86_64-fedora-gcc 1.4.1 106.46 NOTE
r-devel-osx-x86_64-clang 1.4.1 92.13 OK
r-devel-windows-ix86+x86_64 1.4.1 15.00 110.00 125.00 NOTE
r-patched-linux-x86_64 1.4.1 3.83 50.09 53.92 OK
r-patched-solaris-sparc 1.4.1 707.30 OK
r-patched-solaris-x86 1.4.1 152.50 OK
r-release-linux-x86_64 1.4.1 3.68 50.57 54.25 OK
r-release-osx-x86_64-mavericks 1.4.1 OK
r-release-windows-ix86+x86_64 1.4.1 18.00 106.00 124.00 OK
r-oldrel-windows-ix86+x86_64 1.4.1 19.00 153.00 172.00 OK

Check Details

Version: 1.4.1
Check: R code for possible problems
Result: NOTE
    edaIndepRuns: no visible binding for global variable ‘median’
    edaIndepRuns: no visible binding for global variable ‘sd’
    edaLearnCEDA: no visible global function definition for ‘cor’
    edaLearnVEDA : selectCopula: no visible global function definition for
     ‘cor’
    edaLearnVEDA : selectCopula: no visible global function definition for
     ‘optimize’
    edaReplaceRTR: no visible global function definition for ‘dist’
    edaReportDumpPop: no visible global function definition for
     ‘write.table’
    edaReportDumpSelectedPop: no visible global function definition for
     ‘write.table’
    edaReportSimple: no visible global function definition for ‘sd’
    edaSampleCEDA: no visible global function definition for ‘pnorm’
    edaSeedUniform : <anonymous>: no visible global function definition for
     ‘runif’
    edaTerminateEvalStdDev: no visible global function definition for ‘sd’
    fkernel: no visible global function definition for ‘bw.nrd0’
    fnorm: no visible global function definition for ‘sd’
    ftruncnorm: no visible global function definition for ‘sd’
    qkernel: no visible global function definition for ‘quantile’
    qkernel : f: no visible global function definition for ‘dnorm’
    qkernel : F: no visible global function definition for ‘pnorm’
    qtrunckernel : F: no visible global function definition for ‘pnorm’
    summaryEDAResults : f: no visible global function definition for
     ‘median’
    summaryEDAResults : f: no visible global function definition for ‘sd’
    edaLearn,CEDA: no visible global function definition for ‘cor’
    edaLearn,VEDA : selectCopula: no visible global function definition for
     ‘cor’
    edaLearn,VEDA : selectCopula: no visible global function definition for
     ‘optimize’
    edaSample,CEDA: no visible global function definition for ‘pnorm’
    edaSeed,EDA : <anonymous>: no visible global function definition for
     ‘runif’
    summary,EDAResults : f: no visible global function definition for
     ‘median’
    summary,EDAResults : f: no visible global function definition for ‘sd’
    Undefined global functions or variables:
     bw.nrd0 cor dist dnorm median optimize pnorm quantile runif sd
     write.table
    Consider adding
     importFrom("stats", "bw.nrd0", "cor", "dist", "dnorm", "median",
     "optimize", "pnorm", "quantile", "runif", "sd")
     importFrom("utils", "write.table")
    to your NAMESPACE.
Flavors: r-devel-linux-x86_64-debian-clang, r-devel-linux-x86_64-debian-gcc, r-devel-linux-x86_64-fedora-clang, r-devel-linux-x86_64-fedora-gcc, r-devel-windows-ix86+x86_64