CRAN Package Check Results for Package copulaedas

Last updated on 2017-08-16 16:46:28.

Flavor Version Tinstall Tcheck Ttotal Status Flags
r-devel-linux-x86_64-debian-clang 1.4.2 3.83 56.28 60.11 OK
r-devel-linux-x86_64-debian-gcc 1.4.2 3.48 52.82 56.30 OK
r-devel-linux-x86_64-fedora-clang 1.4.2 124.33 OK
r-devel-linux-x86_64-fedora-gcc 1.4.2 121.48 OK
r-devel-windows-ix86+x86_64 1.4.2 10.00 96.00 106.00 OK
r-patched-linux-x86_64 1.4.2 4.04 53.42 57.46 OK
r-patched-solaris-x86 1.4.2 161.80 OK
r-release-linux-x86_64 1.4.2 3.84 52.70 56.54 OK
r-release-windows-ix86+x86_64 1.4.2 11.00 124.00 135.00 OK
r-release-osx-x86_64 1.4.2 ERROR
r-oldrel-windows-ix86+x86_64 1.4.2 10.00 93.00 103.00 OK
r-oldrel-osx-x86_64 1.4.2 OK

Check Details

Version: 1.4.2
Check: package dependencies
Result: ERROR
    Packages required but not available: ‘copula’ ‘vines’
    
    See section ‘The DESCRIPTION file’ in the ‘Writing R Extensions’
    manual.
Flavor: r-release-osx-x86_64