CRAN Package Check Results for Package copulaedas

Last updated on 2017-06-26 08:47:36.

Flavor Version Tinstall Tcheck Ttotal Status Flags
r-devel-linux-x86_64-debian-clang 1.4.2 3.71 54.79 58.50 OK
r-devel-linux-x86_64-debian-gcc 1.4.2 3.54 58.68 62.22 OK
r-devel-linux-x86_64-fedora-clang 1.4.2 125.89 OK
r-devel-linux-x86_64-fedora-gcc 1.4.2 122.50 OK
r-devel-windows-ix86+x86_64 1.4.2 14.00 124.00 138.00 OK
r-patched-linux-x86_64 1.4.2 3.60 52.13 55.74 OK
r-patched-solaris-sparc 1.4.2 739.20 OK
r-patched-solaris-x86 1.4.2 161.10 OK
r-release-linux-x86_64 1.4.2 3.61 54.13 57.74 OK
r-release-windows-ix86+x86_64 1.4.2 14.00 125.00 139.00 OK
r-release-osx-x86_64 1.4.2 ERROR
r-oldrel-windows-ix86+x86_64 1.4.2 10.00 119.00 129.00 OK
r-oldrel-osx-x86_64 1.4.2 OK

Check Details

Version: 1.4.2
Check: package dependencies
Result: ERROR
    Packages required but not available: ‘copula’ ‘vines’
    
    See section ‘The DESCRIPTION file’ in the ‘Writing R Extensions’
    manual.
Flavor: r-release-osx-x86_64