CRAN Package Check Results for Package copulaedas

Last updated on 2018-02-25 21:55:51 CET.

Flavor Version Tinstall Tcheck Ttotal Status Flags
r-devel-linux-x86_64-debian-clang 1.4.2 6.85 87.77 94.62 OK
r-devel-linux-x86_64-debian-gcc 1.4.2 5.45 65.75 71.20 OK
r-devel-linux-x86_64-fedora-clang 1.4.2 110.90 OK
r-devel-linux-x86_64-fedora-gcc 1.4.2 106.74 OK
r-devel-windows-ix86+x86_64 1.4.2 12.00 124.00 136.00 OK
r-patched-linux-x86_64 1.4.2 4.60 86.31 90.91 OK
r-patched-solaris-x86 1.4.2 163.80 OK
r-release-linux-x86_64 1.4.2 5.24 86.79 92.03 OK
r-release-windows-ix86+x86_64 1.4.2 14.00 128.00 142.00 OK
r-release-osx-x86_64 1.4.2 ERROR
r-oldrel-windows-ix86+x86_64 1.4.2 8.00 94.00 102.00 OK
r-oldrel-osx-x86_64 1.4.2 OK

Check Details

Version: 1.4.2
Check: package dependencies
Result: ERROR
    Packages required but not available: ‘copula’ ‘vines’
    
    See section ‘The DESCRIPTION file’ in the ‘Writing R Extensions’
    manual.
Flavor: r-release-osx-x86_64