CRAN Package Check Results for Package copulaedas

Last updated on 2017-12-13 00:46:39 CET.

Flavor Version Tinstall Tcheck Ttotal Status Flags
r-devel-linux-x86_64-debian-clang 1.4.2 3.91 79.41 83.32 OK
r-devel-linux-x86_64-debian-gcc 1.4.2 3.93 62.23 66.16 OK
r-devel-linux-x86_64-fedora-clang 1.4.2 107.94 OK
r-devel-linux-x86_64-fedora-gcc 1.4.2 107.37 OK
r-devel-windows-ix86+x86_64 1.4.2 14.00 102.00 116.00 OK
r-patched-linux-x86_64 1.4.2 5.17 87.23 92.40 OK
r-patched-solaris-x86 1.4.2 161.30 OK
r-release-linux-x86_64 1.4.2 5.09 87.62 92.71 OK
r-release-windows-ix86+x86_64 1.4.2 10.00 102.00 112.00 OK
r-release-osx-x86_64 1.4.2 ERROR
r-oldrel-windows-ix86+x86_64 1.4.2 9.00 114.00 123.00 OK
r-oldrel-osx-x86_64 1.4.2 OK

Check Details

Version: 1.4.2
Check: package dependencies
Result: ERROR
    Packages required but not available: ‘copula’ ‘vines’
    
    See section ‘The DESCRIPTION file’ in the ‘Writing R Extensions’
    manual.
Flavor: r-release-osx-x86_64