CRAN Package Check Results for Package copulaedas

Last updated on 2017-10-21 18:47:05.

Flavor Version Tinstall Tcheck Ttotal Status Flags
r-devel-linux-x86_64-debian-clang 1.4.2 4.00 54.75 58.75 OK
r-devel-linux-x86_64-debian-gcc 1.4.2 4.86 57.56 62.42 OK
r-devel-linux-x86_64-fedora-clang 1.4.2 126.85 OK
r-devel-linux-x86_64-fedora-gcc 1.4.2 134.50 OK
r-devel-windows-ix86+x86_64 1.4.2 12.00 91.00 103.00 OK
r-patched-linux-x86_64 1.4.2 3.78 53.44 57.21 OK
r-patched-solaris-x86 1.4.2 162.90 OK
r-release-linux-x86_64 1.4.2 3.77 54.62 58.39 OK
r-release-windows-ix86+x86_64 1.4.2 13.00 133.00 146.00 OK
r-release-osx-x86_64 1.4.2 ERROR
r-oldrel-windows-ix86+x86_64 1.4.2 8.00 116.00 124.00 OK
r-oldrel-osx-x86_64 1.4.2 OK

Check Details

Version: 1.4.2
Check: package dependencies
Result: ERROR
    Packages required but not available: ‘copula’ ‘vines’
    
    See section ‘The DESCRIPTION file’ in the ‘Writing R Extensions’
    manual.
Flavor: r-release-osx-x86_64