CRAN Package Check Results for Package copulaedas

Last updated on 2014-09-17 23:47:46.

Flavor Version Tinstall Tcheck Ttotal Status Flags
r-devel-linux-x86_64-debian-clang 1.4.1 4.88 61.06 65.94 OK
r-devel-linux-x86_64-debian-gcc 1.4.1 4.72 60.97 65.68 OK
r-devel-linux-x86_64-fedora-clang 1.4.1 158.86 OK
r-devel-linux-x86_64-fedora-gcc 1.4.1 154.49 OK
r-devel-osx-x86_64-clang 1.4.1 119.80 OK
r-devel-windows-ix86+x86_64 1.4.1 13.00 126.00 139.00 OK
r-patched-linux-x86_64 1.4.1 7.30 64.40 71.70 OK
r-patched-solaris-sparc 1.4.1 894.70 OK
r-patched-solaris-x86 1.4.1 206.70 OK
r-release-linux-ix86 1.4.1 6.15 78.70 84.86 OK
r-release-linux-x86_64 1.4.1 6.34 64.66 71.00 OK
r-release-osx-x86_64-mavericks 1.4.1 ERROR
r-release-osx-x86_64-snowleopard 1.4.1 OK
r-release-windows-ix86+x86_64 1.4.1 12.00 129.00 141.00 OK
r-oldrel-windows-ix86+x86_64 1.4.1 14.00 133.00 147.00 OK

Check Details

Version: 1.4.1
Check: package dependencies
Result: ERROR
    Packages required but not available: ‘copula’ ‘vines’
    
    See the information on DESCRIPTION files in the chapter ‘Creating R
    packages’ of the ‘Writing R Extensions’ manual.
Flavor: r-release-osx-x86_64-mavericks