CRAN Package Check Results for Package copulaedas

Last updated on 2014-11-26 07:47:01.

Flavor Version Tinstall Tcheck Ttotal Status Flags
r-devel-linux-x86_64-debian-clang 1.4.1 4.80 63.56 68.36 OK
r-devel-linux-x86_64-debian-gcc 1.4.1 4.70 59.71 64.41 OK
r-devel-linux-x86_64-fedora-clang 1.4.1 162.61 OK
r-devel-linux-x86_64-fedora-gcc 1.4.1 151.24 OK
r-devel-osx-x86_64-clang 1.4.1 128.40 OK
r-devel-windows-ix86+x86_64 1.4.1 13.00 130.00 143.00 OK
r-patched-linux-x86_64 1.4.1 5.18 65.63 70.81 OK
r-patched-solaris-sparc 1.4.1 894.70 OK
r-patched-solaris-x86 1.4.1 212.10 OK
r-release-linux-ix86 1.4.1 5.89 76.57 82.46 OK
r-release-linux-x86_64 1.4.1 5.01 64.06 69.08 OK
r-release-osx-x86_64-mavericks 1.4.1 ERROR
r-release-osx-x86_64-snowleopard 1.4.1 OK
r-release-windows-ix86+x86_64 1.4.1 15.00 142.00 157.00 OK
r-oldrel-windows-ix86+x86_64 1.4.1 16.00 130.00 146.00 OK

Check Details

Version: 1.4.1
Check: package dependencies
Result: ERROR
    Packages required but not available: ‘copula’ ‘vines’
    
    See the information on DESCRIPTION files in the chapter ‘Creating R
    packages’ of the ‘Writing R Extensions’ manual.
Flavor: r-release-osx-x86_64-mavericks