CRAN Package Check Results for Package copulaedas

Last updated on 2014-12-21 03:48:12.

Flavor Version Tinstall Tcheck Ttotal Status Flags
r-devel-linux-x86_64-debian-clang 1.4.1 4.82 62.21 67.03 OK
r-devel-linux-x86_64-debian-gcc 1.4.1 4.70 58.85 63.54 OK
r-devel-linux-x86_64-fedora-clang 1.4.1 162.05 OK
r-devel-linux-x86_64-fedora-gcc 1.4.1 144.39 OK
r-devel-osx-x86_64-clang 1.4.1 131.72 OK
r-devel-windows-ix86+x86_64 1.4.1 15.00 129.00 144.00 OK
r-patched-linux-x86_64 1.4.1 5.00 63.18 68.18 OK
r-patched-solaris-sparc 1.4.1 894.70 OK
r-patched-solaris-x86 1.4.1 209.60 OK
r-release-linux-ix86 1.4.1 5.86 76.06 81.92 OK
r-release-linux-x86_64 1.4.1 4.97 64.42 69.40 OK
r-release-osx-x86_64-mavericks 1.4.1 ERROR
r-release-osx-x86_64-snowleopard 1.4.1 OK
r-release-windows-ix86+x86_64 1.4.1 17.00 141.00 158.00 OK
r-oldrel-windows-ix86+x86_64 1.4.1 16.00 134.00 150.00 OK

Check Details

Version: 1.4.1
Check: package dependencies
Result: ERROR
    Packages required but not available: ‘copula’ ‘vines’
    
    See the information on DESCRIPTION files in the chapter ‘Creating R
    packages’ of the ‘Writing R Extensions’ manual.
Flavor: r-release-osx-x86_64-mavericks