CRAN Package Check Results for Package copulaedas

Last updated on 2018-04-20 21:48:40 CEST.

Flavor Version Tinstall Tcheck Ttotal Status Flags
r-devel-linux-x86_64-debian-clang 1.4.2 6.13 87.30 93.43 OK
r-devel-linux-x86_64-debian-gcc 1.4.2 5.90 66.25 72.15 OK
r-devel-linux-x86_64-fedora-clang 1.4.2 111.06 OK
r-devel-linux-x86_64-fedora-gcc 1.4.2 107.16 OK
r-devel-windows-ix86+x86_64 1.4.2 16.00 93.00 109.00 OK
r-devel-osx-x86_64 1.4.2 OK
r-patched-linux-x86_64 1.4.2 5.98 82.37 88.35 OK
r-patched-solaris-x86 1.4.2 161.00 OK
r-release-linux-x86_64 1.4.2 4.80 88.94 93.74 OK
r-release-windows-ix86+x86_64 1.4.2 14.00 132.00 146.00 OK
r-release-osx-x86_64 1.4.2 ERROR
r-oldrel-windows-ix86+x86_64 1.4.2 13.00 91.00 104.00 OK

Check Details

Version: 1.4.2
Check: package dependencies
Result: ERROR
    Packages required but not available: ‘copula’ ‘vines’
    
    See section ‘The DESCRIPTION file’ in the ‘Writing R Extensions’
    manual.
Flavor: r-release-osx-x86_64