CRAN Package Check Results for Package copyseparator

Last updated on 2022-11-29 00:50:44 CET.

Flavor Version Tinstall Tcheck Ttotal Status Flags
r-devel-linux-x86_64-debian-clang 1.1.0 18.54 175.80 194.34 OK
r-devel-linux-x86_64-debian-gcc 1.2.0 15.12 130.60 145.72 OK
r-devel-linux-x86_64-fedora-clang 1.2.0 253.27 OK
r-devel-linux-x86_64-fedora-gcc 1.2.0 262.96 OK
r-devel-windows-x86_64 1.2.0 40.00 190.00 230.00 OK
r-patched-linux-x86_64 1.2.0 16.85 164.39 181.24 OK
r-release-linux-x86_64 1.2.0 18.58 165.38 183.96 OK
r-release-macos-arm64 1.1.0 63.00 OK
r-release-macos-x86_64 1.2.0 88.00 OK
r-release-windows-x86_64 1.1.0 14.00 8.00 22.00 ERROR
r-oldrel-macos-arm64 1.1.0 62.00 OK
r-oldrel-macos-x86_64 1.2.0 81.00 OK
r-oldrel-windows-ix86+x86_64 1.2.0 11.00 18.00 29.00 ERROR

Check Details

Version: 1.1.0
Check: whether package can be installed
Result: ERROR
    Installation failed.
Flavor: r-release-windows-x86_64

Version: 1.2.0
Check: whether package can be installed
Result: ERROR
    Installation failed.
Flavor: r-oldrel-windows-ix86+x86_64