CRAN Package Check Results for Package corHMM

Last updated on 2014-04-24 21:47:38.

Flavor Version Tinstall Tcheck Ttotal Status Flags
r-devel-linux-x86_64-debian-clang 1.13 4.54 54.72 59.26 OK
r-devel-linux-x86_64-debian-gcc 1.13 4.33 54.78 59.11 OK
r-devel-linux-x86_64-fedora-clang 1.13 127.71 OK
r-devel-linux-x86_64-fedora-gcc 1.13 123.44 OK
r-devel-osx-x86_64-clang 1.13 97.00 OK
r-devel-osx-x86_64-gcc 1.13 ERROR
r-devel-windows-ix86+x86_64 1.13 12.00 74.00 86.00 OK
r-patched-linux-x86_64 1.13 4.22 54.27 58.48 OK
r-patched-solaris-sparc 1.13 688.90 OK
r-patched-solaris-x86 1.13 161.60 OK
r-release-linux-ix86 1.13 6.00 85.00 91.00 OK
r-release-linux-x86_64 1.13 4.29 53.69 57.98 OK
r-release-osx-x86_64-mavericks 1.13 WARN
r-release-osx-x86_64-snowleopard 1.13 OK
r-release-windows-ix86+x86_64 1.13 11.00 79.00 90.00 OK
r-oldrel-windows-ix86+x86_64 1.13 13.00 74.00 87.00 OK

Check Details

Version: 1.13
Check: package dependencies
Result: ERROR
    Package required but not available: ‘phangorn’
    
    See the information on DESCRIPTION files in the chapter ‘Creating R
    packages’ of the ‘Writing R Extensions’ manual.
Flavor: r-devel-osx-x86_64-gcc

Version: 1.13
Check: PDF version of manual
Result: WARNING
    LaTeX errors when creating PDF version.
    This typically indicates Rd problems.
    LaTeX errors found:
    ! LaTeX Error: File `upquote.sty' not found.
    
    Type X to quit or <RETURN> to proceed,
    or enter new name. (Default extension: sty)
    
    45fcbeb/Rd2.tex:8: ==> Fatal error occurred, no output PDF file produced!
Flavor: r-release-osx-x86_64-mavericks