CRAN Package Check Results for Package corHMM

Last updated on 2014-08-29 09:47:54.

Flavor Version Tinstall Tcheck Ttotal Status Flags
r-devel-linux-x86_64-debian-clang 1.14 4.00 51.00 55.00 NOTE
r-devel-linux-x86_64-debian-gcc 1.14 3.81 50.98 54.79 NOTE
r-devel-linux-x86_64-fedora-clang 1.14 133.19 NOTE
r-devel-linux-x86_64-fedora-gcc 1.14 118.98 NOTE
r-devel-osx-x86_64-clang 1.14 98.26 NOTE
r-devel-windows-ix86+x86_64 1.14 11.00 74.00 85.00 NOTE
r-patched-linux-x86_64 1.14 4.03 52.08 56.11 NOTE
r-patched-solaris-sparc 1.14 693.40 NOTE
r-patched-solaris-x86 1.14 155.80 NOTE
r-release-linux-ix86 1.14 4.67 63.71 68.38 OK
r-release-linux-x86_64 1.14 4.06 53.40 57.46 OK
r-release-osx-x86_64-mavericks 1.14 OK
r-release-osx-x86_64-snowleopard 1.14 OK
r-release-windows-ix86+x86_64 1.14 11.00 78.00 89.00 OK
r-oldrel-windows-ix86+x86_64 1.14 10.00 76.00 86.00 OK

Check Details

Version: 1.14
Check: dependencies in R code
Result: NOTE
    Package in Depends field not imported from: ‘parallel’
     These packages need to be imported from (in the NAMESPACE file)
     for when this namespace is loaded but not attached.
    See the information on DESCRIPTION files in the chapter ‘Creating R
    packages’ of the ‘Writing R Extensions’ manual.
Flavors: r-devel-linux-x86_64-debian-clang, r-devel-linux-x86_64-debian-gcc, r-devel-linux-x86_64-fedora-clang, r-devel-linux-x86_64-fedora-gcc, r-devel-osx-x86_64-clang, r-devel-windows-ix86+x86_64, r-patched-linux-x86_64, r-patched-solaris-sparc, r-patched-solaris-x86

Version: 1.14
Check: R code for possible problems
Result: NOTE
    corHMM: no visible global function definition for ‘mclapply’
Flavors: r-devel-linux-x86_64-debian-clang, r-devel-linux-x86_64-debian-gcc, r-devel-linux-x86_64-fedora-clang, r-devel-linux-x86_64-fedora-gcc, r-devel-osx-x86_64-clang, r-devel-windows-ix86+x86_64