CRAN Package Check Results for Package corHMM

Last updated on 2015-09-02 16:49:19.

Flavor Version Tinstall Tcheck Ttotal Status Flags
r-devel-linux-x86_64-debian-clang 1.16 3.16 43.65 46.81 NOTE
r-devel-linux-x86_64-debian-gcc 1.16 2.81 41.43 44.24 NOTE
r-devel-linux-x86_64-fedora-clang 1.16 91.14 NOTE
r-devel-linux-x86_64-fedora-gcc 1.16 84.71 NOTE
r-devel-osx-x86_64-clang 1.16 75.15 OK
r-devel-windows-ix86+x86_64 1.16 15.00 98.00 113.00 NOTE
r-patched-linux-x86_64 1.16 3.79 43.60 47.39 OK
r-patched-solaris-sparc 1.16 578.10 OK
r-patched-solaris-x86 1.16 127.20 OK
r-release-linux-x86_64 1.16 2.87 43.44 46.30 OK
r-release-osx-x86_64-mavericks 1.16 OK
r-release-windows-ix86+x86_64 1.16 14.00 101.00 115.00 OK
r-oldrel-windows-ix86+x86_64 1.16 21.00 104.00 125.00 OK

Check Details

Version: 1.16
Check: R code for possible problems
Result: NOTE
    ancRECON: no visible global function definition for ‘reorder’
    ancRECON.paint: no visible global function definition for ‘reorder’
    corDISC: no visible global function definition for ‘rexp’
    corHMM: no visible global function definition for ‘rexp’
    corHMM: no visible global function definition for ‘runif’
    corHMM: no visible global function definition for ‘median’
    corHMM : random.restart: no visible global function definition for
     ‘rexp’
    corHMM : random.restart: no visible global function definition for
     ‘median’
    corPAINT: no visible global function definition for ‘rexp’
    dev.cordisc: no visible global function definition for ‘reorder’
    dev.corhmm: no visible global function definition for ‘reorder’
    dev.corpaint: no visible global function definition for ‘reorder’
    dev.raydisc: no visible global function definition for ‘reorder’
    plotRECON: no visible global function definition for ‘pdf’
    plotRECON: no visible global function definition for ‘plot’
    plotRECON: no visible global function definition for ‘legend’
    plotRECON: no visible global function definition for ‘dev.off’
    rayDISC: no visible global function definition for ‘rexp’
    Undefined global functions or variables:
     dev.off legend median pdf plot reorder rexp runif
    Consider adding
     importFrom("grDevices", "dev.off", "pdf")
     importFrom("graphics", "legend", "plot")
     importFrom("stats", "median", "reorder", "rexp", "runif")
    to your NAMESPACE.
Flavors: r-devel-linux-x86_64-debian-clang, r-devel-linux-x86_64-debian-gcc, r-devel-linux-x86_64-fedora-clang, r-devel-linux-x86_64-fedora-gcc, r-devel-windows-ix86+x86_64