CRAN Package Check Results for Package corHMM

Last updated on 2015-05-22 23:47:54.

Flavor Version Tinstall Tcheck Ttotal Status Flags
r-devel-linux-x86_64-debian-clang 1.16 2.96 42.98 45.95 OK
r-devel-linux-x86_64-debian-gcc 1.16 2.97 42.88 45.85 OK
r-devel-linux-x86_64-fedora-clang 1.16 91.57 OK
r-devel-linux-x86_64-fedora-gcc 1.16 87.43 OK
r-devel-osx-x86_64-clang 1.16 82.80 OK
r-devel-windows-ix86+x86_64 1.16 12.00 62.00 74.00 OK
r-patched-linux-x86_64 1.16 2.84 42.68 45.52 OK
r-patched-solaris-sparc 1.16 564.80 OK
r-patched-solaris-x86 1.16 125.80 OK
r-release-linux-x86_64 1.16 2.78 43.05 45.83 OK
r-release-osx-x86_64-mavericks 1.16 OK
r-release-osx-x86_64-snowleopard 1.16 ERROR
r-release-windows-ix86+x86_64 1.16 8.00 58.00 66.00 OK
r-oldrel-windows-ix86+x86_64 1.16 12.00 76.00 88.00 OK

Check Details

Version: 1.16
Check: package dependencies
Result: ERROR
    Package required but not available: ‘phangorn’
    
    See section ‘The DESCRIPTION file’ in the ‘Writing R Extensions’
    manual.
Flavor: r-release-osx-x86_64-snowleopard