CRAN Package Check Results for Package corclass

Last updated on 2015-07-28 09:46:55.

Flavor Version Tinstall Tcheck Ttotal Status Flags
r-devel-linux-x86_64-debian-clang 0.1 0.62 14.50 15.12 NOTE
r-devel-linux-x86_64-debian-gcc 0.1 0.58 14.26 14.84 NOTE
r-devel-linux-x86_64-fedora-clang 0.1 30.00 NOTE
r-devel-linux-x86_64-fedora-gcc 0.1 27.65 NOTE
r-devel-osx-x86_64-clang 0.1 28.59 NOTE
r-devel-windows-ix86+x86_64 0.1 3.00 25.00 28.00 NOTE
r-patched-linux-x86_64 0.1 0.62 14.85 15.47 NOTE
r-patched-solaris-sparc 0.1 260.00 NOTE
r-patched-solaris-x86 0.1 59.50 NOTE
r-release-linux-x86_64 0.1 0.64 14.34 14.98 NOTE
r-release-osx-x86_64-mavericks 0.1 NOTE
r-release-windows-ix86+x86_64 0.1 4.00 26.00 30.00 NOTE
r-oldrel-windows-ix86+x86_64 0.1 5.00 32.00 37.00 NOTE

Check Details

Version: 0.1
Check: dependencies in R code
Result: NOTE
    'library' or 'require' call to ‘Cairo’ in package code.
     Please use :: or requireNamespace() instead.
     See section 'Suggested packages' in the 'Writing R Extensions' manual.
    Package in Depends field not imported from: ‘igraph’
     These packages need to be imported from (in the NAMESPACE file)
     for when this namespace is loaded but not attached.
Flavors: r-devel-linux-x86_64-debian-clang, r-devel-linux-x86_64-debian-gcc, r-devel-linux-x86_64-fedora-clang, r-devel-linux-x86_64-fedora-gcc, r-devel-osx-x86_64-clang, r-devel-windows-ix86+x86_64, r-patched-linux-x86_64, r-patched-solaris-sparc, r-patched-solaris-x86, r-release-linux-x86_64, r-release-osx-x86_64-mavericks, r-release-windows-ix86+x86_64, r-oldrel-windows-ix86+x86_64

Version: 0.1
Check: S3 generic/method consistency
Result: NOTE
    Found the following apparent S3 methods exported but not registered:
     plot.cca print.cca
    See section ‘Registering S3 methods’ in the ‘Writing R Extensions’
    manual.
Flavors: r-devel-linux-x86_64-debian-clang, r-devel-linux-x86_64-debian-gcc, r-devel-linux-x86_64-fedora-clang, r-devel-linux-x86_64-fedora-gcc, r-devel-osx-x86_64-clang, r-patched-linux-x86_64, r-patched-solaris-sparc, r-patched-solaris-x86, r-release-linux-x86_64

Version: 0.1
Check: R code for possible problems
Result: NOTE
    .cormat.to.igraph: no visible global function definition for
     ‘graph.adjacency’
    .filter.insignif: no visible global function definition for ‘qt’
    .make.cormat: no visible binding for global variable ‘var’
    .make.cormat: no visible global function definition for ‘cor’
    .separate: no visible global function definition for ‘cor’
    cca: no visible global function definition for ‘packageVersion’
    cca: no visible global function definition for
     ‘leading.eigenvector.community’
    cca: no visible global function definition for ‘capture.output’
    plot.cca: no visible binding for global variable ‘layout.kamada.kawai’
    plot.cca: no visible global function definition for ‘delete.edges’
    plot.cca: no visible global function definition for ‘E’
    plot.cca: no visible global function definition for ‘rgb’
    plot.cca: no visible global function definition for ‘plot’
    plot.cca: no visible global function definition for ‘CairoPDF’
    plot.cca: no visible global function definition for ‘dev.off’
    Undefined global functions or variables:
     CairoPDF E capture.output cor delete.edges dev.off graph.adjacency
     layout.kamada.kawai leading.eigenvector.community packageVersion plot
     qt rgb var
    Consider adding
     importFrom("grDevices", "dev.off", "rgb")
     importFrom("graphics", "plot")
     importFrom("stats", "cor", "qt", "var")
     importFrom("utils", "capture.output", "packageVersion")
    to your NAMESPACE.
Flavors: r-devel-linux-x86_64-debian-clang, r-devel-linux-x86_64-debian-gcc, r-devel-linux-x86_64-fedora-clang, r-devel-linux-x86_64-fedora-gcc, r-devel-windows-ix86+x86_64

Version: 0.1
Check: R code for possible problems
Result: NOTE
    .cormat.to.igraph: no visible global function definition for
     ‘graph.adjacency’
    cca: no visible global function definition for
     ‘leading.eigenvector.community’
    plot.cca: no visible binding for global variable ‘layout.kamada.kawai’
    plot.cca: no visible global function definition for ‘delete.edges’
    plot.cca: no visible global function definition for ‘E’
    plot.cca: no visible global function definition for ‘CairoPDF’
    Undefined global functions or variables:
     CairoPDF E delete.edges graph.adjacency layout.kamada.kawai
     leading.eigenvector.community
Flavor: r-devel-osx-x86_64-clang

Version: 0.1
Check: R code for possible problems
Result: NOTE
    .cormat.to.igraph: no visible global function definition for
     ‘graph.adjacency’
    cca: no visible global function definition for
     ‘leading.eigenvector.community’
    plot.cca: no visible binding for global variable ‘layout.kamada.kawai’
    plot.cca: no visible global function definition for ‘delete.edges’
    plot.cca: no visible global function definition for ‘E’
    plot.cca: no visible global function definition for ‘CairoPDF’
Flavors: r-patched-linux-x86_64, r-patched-solaris-sparc, r-patched-solaris-x86, r-release-linux-x86_64, r-release-osx-x86_64-mavericks, r-release-windows-ix86+x86_64, r-oldrel-windows-ix86+x86_64