CRAN Package Check Results for Package corclass

Last updated on 2014-07-23 12:47:26.

Flavor Version Tinstall Tcheck Ttotal Status Flags
r-devel-linux-x86_64-debian-clang 0.1 0.74 16.09 16.82 NOTE
r-devel-linux-x86_64-debian-gcc 0.1 0.73 15.47 16.20 NOTE
r-devel-linux-x86_64-fedora-clang 0.1 34.08 NOTE
r-devel-linux-x86_64-fedora-gcc 0.1 33.39 NOTE
r-devel-osx-x86_64-clang 0.1 35.23 NOTE
r-devel-windows-ix86+x86_64 0.1 3.00 25.00 28.00 NOTE
r-patched-linux-x86_64 0.1 0.70 15.88 16.58 NOTE
r-patched-solaris-sparc 0.1 263.30 NOTE
r-patched-solaris-x86 0.1 62.30 NOTE
r-release-linux-ix86 0.1 1.02 28.45 29.48 NOTE
r-release-linux-x86_64 0.1 0.72 15.45 16.17 NOTE
r-release-osx-x86_64-mavericks 0.1 NOTE
r-release-osx-x86_64-snowleopard 0.1 OK
r-release-windows-ix86+x86_64 0.1 3.00 26.00 29.00 NOTE
r-oldrel-windows-ix86+x86_64 0.1 3.00 38.00 41.00 NOTE

Check Details

Version: 0.1
Check: dependencies in R code
Result: NOTE
    Package in Depends field not imported from: ‘igraph’
     These packages need to be imported from (in the NAMESPACE file)
     for when this namespace is loaded but not attached.
    See the information on DESCRIPTION files in the chapter ‘Creating R
    packages’ of the ‘Writing R Extensions’ manual.
Flavors: r-devel-linux-x86_64-debian-clang, r-devel-linux-x86_64-debian-gcc, r-devel-linux-x86_64-fedora-clang, r-devel-linux-x86_64-fedora-gcc, r-devel-osx-x86_64-clang, r-devel-windows-ix86+x86_64, r-patched-linux-x86_64, r-patched-solaris-sparc, r-patched-solaris-x86, r-release-linux-ix86, r-release-linux-x86_64, r-release-osx-x86_64-mavericks, r-release-windows-ix86+x86_64, r-oldrel-windows-ix86+x86_64