CRAN Package Check Results for Package corclass

Last updated on 2014-08-23 06:48:29.

Flavor Version Tinstall Tcheck Ttotal Status Flags
r-devel-linux-x86_64-debian-clang 0.1 0.69 14.62 15.30 NOTE
r-devel-linux-x86_64-debian-gcc 0.1 0.68 14.40 15.08 NOTE
r-devel-linux-x86_64-fedora-clang 0.1 32.87 NOTE
r-devel-linux-x86_64-fedora-gcc 0.1 30.48 NOTE
r-devel-osx-x86_64-clang 0.1 33.15 NOTE
r-devel-windows-ix86+x86_64 0.1 2.00 27.00 29.00 NOTE
r-patched-linux-x86_64 0.1 0.77 15.08 15.84 NOTE
r-patched-solaris-sparc 0.1 266.20 NOTE
r-patched-solaris-x86 0.1 62.40 NOTE
r-release-linux-ix86 0.1 1.01 28.43 29.44 NOTE
r-release-linux-x86_64 0.1 0.73 15.52 16.24 NOTE
r-release-osx-x86_64-mavericks 0.1 NOTE
r-release-osx-x86_64-snowleopard 0.1 OK
r-release-windows-ix86+x86_64 0.1 3.00 25.00 28.00 NOTE
r-oldrel-windows-ix86+x86_64 0.1 2.00 30.00 32.00 NOTE

Check Details

Version: 0.1
Check: dependencies in R code
Result: NOTE
    Package in Depends field not imported from: ‘igraph’
     These packages need to be imported from (in the NAMESPACE file)
     for when this namespace is loaded but not attached.
    See the information on DESCRIPTION files in the chapter ‘Creating R
    packages’ of the ‘Writing R Extensions’ manual.
Flavors: r-devel-linux-x86_64-debian-clang, r-devel-linux-x86_64-debian-gcc, r-devel-linux-x86_64-fedora-clang, r-devel-linux-x86_64-fedora-gcc, r-devel-osx-x86_64-clang, r-devel-windows-ix86+x86_64, r-patched-linux-x86_64, r-patched-solaris-sparc, r-patched-solaris-x86, r-release-linux-ix86, r-release-linux-x86_64, r-release-osx-x86_64-mavericks, r-release-windows-ix86+x86_64, r-oldrel-windows-ix86+x86_64

Version: 0.1
Check: R code for possible problems
Result: NOTE
    .cormat.to.igraph: no visible global function definition for
     ‘graph.adjacency’
    cca: no visible global function definition for
     ‘leading.eigenvector.community’
    plot.cca: no visible binding for global variable ‘layout.kamada.kawai’
    plot.cca: no visible global function definition for ‘delete.edges’
    plot.cca: no visible global function definition for ‘E’
    plot.cca: no visible global function definition for ‘CairoPDF’
Flavors: r-devel-linux-x86_64-debian-clang, r-devel-linux-x86_64-debian-gcc, r-devel-linux-x86_64-fedora-clang, r-devel-linux-x86_64-fedora-gcc, r-devel-osx-x86_64-clang