CRAN Package Check Results for Package corclass

Last updated on 2017-08-17 07:46:50.

Flavor Version Tinstall Tcheck Ttotal Status Flags
r-devel-linux-x86_64-debian-clang 0.1.1 0.74 17.95 18.69 OK
r-devel-linux-x86_64-debian-gcc 0.1.1 0.73 18.15 18.88 OK
r-devel-linux-x86_64-fedora-clang 0.1.1 33.82 OK
r-devel-linux-x86_64-fedora-gcc 0.1.1 32.40 OK
r-devel-windows-ix86+x86_64 0.1.1 2.00 37.00 39.00 OK
r-patched-linux-x86_64 0.1.1 0.84 17.64 18.48 OK
r-patched-solaris-x86 0.1.1 57.00 OK
r-release-linux-x86_64 0.1.1 0.72 19.01 19.73 OK
r-release-windows-ix86+x86_64 0.1.1 2.00 38.00 40.00 OK
r-release-osx-x86_64 0.1.1 NOTE
r-oldrel-windows-ix86+x86_64 0.1.1 2.00 37.00 39.00 OK
r-oldrel-osx-x86_64 0.1.1 OK

Check Details

Version: 0.1.1
Check: package dependencies
Result: NOTE
    Package suggested but not available for checking: ‘Cairo’
Flavor: r-release-osx-x86_64