CRAN Package Check Results for Package corclass

Last updated on 2018-05-20 17:49:13 CEST.

Flavor Version Tinstall Tcheck Ttotal Status Flags
r-devel-linux-x86_64-debian-clang 0.1.1 1.01 27.15 28.16 OK
r-devel-linux-x86_64-debian-gcc 0.1.1 0.97 21.47 22.44 OK
r-devel-linux-x86_64-fedora-clang 0.1.1 34.21 OK
r-devel-linux-x86_64-fedora-gcc 0.1.1 32.40 OK
r-devel-windows-ix86+x86_64 0.1.1 3.00 37.00 40.00 OK
r-patched-linux-x86_64 0.1.1 1.12 25.66 26.78 OK
r-patched-solaris-x86 0.1.1 65.70 OK
r-release-linux-x86_64 0.1.1 1.14 25.87 27.01 OK
r-release-windows-ix86+x86_64 0.1.1 3.00 41.00 44.00 OK
r-release-osx-x86_64 0.1.1 OK
r-oldrel-windows-ix86+x86_64 0.1.1 3.00 42.00 45.00 OK
r-oldrel-osx-x86_64 0.1.1 NOTE

Check Details

Version: 0.1.1
Check: package dependencies
Result: NOTE
    Package suggested but not available for checking: ‘Cairo’
Flavor: r-oldrel-osx-x86_64