CRAN Package Check Results for Package corclass

Last updated on 2014-09-30 05:47:34.

Flavor Version Tinstall Tcheck Ttotal Status Flags
r-devel-linux-x86_64-debian-clang 0.1 0.70 15.56 16.26 NOTE
r-devel-linux-x86_64-debian-gcc 0.1 0.68 15.11 15.79 NOTE
r-devel-linux-x86_64-fedora-clang 0.1 33.45 NOTE
r-devel-linux-x86_64-fedora-gcc 0.1 31.43 NOTE
r-devel-osx-x86_64-clang 0.1 34.47 NOTE
r-devel-windows-ix86+x86_64 0.1 2.00 28.00 30.00 NOTE
r-patched-linux-x86_64 0.1 0.73 15.71 16.44 NOTE
r-patched-solaris-sparc 0.1 266.20 NOTE
r-patched-solaris-x86 0.1 64.50 NOTE
r-release-linux-ix86 0.1 1.01 28.88 29.88 NOTE
r-release-linux-x86_64 0.1 0.78 15.77 16.55 NOTE
r-release-osx-x86_64-mavericks 0.1 NOTE
r-release-osx-x86_64-snowleopard 0.1 OK
r-release-windows-ix86+x86_64 0.1 3.00 24.00 27.00 NOTE
r-oldrel-windows-ix86+x86_64 0.1 3.00 33.00 36.00 NOTE

Check Details

Version: 0.1
Check: dependencies in R code
Result: NOTE
    Package in Depends field not imported from: ‘igraph’
     These packages need to be imported from (in the NAMESPACE file)
     for when this namespace is loaded but not attached.
    See the information on DESCRIPTION files in the chapter ‘Creating R
    packages’ of the ‘Writing R Extensions’ manual.
Flavors: r-devel-linux-x86_64-debian-clang, r-devel-linux-x86_64-debian-gcc, r-devel-linux-x86_64-fedora-clang, r-devel-linux-x86_64-fedora-gcc, r-devel-osx-x86_64-clang, r-devel-windows-ix86+x86_64, r-patched-linux-x86_64, r-patched-solaris-sparc, r-patched-solaris-x86, r-release-linux-ix86, r-release-linux-x86_64, r-release-osx-x86_64-mavericks, r-release-windows-ix86+x86_64, r-oldrel-windows-ix86+x86_64

Version: 0.1
Check: R code for possible problems
Result: NOTE
    .cormat.to.igraph: no visible global function definition for
     ‘graph.adjacency’
    cca: no visible global function definition for
     ‘leading.eigenvector.community’
    plot.cca: no visible binding for global variable ‘layout.kamada.kawai’
    plot.cca: no visible global function definition for ‘delete.edges’
    plot.cca: no visible global function definition for ‘E’
    plot.cca: no visible global function definition for ‘CairoPDF’
Flavors: r-devel-linux-x86_64-debian-clang, r-devel-linux-x86_64-debian-gcc, r-devel-linux-x86_64-fedora-clang, r-devel-linux-x86_64-fedora-gcc, r-devel-osx-x86_64-clang, r-devel-windows-ix86+x86_64