CRAN Package Check Results for Package corclass

Last updated on 2014-04-19 11:48:48.

Flavor Version Tinstall Tcheck Ttotal Status Flags
r-devel-linux-x86_64-debian-clang 0.1 0.74 15.52 16.26 NOTE
r-devel-linux-x86_64-debian-gcc 0.1 0.76 15.43 16.19 NOTE
r-devel-linux-x86_64-fedora-clang 0.1 32.97 NOTE
r-devel-linux-x86_64-fedora-gcc 0.1 30.85 NOTE
r-devel-macosx-x86_64-clang 0.1 31.74 NOTE
r-devel-macosx-x86_64-gcc 0.1 ERROR
r-devel-windows-ix86+x86_64 0.1 3.00 26.00 29.00 NOTE
r-patched-linux-x86_64 0.1 0.74 15.56 16.31 NOTE
r-patched-solaris-sparc 0.1 263.30 NOTE
r-patched-solaris-x86 0.1 61.50 NOTE
r-release-linux-ix86 0.1 2.00 41.00 43.00 NOTE
r-release-linux-x86_64 0.1 0.74 15.49 16.23 NOTE
r-release-macosx-x86_64 0.1 OK
r-release-windows-ix86+x86_64 0.1 4.00 26.00 30.00 NOTE
r-oldrel-windows-ix86+x86_64 0.1 3.00 34.00 37.00 NOTE

Check Details

Version: 0.1
Check: dependencies in R code
Result: NOTE
    Package in Depends field not imported from: ‘igraph’
     These packages need to be imported from (in the NAMESPACE file)
     for when this namespace is loaded but not attached.
    See the information on DESCRIPTION files in the chapter ‘Creating R
    packages’ of the ‘Writing R Extensions’ manual.
Flavors: r-devel-linux-x86_64-debian-clang, r-devel-linux-x86_64-debian-gcc, r-devel-linux-x86_64-fedora-clang, r-devel-linux-x86_64-fedora-gcc, r-devel-macosx-x86_64-clang, r-devel-windows-ix86+x86_64, r-patched-linux-x86_64, r-patched-solaris-sparc, r-patched-solaris-x86, r-release-linux-ix86, r-release-linux-x86_64, r-release-windows-ix86+x86_64, r-oldrel-windows-ix86+x86_64

Version: 0.1
Check: package dependencies
Result: ERROR
    Package required but not available: ‘igraph’
    
    See the information on DESCRIPTION files in the chapter ‘Creating R
    packages’ of the ‘Writing R Extensions’ manual.
Flavor: r-devel-macosx-x86_64-gcc