CRAN Package Check Results for Package corclass

Last updated on 2017-04-27 10:48:14.

Flavor Version Tinstall Tcheck Ttotal Status Flags
r-devel-linux-x86_64-debian-clang 0.1.1 0.65 18.39 19.04 OK
r-devel-linux-x86_64-debian-gcc 0.1.1 0.69 17.54 18.23 OK
r-devel-linux-x86_64-fedora-clang 0.1.1 33.47 OK --no-stop-on-test-error
r-devel-linux-x86_64-fedora-gcc 0.1.1 31.61 OK --no-stop-on-test-error
r-devel-windows-ix86+x86_64 0.1.1 3.00 42.00 45.00 ERROR
r-patched-linux-x86_64 0.1.1 0.67 17.53 18.20 OK
r-patched-solaris-sparc 0.1.1 265.20 OK
r-patched-solaris-x86 0.1.1 54.90 OK
r-release-linux-x86_64 0.1.1 0.76 17.95 18.71 OK
r-release-windows-ix86+x86_64 0.1.1 3.00 31.00 34.00 ERROR
r-release-osx-x86_64 0.1.1 NOTE
r-oldrel-windows-ix86+x86_64 0.1.1 2.00 47.00 49.00 OK
r-oldrel-osx-x86_64 0.1.1 OK

Check Details

Version: 0.1.1
Check: examples
Result: ERROR
    Running examples in 'corclass-Ex.R' failed
    The error most likely occurred in:
    
    > ### Name: cca
    > ### Title: Main function for CCA.
    > ### Aliases: cca
    >
    > ### ** Examples
    >
    > data(cca.example)
    > res1 <- cca(cca.example) # with igraph 0.7, this should find 3 classes of sizes 218 391 144.
    Filtering out correlations for which Pr(|r| != 0) > 0.01
    At line 213 of file dseupd.f
    Fortran runtime error: Actual string length is shorter than the declared one for dummy argument 'bmat' (0/1)
Flavors: r-devel-windows-ix86+x86_64, r-release-windows-ix86+x86_64

Version: 0.1.1
Check: package dependencies
Result: NOTE
    Package suggested but not available for checking: ‘Cairo’
Flavor: r-release-osx-x86_64