CRAN Package Check Results for Package corclass

Last updated on 2017-10-22 22:48:40.

Flavor Version Tinstall Tcheck Ttotal Status Flags
r-devel-linux-x86_64-debian-clang 0.1.1 0.68 17.74 18.42 OK
r-devel-linux-x86_64-debian-gcc 0.1.1 0.89 18.67 19.56 OK
r-devel-linux-x86_64-fedora-clang 0.1.1 35.20 OK
r-devel-linux-x86_64-fedora-gcc 0.1.1 35.60 OK
r-devel-windows-ix86+x86_64 0.1.1 3.00 35.00 38.00 OK
r-patched-linux-x86_64 0.1.1 0.73 18.06 18.78 OK
r-patched-solaris-x86 0.1.1 56.20 OK
r-release-linux-x86_64 0.1.1 0.75 17.97 18.72 OK
r-release-windows-ix86+x86_64 0.1.1 4.00 47.00 51.00 OK
r-release-osx-x86_64 0.1.1 NOTE
r-oldrel-windows-ix86+x86_64 0.1.1 3.00 46.00 49.00 OK
r-oldrel-osx-x86_64 0.1.1 OK

Check Details

Version: 0.1.1
Check: package dependencies
Result: NOTE
    Package suggested but not available for checking: ‘Cairo’
Flavor: r-release-osx-x86_64