CRAN Package Check Results for Package corclass

Last updated on 2017-06-27 20:48:28.

Flavor Version Tinstall Tcheck Ttotal Status Flags
r-devel-linux-x86_64-debian-clang 0.1.1 0.64 18.10 18.74 OK
r-devel-linux-x86_64-debian-gcc 0.1.1 0.72 17.80 18.52 OK
r-devel-linux-x86_64-fedora-clang 0.1.1 33.38 OK
r-devel-linux-x86_64-fedora-gcc 0.1.1 32.19 OK
r-devel-windows-ix86+x86_64 0.1.1 5.00 32.00 37.00 ERROR
r-patched-linux-x86_64 0.1.1 0.68 17.45 18.13 OK
r-patched-solaris-sparc 0.1.1 265.20 OK
r-patched-solaris-x86 0.1.1 54.60 OK
r-release-linux-x86_64 0.1.1 0.70 17.64 18.34 OK
r-release-windows-ix86+x86_64 0.1.1 5.00 40.00 45.00 ERROR
r-release-osx-x86_64 0.1.1 NOTE
r-oldrel-windows-ix86+x86_64 0.1.1 4.00 49.00 53.00 OK
r-oldrel-osx-x86_64 0.1.1 OK

Check Details

Version: 0.1.1
Check: examples
Result: ERROR
    Running examples in 'corclass-Ex.R' failed
    The error most likely occurred in:
    
    > ### Name: cca
    > ### Title: Main function for CCA.
    > ### Aliases: cca
    >
    > ### ** Examples
    >
    > data(cca.example)
    > res1 <- cca(cca.example) # with igraph 0.7, this should find 3 classes of sizes 218 391 144.
    Filtering out correlations for which Pr(|r| != 0) > 0.01
    At line 213 of file dseupd.f
    Fortran runtime error: Actual string length is shorter than the declared one for dummy argument 'bmat' (0/1)
Flavors: r-devel-windows-ix86+x86_64, r-release-windows-ix86+x86_64

Version: 0.1.1
Check: package dependencies
Result: NOTE
    Package suggested but not available for checking: ‘Cairo’
Flavor: r-release-osx-x86_64