CRAN Package Check Results for Package corclass

Last updated on 2018-01-17 02:52:44 CET.

Flavor Version Tinstall Tcheck Ttotal Status Flags
r-devel-linux-x86_64-debian-clang 0.1.1 0.94 28.26 29.20 OK
r-devel-linux-x86_64-debian-gcc 0.1.1 0.77 21.96 22.73 OK
r-devel-linux-x86_64-fedora-clang 0.1.1 33.97 OK
r-devel-linux-x86_64-fedora-gcc 0.1.1 34.41 OK
r-devel-windows-ix86+x86_64 0.1.1 3.00 38.00 41.00 OK
r-patched-linux-x86_64 0.1.1 0.95 26.93 27.88 OK
r-patched-solaris-x86 0.1.1 62.00 OK
r-release-linux-x86_64 0.1.1 0.90 26.51 27.41 OK
r-release-windows-ix86+x86_64 0.1.1 3.00 33.00 36.00 OK
r-release-osx-x86_64 0.1.1 NOTE
r-oldrel-windows-ix86+x86_64 0.1.1 5.00 37.00 42.00 OK
r-oldrel-osx-x86_64 0.1.1 OK

Check Details

Version: 0.1.1
Check: package dependencies
Result: NOTE
    Package suggested but not available for checking: ‘Cairo’
Flavor: r-release-osx-x86_64