CRAN Package Check Results for Package corclass

Last updated on 2015-04-26 03:47:28.

Flavor Version Tinstall Tcheck Ttotal Status Flags
r-devel-linux-x86_64-debian-clang 0.1 0.60 14.54 15.13 NOTE
r-devel-linux-x86_64-debian-gcc 0.1 0.59 14.42 15.01 NOTE
r-devel-linux-x86_64-fedora-clang 0.1 29.84 NOTE
r-devel-linux-x86_64-fedora-gcc 0.1 27.27 NOTE
r-devel-osx-x86_64-clang 0.1 30.54 NOTE
r-devel-windows-ix86+x86_64 0.1 3.00 26.00 29.00 NOTE
r-patched-linux-x86_64 0.1 0.57 14.34 14.92 NOTE
r-patched-solaris-sparc 0.1 262.10 NOTE
r-patched-solaris-x86 0.1 57.00 NOTE
r-release-linux-x86_64 0.1 0.58 14.08 14.66 NOTE
r-release-osx-x86_64-mavericks 0.1 NOTE
r-release-osx-x86_64-snowleopard 0.1 ERROR
r-release-windows-ix86+x86_64 0.1 2.00 26.00 28.00 NOTE
r-oldrel-windows-ix86+x86_64 0.1 2.00 32.00 34.00 NOTE

Check Details

Version: 0.1
Check: dependencies in R code
Result: NOTE
    'library' or 'require' call to 'Cairo' in package code.
     Please use :: or requireNamespace() instead.
     See section 'Suggested packages' in the 'Writing R Extensions' manual.
    Package in Depends field not imported from: 'igraph'
     These packages need to be imported from (in the NAMESPACE file)
     for when this namespace is loaded but not attached.
Flavors: r-devel-windows-ix86+x86_64, r-release-windows-ix86+x86_64, r-oldrel-windows-ix86+x86_64

Version: 0.1
Check: R code for possible problems
Result: NOTE
    .cormat.to.igraph: no visible global function definition for
     'graph.adjacency'
    cca: no visible global function definition for
     'leading.eigenvector.community'
    plot.cca: no visible binding for global variable 'layout.kamada.kawai'
    plot.cca: no visible global function definition for 'delete.edges'
    plot.cca: no visible global function definition for 'E'
    plot.cca: no visible global function definition for 'CairoPDF'
Flavors: r-devel-windows-ix86+x86_64, r-release-windows-ix86+x86_64, r-oldrel-windows-ix86+x86_64