CRAN Package Check Results for Package cord

Last updated on 2022-12-06 01:52:01 CET.

Flavor Version Tinstall Tcheck Ttotal Status Flags
r-devel-linux-x86_64-debian-clang 0.1.1 40.90 27.61 68.51 OK
r-devel-linux-x86_64-debian-gcc 0.1.1 34.03 21.89 55.92 OK
r-devel-linux-x86_64-fedora-clang 0.1.1 124.07 NOTE
r-devel-linux-x86_64-fedora-gcc 0.1.1 101.44 NOTE
r-devel-windows-x86_64 0.1.1 34.00 73.00 107.00 OK
r-patched-linux-x86_64 0.1.1 34.87 26.57 61.44 OK
r-release-linux-x86_64 0.1.1 32.39 26.47 58.86 OK
r-release-macos-arm64 0.1.1 26.00 OK
r-release-macos-x86_64 0.1.1 35.00 OK
r-release-windows-x86_64 0.1.1 44.00 77.00 121.00 OK
r-oldrel-macos-arm64 0.1.1 31.00 OK
r-oldrel-macos-x86_64 0.1.1 56.00 OK
r-oldrel-windows-ix86+x86_64 0.1.1 104.00 72.00 176.00 OK

Check Details

Version: 0.1.1
Check: compiled code
Result: NOTE
    File ‘cord/libs/cord.so’:
     Found no calls to: ‘R_registerRoutines’, ‘R_useDynamicSymbols’
    
    It is good practice to register native routines and to disable symbol
    search.
    
    See ‘Writing portable packages’ in the ‘Writing R Extensions’ manual.
Flavors: r-devel-linux-x86_64-fedora-clang, r-devel-linux-x86_64-fedora-gcc