CRAN Package Check Results for Package coreTDT

Last updated on 2018-01-24 08:48:27 CET.

Flavor Version Tinstall Tcheck Ttotal Status Flags
r-devel-linux-x86_64-debian-clang 1.0 0.78 19.51 20.29 NOTE
r-devel-linux-x86_64-debian-gcc 1.0 0.63 15.42 16.05 NOTE
r-devel-linux-x86_64-fedora-clang 1.0 23.22 NOTE
r-devel-linux-x86_64-fedora-gcc 1.0 22.09 NOTE
r-devel-windows-ix86+x86_64 1.0 3.00 29.00 32.00 NOTE
r-patched-linux-x86_64 1.0 0.81 17.79 18.60 NOTE
r-patched-solaris-x86 1.0 33.10 NOTE
r-release-linux-x86_64 1.0 0.84 17.75 18.59 NOTE
r-release-windows-ix86+x86_64 1.0 2.00 27.00 29.00 NOTE
r-release-osx-x86_64 1.0 NOTE
r-oldrel-windows-ix86+x86_64 1.0 2.00 26.00 28.00 NOTE
r-oldrel-osx-x86_64 1.0 NOTE

Check Details

Version: 1.0
Check: DESCRIPTION meta-information
Result: NOTE
    Malformed Description field: should contain one or more complete sentences.
Flavors: r-devel-linux-x86_64-debian-clang, r-devel-linux-x86_64-debian-gcc, r-devel-linux-x86_64-fedora-clang, r-devel-linux-x86_64-fedora-gcc, r-devel-windows-ix86+x86_64, r-patched-linux-x86_64, r-patched-solaris-x86, r-release-linux-x86_64, r-release-windows-ix86+x86_64, r-release-osx-x86_64, r-oldrel-windows-ix86+x86_64, r-oldrel-osx-x86_64

Version: 1.0
Check: R code for possible problems
Result: NOTE
    coreTDT_geneset: no visible global function definition for
     ‘write.table’
    pvalue_calculator: no visible global function definition for ‘dbinom’
    Undefined global functions or variables:
     dbinom write.table
    Consider adding
     importFrom("stats", "dbinom")
     importFrom("utils", "write.table")
    to your NAMESPACE file.
Flavors: r-devel-linux-x86_64-debian-clang, r-devel-linux-x86_64-debian-gcc, r-devel-linux-x86_64-fedora-clang, r-devel-linux-x86_64-fedora-gcc, r-devel-windows-ix86+x86_64, r-patched-linux-x86_64, r-patched-solaris-x86, r-release-linux-x86_64, r-release-windows-ix86+x86_64, r-release-osx-x86_64, r-oldrel-windows-ix86+x86_64, r-oldrel-osx-x86_64