CRAN Package Check Results for Package coreTDT

Last updated on 2018-07-19 22:50:35 CEST.

Flavor Version Tinstall Tcheck Ttotal Status Flags
r-devel-linux-x86_64-debian-clang 1.0 1.13 17.19 18.32 NOTE
r-devel-linux-x86_64-debian-gcc 1.0 0.96 15.38 16.34 NOTE
r-devel-linux-x86_64-fedora-clang 1.0 24.90 NOTE
r-devel-linux-x86_64-fedora-gcc 1.0 22.74 NOTE
r-devel-windows-ix86+x86_64 1.0 4.00 30.00 34.00 NOTE
r-patched-linux-x86_64 1.0 1.25 18.47 19.72 NOTE
r-patched-solaris-x86 1.0 35.90 NOTE
r-release-linux-x86_64 1.0 1.02 18.42 19.44 NOTE
r-release-windows-ix86+x86_64 1.0 4.00 30.00 34.00 NOTE
r-release-osx-x86_64 1.0 NOTE
r-oldrel-windows-ix86+x86_64 1.0 2.00 27.00 29.00 NOTE
r-oldrel-osx-x86_64 1.0 NOTE

Check Details

Version: 1.0
Check: DESCRIPTION meta-information
Result: NOTE
    Malformed Description field: should contain one or more complete sentences.
Flavors: r-devel-linux-x86_64-debian-clang, r-devel-linux-x86_64-debian-gcc, r-devel-linux-x86_64-fedora-clang, r-devel-linux-x86_64-fedora-gcc, r-devel-windows-ix86+x86_64, r-patched-linux-x86_64, r-patched-solaris-x86, r-release-linux-x86_64, r-release-windows-ix86+x86_64, r-release-osx-x86_64, r-oldrel-windows-ix86+x86_64, r-oldrel-osx-x86_64

Version: 1.0
Check: R code for possible problems
Result: NOTE
    coreTDT_geneset: no visible global function definition for
     ‘write.table’
    pvalue_calculator: no visible global function definition for ‘dbinom’
    Undefined global functions or variables:
     dbinom write.table
    Consider adding
     importFrom("stats", "dbinom")
     importFrom("utils", "write.table")
    to your NAMESPACE file.
Flavors: r-devel-linux-x86_64-debian-clang, r-devel-linux-x86_64-debian-gcc, r-devel-linux-x86_64-fedora-clang, r-devel-linux-x86_64-fedora-gcc, r-devel-windows-ix86+x86_64, r-patched-linux-x86_64, r-patched-solaris-x86, r-release-linux-x86_64, r-release-windows-ix86+x86_64, r-release-osx-x86_64, r-oldrel-windows-ix86+x86_64, r-oldrel-osx-x86_64