CRAN Package Check Results for Package corlink

Last updated on 2024-03-05 02:53:12 CET.

Flavor Version Tinstall Tcheck Ttotal Status Flags
r-devel-linux-x86_64-debian-clang 1.0.0 3.07 28.25 31.32 NOTE
r-devel-linux-x86_64-debian-gcc 1.0.0 2.02 21.45 23.47 NOTE
r-devel-linux-x86_64-fedora-clang 1.0.0 38.85 NOTE
r-devel-linux-x86_64-fedora-gcc 1.0.0 36.88 NOTE
r-devel-windows-x86_64 1.0.0 4.00 40.00 44.00 NOTE
r-patched-linux-x86_64 1.0.0 2.91 27.61 30.52 NOTE
r-release-linux-x86_64 1.0.0 2.09 27.93 30.02 NOTE
r-release-macos-arm64 1.0.0 18.00 NOTE
r-release-macos-x86_64 1.0.0 23.00 NOTE
r-release-windows-x86_64 1.0.0 5.00 39.00 44.00 NOTE
r-oldrel-macos-arm64 1.0.0 18.00 NOTE
r-oldrel-windows-x86_64 1.0.0 7.00 48.00 55.00 NOTE

Check Details

Version: 1.0.0
Check: LazyData
Result: NOTE 'LazyData' is specified without a 'data' directory Flavors: r-devel-linux-x86_64-debian-clang, r-devel-linux-x86_64-debian-gcc, r-devel-linux-x86_64-fedora-clang, r-devel-linux-x86_64-fedora-gcc, r-devel-windows-x86_64, r-patched-linux-x86_64, r-release-linux-x86_64, r-release-macos-arm64, r-release-macos-x86_64, r-release-windows-x86_64, r-oldrel-macos-arm64, r-oldrel-windows-x86_64