CRAN Package Check Results for Package coro

Last updated on 2021-12-03 16:50:22 CET.

Flavor Version Tinstall Tcheck Ttotal Status Flags
r-devel-linux-x86_64-debian-clang 1.0.1 3.50 47.59 51.09 NOTE
r-devel-linux-x86_64-debian-gcc 1.0.1 2.98 36.70 39.68 NOTE
r-devel-linux-x86_64-fedora-clang 1.0.1 72.34 NOTE
r-devel-linux-x86_64-fedora-gcc 1.0.1 61.53 NOTE
r-devel-windows-x86_64-new-UL 1.0.1 12.00 96.00 108.00 NOTE
r-devel-windows-x86_64-new-TK 1.0.1 NOTE
r-devel-windows-x86_64-old 1.0.1 6.00 53.00 59.00 NOTE
r-patched-linux-x86_64 1.0.1 3.91 45.00 48.91 NOTE
r-release-linux-x86_64 1.0.1 3.51 45.26 48.77 NOTE
r-release-macos-arm64 1.0.1 NOTE
r-release-macos-x86_64 1.0.1 NOTE
r-release-windows-ix86+x86_64 1.0.1 8.00 68.00 76.00 NOTE
r-oldrel-macos-x86_64 1.0.1 OK
r-oldrel-windows-ix86+x86_64 1.0.1 8.00 66.00 74.00 OK

Check Details

Version: 1.0.1
Check: LazyData
Result: NOTE
     'LazyData' is specified without a 'data' directory
Flavors: r-devel-linux-x86_64-debian-clang, r-devel-linux-x86_64-debian-gcc, r-devel-linux-x86_64-fedora-clang, r-devel-linux-x86_64-fedora-gcc, r-devel-windows-x86_64-new-UL, r-devel-windows-x86_64-new-TK, r-devel-windows-x86_64-old, r-patched-linux-x86_64, r-release-linux-x86_64, r-release-macos-arm64, r-release-macos-x86_64, r-release-windows-ix86+x86_64