CRAN Package Check Results for Package corpcor

Last updated on 2015-07-02 23:47:03.

Flavor Version Tinstall Tcheck Ttotal Status Flags
r-devel-linux-x86_64-debian-clang 1.6.7 0.61 12.34 12.95 NOTE
r-devel-linux-x86_64-debian-gcc 1.6.7 0.60 12.13 12.74 NOTE
r-devel-linux-x86_64-fedora-clang 1.6.7 23.92 NOTE
r-devel-linux-x86_64-fedora-gcc 1.6.7 22.40 NOTE
r-devel-osx-x86_64-clang 1.6.7 25.74 OK
r-devel-windows-ix86+x86_64 1.6.7 5.00 21.00 26.00 OK
r-patched-linux-x86_64 1.6.7 0.81 12.43 13.24 OK
r-patched-solaris-sparc 1.6.7 185.40 OK
r-patched-solaris-x86 1.6.7 39.40 OK
r-release-linux-x86_64 1.6.7 0.67 13.32 13.99 OK
r-release-osx-x86_64-mavericks 1.6.7 OK
r-release-windows-ix86+x86_64 1.6.7 3.00 22.00 25.00 OK
r-oldrel-windows-ix86+x86_64 1.6.7 5.00 22.00 27.00 OK

Check Details

Version: 1.6.7
Check: R code for possible problems
Result: NOTE
    cor2pcor: no visible global function definition for ‘cov2cor’
    decompose.cov: no visible global function definition for ‘cov2cor’
    decompose.invcov: no visible global function definition for ‘cov2cor’
    estimate.lambda.var: no visible global function definition for ‘median’
    pcor.shrink: no visible global function definition for ‘cov2cor’
    pcor2cor: no visible global function definition for ‘cov2cor’
    pvt.svar: no visible global function definition for ‘median’
    wt.var: no visible global function definition for ‘weighted.mean’
    Undefined global functions or variables:
     cov2cor median weighted.mean
Flavors: r-devel-linux-x86_64-debian-clang, r-devel-linux-x86_64-fedora-clang, r-devel-linux-x86_64-fedora-gcc

Version: 1.6.7
Check: R code for possible problems
Result: NOTE
    cor2pcor: no visible global function definition for ‘cov2cor’
    decompose.cov: no visible global function definition for ‘cov2cor’
    decompose.invcov: no visible global function definition for ‘cov2cor’
    estimate.lambda.var: no visible global function definition for ‘median’
    pcor.shrink: no visible global function definition for ‘cov2cor’
    pcor2cor: no visible global function definition for ‘cov2cor’
    pvt.svar: no visible global function definition for ‘median’
    wt.var: no visible global function definition for ‘weighted.mean’
Flavor: r-devel-linux-x86_64-debian-gcc