CRAN Package Check Results for Package corpora

Last updated on 2014-12-21 19:48:35.

Flavor Version Tinstall Tcheck Ttotal Status Flags
r-devel-linux-x86_64-debian-clang 0.4-3 1.30 13.59 14.89 NOTE
r-devel-linux-x86_64-debian-gcc 0.4-3 1.26 13.38 14.64 NOTE
r-devel-linux-x86_64-fedora-clang 0.4-3 29.32 NOTE
r-devel-linux-x86_64-fedora-gcc 0.4-3 28.02 NOTE
r-devel-osx-x86_64-clang 0.4-3 29.59 NOTE
r-devel-windows-ix86+x86_64 0.4-3 7.00 28.00 35.00 NOTE
r-patched-linux-x86_64 0.4-3 1.32 13.21 14.53 NOTE
r-patched-solaris-sparc 0.4-3 181.80 NOTE
r-patched-solaris-x86 0.4-3 42.00 NOTE
r-release-linux-ix86 0.4-3 2.07 20.97 23.04 NOTE
r-release-linux-x86_64 0.4-3 1.33 13.73 15.06 NOTE
r-release-osx-x86_64-mavericks 0.4-3 NOTE
r-release-windows-ix86+x86_64 0.4-3 4.00 21.00 25.00 NOTE
r-oldrel-windows-ix86+x86_64 0.4-3 4.00 21.00 25.00 NOTE

Check Details

Version: 0.4-3
Check: data for non-ASCII characters
Result: NOTE
     Note: found 3 marked UTF-8 strings
Flavors: r-devel-linux-x86_64-debian-clang, r-devel-linux-x86_64-debian-gcc, r-devel-linux-x86_64-fedora-clang, r-devel-linux-x86_64-fedora-gcc, r-devel-osx-x86_64-clang, r-devel-windows-ix86+x86_64, r-patched-linux-x86_64, r-patched-solaris-sparc, r-patched-solaris-x86, r-release-linux-ix86, r-release-linux-x86_64, r-release-osx-x86_64-mavericks, r-release-windows-ix86+x86_64, r-oldrel-windows-ix86+x86_64