CRAN Package Check Results for Package corpora

Last updated on 2014-08-21 19:48:43.

Flavor Version Tinstall Tcheck Ttotal Status Flags
r-devel-linux-x86_64-debian-clang 0.4-3 1.26 12.70 13.96 NOTE
r-devel-linux-x86_64-debian-gcc 0.4-3 1.26 12.92 14.18 NOTE
r-devel-linux-x86_64-fedora-clang 0.4-3 29.99 NOTE
r-devel-linux-x86_64-fedora-gcc 0.4-3 27.29 NOTE
r-devel-osx-x86_64-clang 0.4-3 31.20 NOTE
r-devel-windows-ix86+x86_64 0.4-3 4.00 20.00 24.00 NOTE
r-patched-linux-x86_64 0.4-3 1.26 12.80 14.06 NOTE
r-patched-solaris-sparc 0.4-3 181.80 NOTE
r-patched-solaris-x86 0.4-3 41.40 NOTE
r-release-linux-ix86 0.4-3 1.99 22.62 24.62 NOTE
r-release-linux-x86_64 0.4-3 1.30 13.15 14.45 NOTE
r-release-osx-x86_64-mavericks 0.4-3 NOTE
r-release-windows-ix86+x86_64 0.4-3 5.00 21.00 26.00 NOTE
r-oldrel-windows-ix86+x86_64 0.4-3 4.00 21.00 25.00 NOTE

Check Details

Version: 0.4-3
Check: data for non-ASCII characters
Result: NOTE
     Note: found 3 marked UTF-8 strings
Flavors: r-devel-linux-x86_64-debian-clang, r-devel-linux-x86_64-debian-gcc, r-devel-linux-x86_64-fedora-clang, r-devel-linux-x86_64-fedora-gcc, r-devel-osx-x86_64-clang, r-devel-windows-ix86+x86_64, r-patched-linux-x86_64, r-patched-solaris-sparc, r-patched-solaris-x86, r-release-linux-ix86, r-release-linux-x86_64, r-release-osx-x86_64-mavericks, r-release-windows-ix86+x86_64, r-oldrel-windows-ix86+x86_64