CRAN Package Check Results for Package corpora

Last updated on 2015-05-23 03:48:38.

Flavor Version Tinstall Tcheck Ttotal Status Flags
r-devel-linux-x86_64-debian-clang 0.4-3 1.35 12.54 13.89 NOTE
r-devel-linux-x86_64-debian-gcc 0.4-3 1.21 12.77 13.98 NOTE
r-devel-linux-x86_64-fedora-clang 0.4-3 25.44 NOTE
r-devel-linux-x86_64-fedora-gcc 0.4-3 24.65 NOTE
r-devel-osx-x86_64-clang 0.4-3 28.64 NOTE
r-devel-windows-ix86+x86_64 0.4-3 6.00 20.00 26.00 NOTE
r-patched-linux-x86_64 0.4-3 1.22 12.68 13.89 NOTE
r-patched-solaris-sparc 0.4-3 176.00 NOTE
r-patched-solaris-x86 0.4-3 38.80 NOTE
r-release-linux-x86_64 0.4-3 1.22 12.54 13.76 NOTE
r-release-osx-x86_64-mavericks 0.4-3 NOTE
r-release-osx-x86_64-snowleopard 0.4-3 NOTE
r-release-windows-ix86+x86_64 0.4-3 3.00 23.00 26.00 NOTE
r-oldrel-windows-ix86+x86_64 0.4-3 6.00 23.00 29.00 NOTE

Check Details

Version: 0.4-3
Check: data for non-ASCII characters
Result: NOTE
     Note: found 3 marked UTF-8 strings
Flavors: r-devel-linux-x86_64-debian-clang, r-devel-linux-x86_64-debian-gcc, r-devel-linux-x86_64-fedora-clang, r-devel-linux-x86_64-fedora-gcc, r-devel-osx-x86_64-clang, r-devel-windows-ix86+x86_64, r-patched-linux-x86_64, r-patched-solaris-sparc, r-patched-solaris-x86, r-release-linux-x86_64, r-release-osx-x86_64-mavericks, r-release-osx-x86_64-snowleopard, r-release-windows-ix86+x86_64, r-oldrel-windows-ix86+x86_64