CRAN Package Check Results for Package corpora

Last updated on 2014-10-25 14:50:49.

Flavor Version Tinstall Tcheck Ttotal Status Flags
r-devel-linux-x86_64-debian-clang 0.4-3 1.56 12.82 14.38 NOTE
r-devel-linux-x86_64-debian-gcc 0.4-3 1.35 13.31 14.66 NOTE
r-devel-linux-x86_64-fedora-clang 0.4-3 23.70 NOTE
r-devel-linux-x86_64-fedora-gcc 0.4-3 29.10 NOTE
r-devel-osx-x86_64-clang 0.4-3 29.65 NOTE
r-devel-windows-ix86+x86_64 0.4-3 4.00 22.00 26.00 NOTE
r-patched-linux-x86_64 0.4-3 1.36 13.26 14.62 NOTE
r-patched-solaris-sparc 0.4-3 181.80 NOTE
r-patched-solaris-x86 0.4-3 41.50 NOTE
r-release-linux-ix86 0.4-3 1.97 22.61 24.58 NOTE
r-release-linux-x86_64 0.4-3 1.30 13.42 14.72 NOTE
r-release-osx-x86_64-mavericks 0.4-3 NOTE
r-release-windows-ix86+x86_64 0.4-3 5.00 21.00 26.00 NOTE
r-oldrel-windows-ix86+x86_64 0.4-3 4.00 21.00 25.00 NOTE

Check Details

Version: 0.4-3
Check: data for non-ASCII characters
Result: NOTE
     Note: found 3 marked UTF-8 strings
Flavors: r-devel-linux-x86_64-debian-clang, r-devel-linux-x86_64-debian-gcc, r-devel-linux-x86_64-fedora-clang, r-devel-linux-x86_64-fedora-gcc, r-devel-osx-x86_64-clang, r-devel-windows-ix86+x86_64, r-patched-linux-x86_64, r-patched-solaris-sparc, r-patched-solaris-x86, r-release-linux-ix86, r-release-linux-x86_64, r-release-osx-x86_64-mavericks, r-release-windows-ix86+x86_64, r-oldrel-windows-ix86+x86_64