CRAN Package Check Results for Package corpora

Last updated on 2015-08-28 03:48:15.

Flavor Version Tinstall Tcheck Ttotal Status Flags
r-devel-linux-x86_64-debian-clang 0.4-3 1.23 11.59 12.82 NOTE
r-devel-linux-x86_64-debian-gcc 0.4-3 1.17 12.00 13.17 NOTE
r-devel-linux-x86_64-fedora-clang 0.4-3 24.02 NOTE
r-devel-linux-x86_64-fedora-gcc 0.4-3 23.12 NOTE
r-devel-osx-x86_64-clang 0.4-3 23.62 NOTE
r-devel-windows-ix86+x86_64 0.4-3 6.00 36.00 42.00 NOTE
r-patched-linux-x86_64 0.4-3 1.26 13.15 14.41 NOTE
r-patched-solaris-sparc 0.4-3 170.00 NOTE
r-patched-solaris-x86 0.4-3 39.40 NOTE
r-release-linux-x86_64 0.4-3 1.22 13.01 14.23 NOTE
r-release-osx-x86_64-mavericks 0.4-3 NOTE
r-release-windows-ix86+x86_64 0.4-3 5.00 32.00 37.00 NOTE
r-oldrel-windows-ix86+x86_64 0.4-3 6.00 23.00 29.00 NOTE

Check Details

Version: 0.4-3
Check: R code for possible problems
Result: NOTE
    binom.pval: no visible global function definition for ‘pbinom’
    chisq.pval: no visible global function definition for ‘pchisq’
    chisq.pval: no visible global function definition for ‘pnorm’
    fisher.pval: no visible global function definition for ‘phyper’
    prop.cint: no visible global function definition for ‘qbeta’
    prop.cint: no visible global function definition for ‘qnorm’
    sample.df: no visible global function definition for ‘is’
    simulated.census: no visible global function definition for ‘runif’
    simulated.census : height2weight: no visible global function definition
     for ‘rnorm’
    simulated.census : height2shoe: no visible global function definition
     for ‘rnorm’
    simulated.census: no visible global function definition for ‘rnorm’
    simulated.wikipedia: no visible global function definition for ‘runif’
    simulated.wikipedia: no visible global function definition for ‘rnorm’
    z.score.pval: no visible global function definition for ‘pnorm’
    Undefined global functions or variables:
     is pbinom pchisq phyper pnorm qbeta qnorm rnorm runif
    Consider adding
     importFrom("methods", "is")
     importFrom("stats", "pbinom", "pchisq", "phyper", "pnorm", "qbeta",
     "qnorm", "rnorm", "runif")
    to your NAMESPACE (and ensure that your DESCRIPTION Imports field
    contains 'methods').
Flavors: r-devel-linux-x86_64-debian-clang, r-devel-linux-x86_64-debian-gcc, r-devel-linux-x86_64-fedora-clang, r-devel-linux-x86_64-fedora-gcc, r-devel-windows-ix86+x86_64

Version: 0.4-3
Check: data for non-ASCII characters
Result: NOTE
     Note: found 3 marked UTF-8 strings
Flavors: r-devel-linux-x86_64-fedora-clang, r-devel-linux-x86_64-fedora-gcc, r-devel-osx-x86_64-clang, r-patched-linux-x86_64, r-patched-solaris-sparc, r-patched-solaris-x86, r-release-linux-x86_64, r-release-osx-x86_64-mavericks, r-release-windows-ix86+x86_64, r-oldrel-windows-ix86+x86_64