CRAN Package Check Results for Package corpora

Last updated on 2014-07-31 23:47:07.

Flavor Version Tinstall Tcheck Ttotal Status Flags
r-devel-linux-x86_64-debian-clang 0.4-3 1.29 12.73 14.02 NOTE
r-devel-linux-x86_64-debian-gcc 0.4-3 1.28 13.38 14.66 NOTE
r-devel-linux-x86_64-fedora-clang 0.4-3 28.54 NOTE
r-devel-linux-x86_64-fedora-gcc 0.4-3 27.10 NOTE
r-devel-osx-x86_64-clang 0.4-3 31.72 NOTE
r-devel-windows-ix86+x86_64 0.4-3 3.00 21.00 24.00 NOTE
r-patched-linux-x86_64 0.4-3 1.27 12.84 14.10 NOTE
r-patched-solaris-sparc 0.4-3 181.80 NOTE
r-patched-solaris-x86 0.4-3 42.10 NOTE
r-release-linux-ix86 0.4-3 2.07 22.19 24.26 NOTE
r-release-linux-x86_64 0.4-3 1.29 13.32 14.61 NOTE
r-release-osx-x86_64-mavericks 0.4-3 NOTE
r-release-windows-ix86+x86_64 0.4-3 5.00 21.00 26.00 NOTE
r-oldrel-windows-ix86+x86_64 0.4-3 4.00 21.00 25.00 NOTE

Check Details

Version: 0.4-3
Check: data for non-ASCII characters
Result: NOTE
     Note: found 3 marked UTF-8 strings
Flavors: r-devel-linux-x86_64-debian-clang, r-devel-linux-x86_64-debian-gcc, r-devel-linux-x86_64-fedora-clang, r-devel-linux-x86_64-fedora-gcc, r-devel-osx-x86_64-clang, r-devel-windows-ix86+x86_64, r-patched-linux-x86_64, r-patched-solaris-sparc, r-patched-solaris-x86, r-release-linux-ix86, r-release-linux-x86_64, r-release-osx-x86_64-mavericks, r-release-windows-ix86+x86_64, r-oldrel-windows-ix86+x86_64