CRAN Package Check Results for Package corpora

Last updated on 2015-01-30 09:54:16.

Flavor Version Tinstall Tcheck Ttotal Status Flags
r-devel-linux-x86_64-debian-clang 0.4-3 3.30 12.88 16.19 NOTE
r-devel-linux-x86_64-debian-gcc 0.4-3 1.29 12.99 14.28 NOTE
r-devel-linux-x86_64-fedora-clang 0.4-3 28.85 NOTE
r-devel-linux-x86_64-fedora-gcc 0.4-3 28.38 NOTE
r-devel-osx-x86_64-clang 0.4-3 29.43 NOTE
r-devel-windows-ix86+x86_64 0.4-3 5.00 23.00 28.00 NOTE
r-patched-linux-x86_64 0.4-3 1.35 13.26 14.61 NOTE
r-patched-solaris-sparc 0.4-3 179.40 NOTE
r-patched-solaris-x86 0.4-3 41.90 NOTE
r-release-linux-ix86 0.4-3 1.95 21.23 23.18 NOTE
r-release-linux-x86_64 0.4-3 1.33 13.65 14.98 NOTE
r-release-osx-x86_64-mavericks 0.4-3 NOTE
r-release-windows-ix86+x86_64 0.4-3 4.00 21.00 25.00 NOTE
r-oldrel-windows-ix86+x86_64 0.4-3 4.00 21.00 25.00 NOTE

Check Details

Version: 0.4-3
Check: data for non-ASCII characters
Result: NOTE
     Note: found 3 marked UTF-8 strings
Flavors: r-devel-linux-x86_64-debian-clang, r-devel-linux-x86_64-debian-gcc, r-devel-linux-x86_64-fedora-clang, r-devel-linux-x86_64-fedora-gcc, r-devel-osx-x86_64-clang, r-devel-windows-ix86+x86_64, r-patched-linux-x86_64, r-patched-solaris-sparc, r-patched-solaris-x86, r-release-linux-ix86, r-release-linux-x86_64, r-release-osx-x86_64-mavericks, r-release-windows-ix86+x86_64, r-oldrel-windows-ix86+x86_64