CRAN Package Check Results for Package corpora

Last updated on 2015-03-28 03:49:59.

Flavor Version Tinstall Tcheck Ttotal Status Flags
r-devel-linux-x86_64-debian-clang 0.4-3 1.30 12.88 14.18 NOTE
r-devel-linux-x86_64-debian-gcc 0.4-3 1.23 12.35 13.58 NOTE
r-devel-linux-x86_64-fedora-clang 0.4-3 25.21 NOTE
r-devel-linux-x86_64-fedora-gcc 0.4-3 24.33 NOTE
r-devel-osx-x86_64-clang 0.4-3 31.09 NOTE
r-prerel-windows-ix86+x86_64 0.4-3 5.00 22.00 27.00 NOTE
r-prerel-linux-x86_64 0.4-3 1.38 12.39 13.77 NOTE
r-prerel-solaris-sparc 0.4-3 195.90 NOTE
r-prerel-solaris-x86 0.4-3 38.00 NOTE
r-release-linux-x86_64 0.4-3 1.31 14.19 15.50 NOTE
r-release-osx-x86_64-mavericks 0.4-3 NOTE
r-release-windows-ix86+x86_64 0.4-3 6.00 23.00 29.00 NOTE
r-oldrel-windows-ix86+x86_64 0.4-3 4.00 21.00 25.00 NOTE

Check Details

Version: 0.4-3
Check: data for non-ASCII characters
Result: NOTE
     Note: found 3 marked UTF-8 strings
Flavors: r-devel-linux-x86_64-debian-clang, r-devel-linux-x86_64-debian-gcc, r-devel-linux-x86_64-fedora-clang, r-devel-linux-x86_64-fedora-gcc, r-devel-osx-x86_64-clang, r-prerel-windows-ix86+x86_64, r-prerel-linux-x86_64, r-prerel-solaris-sparc, r-prerel-solaris-x86, r-release-linux-x86_64, r-release-osx-x86_64-mavericks, r-release-windows-ix86+x86_64, r-oldrel-windows-ix86+x86_64