CRAN Package Check Results for Package corpora

Last updated on 2014-04-23 12:48:16.

Flavor Version Tinstall Tcheck Ttotal Status Flags
r-devel-linux-x86_64-debian-clang 0.4-3 1.44 13.18 14.62 NOTE
r-devel-linux-x86_64-debian-gcc 0.4-3 1.32 13.46 14.78 NOTE
r-devel-linux-x86_64-fedora-clang 0.4-3 28.42 NOTE
r-devel-linux-x86_64-fedora-gcc 0.4-3 27.78 NOTE
r-devel-osx-x86_64-clang 0.4-3 28.76 NOTE
r-devel-osx-x86_64-gcc 0.4-3 NOTE
r-devel-windows-ix86+x86_64 0.4-3 4.00 21.00 25.00 NOTE
r-patched-linux-x86_64 0.4-3 1.36 13.43 14.79 NOTE
r-patched-solaris-sparc 0.4-3 172.80 NOTE
r-patched-solaris-x86 0.4-3 41.50 NOTE
r-release-linux-ix86 0.4-3 3.00 30.00 33.00 NOTE
r-release-linux-x86_64 0.4-3 1.39 13.52 14.92 NOTE
r-release-osx-x86_64-mavericks 0.4-3 NOTE
r-release-windows-ix86+x86_64 0.4-3 7.00 27.00 34.00 NOTE
r-oldrel-windows-ix86+x86_64 0.4-3 4.00 21.00 25.00 NOTE

Check Details

Version: 0.4-3
Check: data for non-ASCII characters
Result: NOTE
     Note: found 3 marked UTF-8 strings
Flavors: r-devel-linux-x86_64-debian-clang, r-devel-linux-x86_64-debian-gcc, r-devel-linux-x86_64-fedora-clang, r-devel-linux-x86_64-fedora-gcc, r-devel-osx-x86_64-clang, r-devel-osx-x86_64-gcc, r-devel-windows-ix86+x86_64, r-patched-linux-x86_64, r-patched-solaris-sparc, r-patched-solaris-x86, r-release-linux-ix86, r-release-linux-x86_64, r-release-osx-x86_64-mavericks, r-release-windows-ix86+x86_64, r-oldrel-windows-ix86+x86_64