CRAN Package Check Results for Package corpus

Last updated on 2020-04-04 23:47:54 CEST.

Flavor Version Tinstall Tcheck Ttotal Status Flags
r-devel-linux-x86_64-debian-clang 0.10.0 28.18 57.89 86.07 ERROR
r-devel-linux-x86_64-debian-gcc 0.10.0 19.59 44.55 64.14 ERROR
r-devel-linux-x86_64-fedora-clang 0.10.0 101.89 ERROR
r-devel-linux-x86_64-fedora-gcc 0.10.0 102.62 ERROR
r-devel-windows-ix86+x86_64 0.10.0 132.00 78.00 210.00 ERROR
r-devel-windows-ix86+x86_64-gcc8 0.10.0 87.00 94.00 181.00 ERROR
r-patched-linux-x86_64 0.10.0 22.73 56.27 79.00 ERROR
r-patched-solaris-x86 0.10.0 142.20 ERROR
r-release-linux-x86_64 0.10.0 21.14 53.11 74.25 OK
r-release-windows-ix86+x86_64 0.10.0 94.00 143.00 237.00 OK
r-release-osx-x86_64 0.10.0 NOTE
r-oldrel-windows-ix86+x86_64 0.10.0 121.00 89.00 210.00 OK
r-oldrel-osx-x86_64 0.10.0 NOTE

Additional issues

clang-UBSAN

Check Details

Version: 0.10.0
Check: examples
Result: ERROR
    Running examples in 'corpus-Ex.R' failed
    The error most likely occurred in:
    
    > base::assign(".ptime", proc.time(), pos = "CheckExEnv")
    > ### Name: text_locate
    > ### Title: Searching for Terms
    > ### Aliases: text_count text_detect text_locate text_match text_sample
    > ### text_subset
    >
    > ### ** Examples
    >
    > text <- c("Rose is a rose is a rose is a rose.",
    + "A rose by any other name would smell as sweet.",
    + "Snow White and Rose Red")
    >
    > text_count(text, "rose")
    [1] 4 1 1
    > text_detect(text, "rose")
    [1] TRUE TRUE TRUE
    > text_locate(text, "rose")
    Error in sum(colwidths) : invalid 'type' (list) of argument
    Calls: <Anonymous> ... print.corpus_text_locate -> format.corpus_text_locate
    Execution halted
Flavors: r-devel-linux-x86_64-debian-clang, r-devel-linux-x86_64-debian-gcc, r-patched-linux-x86_64

Version: 0.10.0
Check: tests
Result: ERROR
     Running 'testthat.R' [11s/12s]
    Running the tests in 'tests/testthat.R' failed.
    Complete output:
     > library(testthat)
     > library(corpus)
     >
     > test_check("corpus")
     -- 1. Error: 'text_locate' prints results correctly (@test-text_locate.R#161
     invalid 'type' (list) of argument
     Backtrace:
     1. base::strsplit(capture_output(print(loc), width = 76), "\n")
     9. corpus:::print.corpus_text_locate(loc)
     10. corpus:::format.corpus_text_locate(...)
    
     == testthat results ===========================================================
     [ OK: 612 | SKIPPED: 1 | WARNINGS: 0 | FAILED: 1 ]
     1. Error: 'text_locate' prints results correctly (@test-text_locate.R#161)
    
     Error: testthat unit tests failed
     Execution halted
Flavor: r-devel-linux-x86_64-debian-clang

Version: 0.10.0
Check: tests
Result: ERROR
     Running ‘testthat.R’ [8s/13s]
    Running the tests in ‘tests/testthat.R’ failed.
    Complete output:
     > library(testthat)
     > library(corpus)
     >
     > test_check("corpus")
     -- 1. Error: 'text_locate' prints results correctly (@test-text_locate.R#161
     invalid 'type' (list) of argument
     Backtrace:
     1. base::strsplit(capture_output(print(loc), width = 76), "\n")
     9. corpus:::print.corpus_text_locate(loc)
     10. corpus:::format.corpus_text_locate(...)
    
     ══ testthat results ═══════════════════════════════════════════════════════════
     [ OK: 612 | SKIPPED: 1 | WARNINGS: 0 | FAILED: 1 ]
     1. Error: 'text_locate' prints results correctly (@test-text_locate.R#161)
    
     Error: testthat unit tests failed
     Execution halted
Flavor: r-devel-linux-x86_64-debian-gcc

Version: 0.10.0
Check: data for non-ASCII characters
Result: NOTE
     Note: found 578 marked UTF-8 strings
Flavors: r-devel-linux-x86_64-fedora-clang, r-devel-linux-x86_64-fedora-gcc, r-patched-solaris-x86, r-release-osx-x86_64, r-oldrel-osx-x86_64

Version: 0.10.0
Check: examples
Result: ERROR
    Running examples in ‘corpus-Ex.R’ failed
    The error most likely occurred in:
    
    > ### Name: text_locate
    > ### Title: Searching for Terms
    > ### Aliases: text_count text_detect text_locate text_match text_sample
    > ### text_subset
    >
    > ### ** Examples
    >
    > text <- c("Rose is a rose is a rose is a rose.",
    + "A rose by any other name would smell as sweet.",
    + "Snow White and Rose Red")
    >
    > text_count(text, "rose")
    [1] 4 1 1
    > text_detect(text, "rose")
    [1] TRUE TRUE TRUE
    > text_locate(text, "rose")
    Error in sum(colwidths) : invalid 'type' (list) of argument
    Calls: <Anonymous> ... print.corpus_text_locate -> format.corpus_text_locate
    Execution halted
Flavors: r-devel-linux-x86_64-fedora-clang, r-devel-linux-x86_64-fedora-gcc, r-patched-solaris-x86

Version: 0.10.0
Check: tests
Result: ERROR
     Running ‘testthat.R’ [11s/29s]
    Running the tests in ‘tests/testthat.R’ failed.
    Complete output:
     > library(testthat)
     > library(corpus)
     >
     > test_check("corpus")
     -- 1. Error: 'text_locate' prints results correctly (@test-text_locate.R#161
     invalid 'type' (list) of argument
     Backtrace:
     1. base::strsplit(capture_output(print(loc), width = 76), "\n")
     9. corpus:::print.corpus_text_locate(loc)
     10. corpus:::format.corpus_text_locate(...)
    
     ══ testthat results ═══════════════════════════════════════════════════════════
     [ OK: 601 | SKIPPED: 5 | WARNINGS: 0 | FAILED: 1 ]
     1. Error: 'text_locate' prints results correctly (@test-text_locate.R#161)
    
     Error: testthat unit tests failed
     Execution halted
Flavor: r-devel-linux-x86_64-fedora-clang

Version: 0.10.0
Check: tests
Result: ERROR
     Running ‘testthat.R’ [13s/16s]
    Running the tests in ‘tests/testthat.R’ failed.
    Complete output:
     > library(testthat)
     > library(corpus)
     >
     > test_check("corpus")
     -- 1. Error: 'text_locate' prints results correctly (@test-text_locate.R#161
     invalid 'type' (list) of argument
     Backtrace:
     1. base::strsplit(capture_output(print(loc), width = 76), "\n")
     9. corpus:::print.corpus_text_locate(loc)
     10. corpus:::format.corpus_text_locate(...)
    
     ══ testthat results ═══════════════════════════════════════════════════════════
     [ OK: 612 | SKIPPED: 1 | WARNINGS: 0 | FAILED: 1 ]
     1. Error: 'text_locate' prints results correctly (@test-text_locate.R#161)
    
     Error: testthat unit tests failed
     Execution halted
Flavor: r-devel-linux-x86_64-fedora-gcc

Version: 0.10.0
Check: running examples for arch ‘i386’
Result: ERROR
    Running examples in 'corpus-Ex.R' failed
    The error most likely occurred in:
    
    > ### Name: text_locate
    > ### Title: Searching for Terms
    > ### Aliases: text_count text_detect text_locate text_match text_sample
    > ### text_subset
    >
    > ### ** Examples
    >
    > text <- c("Rose is a rose is a rose is a rose.",
    + "A rose by any other name would smell as sweet.",
    + "Snow White and Rose Red")
    >
    > text_count(text, "rose")
    [1] 4 1 1
    > text_detect(text, "rose")
    [1] TRUE TRUE TRUE
    > text_locate(text, "rose")
    Error in sum(colwidths) : invalid 'type' (list) of argument
    Calls: <Anonymous> ... print.corpus_text_locate -> format.corpus_text_locate
    Execution halted
Flavors: r-devel-windows-ix86+x86_64, r-devel-windows-ix86+x86_64-gcc8

Version: 0.10.0
Check: running examples for arch ‘x64’
Result: ERROR
    Running examples in 'corpus-Ex.R' failed
    The error most likely occurred in:
    
    > ### Name: text_locate
    > ### Title: Searching for Terms
    > ### Aliases: text_count text_detect text_locate text_match text_sample
    > ### text_subset
    >
    > ### ** Examples
    >
    > text <- c("Rose is a rose is a rose is a rose.",
    + "A rose by any other name would smell as sweet.",
    + "Snow White and Rose Red")
    >
    > text_count(text, "rose")
    [1] 4 1 1
    > text_detect(text, "rose")
    [1] TRUE TRUE TRUE
    > text_locate(text, "rose")
    Error in sum(colwidths) : invalid 'type' (list) of argument
    Calls: <Anonymous> ... print.corpus_text_locate -> format.corpus_text_locate
    Execution halted
Flavors: r-devel-windows-ix86+x86_64, r-devel-windows-ix86+x86_64-gcc8

Version: 0.10.0
Check: running tests for arch ‘i386’
Result: ERROR
     Running 'testthat.R' [6s]
    Running the tests in 'tests/testthat.R' failed.
    Complete output:
     > library(testthat)
     > library(corpus)
     >
     > test_check("corpus")
     -- 1. Error: 'text_locate' prints results correctly (@test-text_locate.R#161
     invalid 'type' (list) of argument
     Backtrace:
     1. base::strsplit(capture_output(print(loc), width = 76), "\n")
     9. corpus:::print.corpus_text_locate(loc)
     10. corpus:::format.corpus_text_locate(...)
    
     == testthat results ===========================================================
     [ OK: 594 | SKIPPED: 8 | WARNINGS: 0 | FAILED: 1 ]
     1. Error: 'text_locate' prints results correctly (@test-text_locate.R#161)
    
     Error: testthat unit tests failed
     Execution halted
Flavor: r-devel-windows-ix86+x86_64

Version: 0.10.0
Check: running tests for arch ‘x64’
Result: ERROR
     Running 'testthat.R' [8s]
    Running the tests in 'tests/testthat.R' failed.
    Complete output:
     > library(testthat)
     > library(corpus)
     >
     > test_check("corpus")
     -- 1. Error: 'text_locate' prints results correctly (@test-text_locate.R#161
     invalid 'type' (list) of argument
     Backtrace:
     1. base::strsplit(capture_output(print(loc), width = 76), "\n")
     9. corpus:::print.corpus_text_locate(loc)
     10. corpus:::format.corpus_text_locate(...)
    
     == testthat results ===========================================================
     [ OK: 594 | SKIPPED: 8 | WARNINGS: 0 | FAILED: 1 ]
     1. Error: 'text_locate' prints results correctly (@test-text_locate.R#161)
    
     Error: testthat unit tests failed
     Execution halted
Flavor: r-devel-windows-ix86+x86_64

Version: 0.10.0
Check: running tests for arch ‘i386’
Result: ERROR
     Running 'testthat.R' [9s]
    Running the tests in 'tests/testthat.R' failed.
    Complete output:
     > library(testthat)
     > library(corpus)
     >
     > test_check("corpus")
     -- 1. Error: 'text_locate' prints results correctly (@test-text_locate.R#161
     invalid 'type' (list) of argument
     Backtrace:
     1. base::strsplit(capture_output(print(loc), width = 76), "\n")
     9. corpus:::print.corpus_text_locate(loc)
     10. corpus:::format.corpus_text_locate(...)
    
     == testthat results ===========================================================
     [ OK: 594 | SKIPPED: 8 | WARNINGS: 0 | FAILED: 1 ]
     1. Error: 'text_locate' prints results correctly (@test-text_locate.R#161)
    
     Error: testthat unit tests failed
     Execution halted
Flavor: r-devel-windows-ix86+x86_64-gcc8

Version: 0.10.0
Check: running tests for arch ‘x64’
Result: ERROR
     Running 'testthat.R' [10s]
    Running the tests in 'tests/testthat.R' failed.
    Complete output:
     > library(testthat)
     > library(corpus)
     >
     > test_check("corpus")
     -- 1. Error: 'text_locate' prints results correctly (@test-text_locate.R#161
     invalid 'type' (list) of argument
     Backtrace:
     1. base::strsplit(capture_output(print(loc), width = 76), "\n")
     9. corpus:::print.corpus_text_locate(loc)
     10. corpus:::format.corpus_text_locate(...)
    
     == testthat results ===========================================================
     [ OK: 594 | SKIPPED: 8 | WARNINGS: 0 | FAILED: 1 ]
     1. Error: 'text_locate' prints results correctly (@test-text_locate.R#161)
    
     Error: testthat unit tests failed
     Execution halted
Flavor: r-devel-windows-ix86+x86_64-gcc8

Version: 0.10.0
Check: tests
Result: ERROR
     Running ‘testthat.R’ [10s/12s]
    Running the tests in ‘tests/testthat.R’ failed.
    Complete output:
     > library(testthat)
     > library(corpus)
     >
     > test_check("corpus")
     -- 1. Error: 'text_locate' prints results correctly (@test-text_locate.R#161
     invalid 'type' (list) of argument
     Backtrace:
     1. base::strsplit(capture_output(print(loc), width = 76), "\n")
     9. corpus:::print.corpus_text_locate(loc)
     10. corpus:::format.corpus_text_locate(...)
    
     ══ testthat results ═══════════════════════════════════════════════════════════
     [ OK: 612 | SKIPPED: 1 | WARNINGS: 0 | FAILED: 1 ]
     1. Error: 'text_locate' prints results correctly (@test-text_locate.R#161)
    
     Error: testthat unit tests failed
     Execution halted
Flavor: r-patched-linux-x86_64

Version: 0.10.0
Check: for unstated dependencies in ‘tests’
Result: WARN
    Warning in deparse(e[[2L]]) :
     it is not known that wchar_t is Unicode on this platform
    Warning in deparse(e[[2L]]) :
     it is not known that wchar_t is Unicode on this platform
    Warning in deparse(e[[2L]]) :
     it is not known that wchar_t is Unicode on this platform
    Warning in deparse(e[[2L]]) :
     it is not known that wchar_t is Unicode on this platform
    Warning in deparse(e[[2L]]) :
     it is not known that wchar_t is Unicode on this platform
    Warning in deparse(e[[2L]]) :
     it is not known that wchar_t is Unicode on this platform
Flavor: r-patched-solaris-x86

Version: 0.10.0
Check: tests
Result: ERROR
     Running ‘testthat.R’ [15s/17s]
    Running the tests in ‘tests/testthat.R’ failed.
    Complete output:
     > library(testthat)
     > library(corpus)
     >
     > test_check("corpus")
     -- 1. Error: 'text_locate' prints results correctly (@test-text_locate.R#161
     invalid 'type' (list) of argument
     Backtrace:
     1. base::strsplit(capture_output(print(loc), width = 76), "\n")
     9. corpus:::print.corpus_text_locate(loc)
     10. corpus:::format.corpus_text_locate(...)
    
     ══ testthat results ═══════════════════════════════════════════════════════════
     [ OK: 581 | SKIPPED: 12 | WARNINGS: 0 | FAILED: 1 ]
     1. Error: 'text_locate' prints results correctly (@test-text_locate.R#161)
    
     Error: testthat unit tests failed
     Execution halted
Flavor: r-patched-solaris-x86