CRAN Package Check Results for Package corr2D

Last updated on 2019-08-19 11:49:00 CEST.

Flavor Version Tinstall Tcheck Ttotal Status Flags
r-devel-linux-x86_64-debian-clang 1.0.0 3.20 37.41 40.61 OK
r-devel-linux-x86_64-debian-gcc 1.0.0 2.80 28.96 31.76 OK
r-devel-linux-x86_64-fedora-clang 1.0.0 50.84 NOTE
r-devel-linux-x86_64-fedora-gcc 1.0.0 48.26 NOTE
r-devel-windows-ix86+x86_64 1.0.0 13.00 73.00 86.00 OK
r-patched-linux-x86_64 1.0.0 3.00 36.60 39.60 OK
r-patched-solaris-x86 1.0.0 83.70 NOTE
r-release-linux-x86_64 1.0.0 3.01 36.91 39.92 OK
r-release-windows-ix86+x86_64 1.0.0 6.00 54.00 60.00 OK
r-release-osx-x86_64 1.0.0 NOTE
r-oldrel-windows-ix86+x86_64 1.0.0 11.00 77.00 88.00 OK
r-oldrel-osx-x86_64 1.0.0 NOTE

Check Details

Version: 1.0.0
Check: dependencies in R code
Result: NOTE
    Namespaces in Imports field not imported from:
     ‘profr’ ‘xtable’
     All declared Imports should be used.
Flavors: r-devel-linux-x86_64-fedora-clang, r-devel-linux-x86_64-fedora-gcc, r-patched-solaris-x86, r-release-osx-x86_64, r-oldrel-osx-x86_64