CRAN Package Check Results for Package corr2D

Last updated on 2019-02-18 07:49:34 CET.

Flavor Version Tinstall Tcheck Ttotal Status Flags
r-devel-linux-x86_64-debian-clang 0.3.0 2.47 37.41 39.88 OK
r-devel-linux-x86_64-debian-gcc 0.3.0 2.16 28.85 31.01 OK
r-devel-linux-x86_64-fedora-clang 0.3.0 49.09 NOTE
r-devel-linux-x86_64-fedora-gcc 0.3.0 45.83 NOTE
r-devel-windows-ix86+x86_64 0.3.0 9.00 53.00 62.00 OK
r-patched-linux-x86_64 0.3.0 1.93 34.61 36.54 OK
r-patched-solaris-x86 0.3.0 66.50 NOTE
r-release-linux-x86_64 0.3.0 OK
r-release-windows-ix86+x86_64 0.3.0 5.00 47.00 52.00 OK
r-release-osx-x86_64 0.3.0 NOTE
r-oldrel-windows-ix86+x86_64 0.3.0 5.00 61.00 66.00 OK
r-oldrel-osx-x86_64 0.3.0 NOTE

Check Details

Version: 0.3.0
Check: dependencies in R code
Result: NOTE
    Namespaces in Imports field not imported from:
     ‘profr’ ‘xtable’
     All declared Imports should be used.
Flavors: r-devel-linux-x86_64-fedora-clang, r-devel-linux-x86_64-fedora-gcc, r-patched-solaris-x86, r-release-osx-x86_64, r-oldrel-osx-x86_64