CRAN Package Check Results for Package corregp

Last updated on 2020-04-09 22:50:18 CEST.

Flavor Version Tinstall Tcheck Ttotal Status Flags
r-devel-linux-x86_64-debian-clang 2.0.2 7.92 67.15 75.07 OK
r-devel-linux-x86_64-debian-gcc 2.0.2 6.70 51.08 57.78 OK
r-devel-linux-x86_64-fedora-clang 2.0.2 85.47 NOTE
r-devel-linux-x86_64-fedora-gcc 2.0.2 84.63 NOTE
r-devel-windows-ix86+x86_64 2.0.2 18.00 114.00 132.00 OK
r-devel-windows-ix86+x86_64-gcc8 2.0.2 20.00 82.00 102.00 OK
r-patched-linux-x86_64 2.0.2 7.03 63.01 70.04 OK
r-patched-osx-x86_64 2.0.2 NOTE
r-patched-solaris-x86 2.0.2 121.60 NOTE
r-release-linux-x86_64 2.0.2 6.88 58.77 65.65 OK
r-release-windows-ix86+x86_64 2.0.2 16.00 141.00 157.00 OK
r-release-osx-x86_64 2.0.2 WARN
r-oldrel-windows-ix86+x86_64 2.0.2 17.00 115.00 132.00 OK
r-oldrel-osx-x86_64 2.0.2 NOTE

Check Details

Version: 2.0.2
Check: data for non-ASCII characters
Result: NOTE
     Note: found 2 marked Latin-1 strings
Flavors: r-devel-linux-x86_64-fedora-clang, r-devel-linux-x86_64-fedora-gcc, r-patched-osx-x86_64, r-patched-solaris-x86, r-release-osx-x86_64, r-oldrel-osx-x86_64

Version: 2.0.2
Check: whether package can be installed
Result: WARN
    Found the following significant warnings:
     Warning: 'rgl_init' failed, running with rgl.useNULL = TRUE
Flavor: r-release-osx-x86_64