Last updated on 2023-12-06 01:55:59 CET.
Flavor | Version | Tinstall | Tcheck | Ttotal | Status | Flags |
---|---|---|---|---|---|---|
r-devel-linux-x86_64-debian-clang | 0.0.1 | 3.27 | 42.51 | 45.78 | NOTE | |
r-devel-linux-x86_64-debian-gcc | 0.0.1 | 3.81 | 32.26 | 36.07 | NOTE | |
r-devel-linux-x86_64-fedora-clang | 0.0.1 | 58.46 | NOTE | |||
r-devel-linux-x86_64-fedora-gcc | 0.0.1 | 56.09 | NOTE | |||
r-devel-windows-x86_64 | 0.0.1 | 5.00 | 57.00 | 62.00 | NOTE | |
r-patched-linux-x86_64 | 0.0.1 | 4.22 | 41.66 | 45.88 | NOTE | |
r-release-linux-x86_64 | 0.0.1 | 4.74 | 41.14 | 45.88 | NOTE | |
r-release-macos-arm64 | 0.0.1 | 22.00 | NOTE | |||
r-release-macos-x86_64 | 0.0.1 | 33.00 | NOTE | |||
r-release-windows-x86_64 | 0.0.1 | 5.00 | 57.00 | 62.00 | NOTE | |
r-oldrel-macos-arm64 | 0.0.1 | 21.00 | NOTE | |||
r-oldrel-macos-x86_64 | 0.0.1 | 29.00 | NOTE | |||
r-oldrel-windows-x86_64 | 0.0.1 | 6.00 | 63.00 | 69.00 | NOTE |
Version: 0.0.1
Check: LazyData
Result: NOTE
'LazyData' is specified without a 'data' directory
Flavors: r-devel-linux-x86_64-debian-clang, r-devel-linux-x86_64-debian-gcc, r-devel-linux-x86_64-fedora-clang, r-devel-linux-x86_64-fedora-gcc, r-devel-windows-x86_64, r-patched-linux-x86_64, r-release-linux-x86_64, r-release-macos-arm64, r-release-macos-x86_64, r-release-windows-x86_64, r-oldrel-macos-arm64, r-oldrel-macos-x86_64, r-oldrel-windows-x86_64