CRAN Package Check Results for Package corrgram

Last updated on 2014-11-25 23:46:43.

Flavor Version Tinstall Tcheck Ttotal Status Flags
r-devel-linux-x86_64-debian-clang 1.6 1.22 28.15 29.37 OK
r-devel-linux-x86_64-debian-gcc 1.6 1.16 28.22 29.38 OK
r-devel-linux-x86_64-fedora-clang 1.6 61.31 OK
r-devel-linux-x86_64-fedora-gcc 1.6 57.04 OK
r-devel-osx-x86_64-clang 1.6 57.31 OK
r-devel-windows-ix86+x86_64 1.6 4.00 43.00 47.00 OK
r-patched-linux-x86_64 1.6 1.15 28.33 29.48 OK
r-patched-solaris-sparc 1.6 334.60 OK
r-patched-solaris-x86 1.6 79.20 OK
r-release-linux-ix86 1.6 1.60 35.24 36.84 OK
r-release-linux-x86_64 1.6 1.16 28.32 29.48 OK
r-release-osx-x86_64-mavericks 1.6 NOTE
r-release-osx-x86_64-snowleopard 1.6 OK
r-release-windows-ix86+x86_64 1.6 5.00 48.00 53.00 OK
r-oldrel-windows-ix86+x86_64 1.6 5.00 50.00 55.00 OK

Check Details

Version: 1.6
Check: re-building of vignette outputs
Result: NOTE
    Error in re-building vignettes:
     ...
    Warning: running command 'kpsewhich framed.sty' had status 1
    Warning in test_latex_pkg("framed", system.file("misc", "framed.sty", package = "knitr")) :
     unable to find LaTeX package 'framed'; will use a copy from knitr
    Error in texi2dvi(file = file, pdf = TRUE, clean = clean, quiet = quiet, :
     Running 'texi2dvi' on 'corrgram_examples.tex' failed.
    LaTeX errors:
    ! LaTeX Error: File `enumitem.sty' not found.
    
    Type X to quit or <RETURN> to proceed,
    or enter new name. (Default extension: sty)
    
    n_test/corrgram/vignettes/corrgram_examples.tex:73: ==> Fatal error occurred,
    no output PDF file produced!
    Calls: buildVignettes -> texi2pdf -> texi2dvi
    Execution halted
Flavor: r-release-osx-x86_64-mavericks