CRAN Package Check Results for Package corrgram

Last updated on 2014-07-23 05:49:02.

Flavor Version Tinstall Tcheck Ttotal Status Flags
r-devel-linux-x86_64-debian-clang 1.5 1.27 16.29 17.56 NOTE
r-devel-linux-x86_64-debian-gcc 1.5 0.96 15.54 16.50 NOTE
r-devel-linux-x86_64-fedora-clang 1.5 35.94 NOTE
r-devel-linux-x86_64-fedora-gcc 1.5 34.23 NOTE
r-devel-osx-x86_64-clang 1.5 35.16 NOTE
r-devel-windows-ix86+x86_64 1.5 4.00 28.00 32.00 NOTE
r-patched-linux-x86_64 1.5 0.98 15.88 16.85 NOTE
r-patched-solaris-sparc 1.5 187.90 NOTE
r-patched-solaris-x86 1.5 47.60 NOTE
r-release-linux-ix86 1.5 1.39 22.96 24.35 NOTE
r-release-linux-x86_64 1.5 1.06 16.37 17.44 NOTE
r-release-osx-x86_64-mavericks 1.5 NOTE
r-release-windows-ix86+x86_64 1.5 4.00 27.00 31.00 NOTE
r-oldrel-windows-ix86+x86_64 1.5 5.00 28.00 33.00 NOTE

Check Details

Version: 1.5
Check: dependencies in R code
Result: NOTE
    Package in Depends field not imported from: ‘seriation’
     These packages need to be imported from (in the NAMESPACE file)
     for when this namespace is loaded but not attached.
    See the information on DESCRIPTION files in the chapter ‘Creating R
    packages’ of the ‘Writing R Extensions’ manual.
Flavors: r-devel-linux-x86_64-debian-clang, r-devel-linux-x86_64-debian-gcc, r-devel-linux-x86_64-fedora-clang, r-devel-linux-x86_64-fedora-gcc, r-devel-osx-x86_64-clang, r-devel-windows-ix86+x86_64, r-patched-linux-x86_64, r-patched-solaris-sparc, r-patched-solaris-x86, r-release-linux-ix86, r-release-linux-x86_64, r-release-osx-x86_64-mavericks, r-release-windows-ix86+x86_64, r-oldrel-windows-ix86+x86_64