CRAN Package Check Results for Package corrgram

Last updated on 2014-04-17 10:47:46.

Flavor Version Tinstall Tcheck Ttotal Status Flags
r-devel-linux-x86_64-debian-clang 1.5 1.04 16.80 17.84 NOTE
r-devel-linux-x86_64-debian-gcc 1.5 1.05 16.83 17.88 NOTE
r-devel-linux-x86_64-fedora-clang 1.5 36.25 NOTE
r-devel-linux-x86_64-fedora-gcc 1.5 33.40 NOTE
r-devel-macosx-x86_64-clang 1.5 36.92 NOTE
r-devel-macosx-x86_64-gcc 1.5 ERROR
r-devel-windows-ix86+x86_64 1.5 4.00 28.00 32.00 NOTE
r-patched-linux-x86_64 1.5 1.05 16.65 17.70 NOTE
r-patched-solaris-sparc 1.5 187.90 NOTE
r-patched-solaris-x86 1.5 48.60 NOTE
r-release-linux-ix86 1.5 3.00 34.00 37.00 NOTE
r-release-linux-x86_64 1.5 1.05 17.64 18.69 NOTE
r-release-windows-ix86+x86_64 1.5 4.00 30.00 34.00 NOTE
r-oldrel-windows-ix86+x86_64 1.5 5.00 28.00 33.00 NOTE

Check Details

Version: 1.5
Check: dependencies in R code
Result: NOTE
    Package in Depends field not imported from: ‘seriation’
     These packages need to be imported from (in the NAMESPACE file)
     for when this namespace is loaded but not attached.
    See the information on DESCRIPTION files in the chapter ‘Creating R
    packages’ of the ‘Writing R Extensions’ manual.
Flavors: r-devel-linux-x86_64-debian-clang, r-devel-linux-x86_64-debian-gcc, r-devel-linux-x86_64-fedora-clang, r-devel-linux-x86_64-fedora-gcc, r-devel-macosx-x86_64-clang, r-devel-windows-ix86+x86_64, r-patched-linux-x86_64, r-patched-solaris-sparc, r-patched-solaris-x86, r-release-linux-ix86, r-release-linux-x86_64, r-release-windows-ix86+x86_64, r-oldrel-windows-ix86+x86_64

Version: 1.5
Check: package dependencies
Result: ERROR
    Package required but not available: ‘seriation’
    
    See the information on DESCRIPTION files in the chapter ‘Creating R
    packages’ of the ‘Writing R Extensions’ manual.
Flavor: r-devel-macosx-x86_64-gcc