CRAN Package Check Results for Package corrgram

Last updated on 2014-08-29 19:48:06.

Flavor Version Tinstall Tcheck Ttotal Status Flags
r-devel-linux-x86_64-debian-clang 1.6 1.21 25.84 27.05 OK
r-devel-linux-x86_64-debian-gcc 1.5 0.95 14.95 15.90 NOTE
r-devel-linux-x86_64-fedora-clang 1.6 36.83 OK
r-devel-linux-x86_64-fedora-gcc 1.6 34.73 OK
r-devel-osx-x86_64-clang 1.6 52.59 OK
r-devel-windows-ix86+x86_64 1.6 6.00 62.00 68.00 OK
r-patched-linux-x86_64 1.5 0.99 16.29 17.28 NOTE
r-patched-solaris-sparc 1.6 334.60 OK
r-patched-solaris-x86 1.6 72.50 OK
r-release-linux-ix86 1.5 1.35 22.83 24.18 NOTE
r-release-linux-x86_64 1.6 1.14 28.83 29.98 OK
r-release-osx-x86_64-mavericks 1.6 NOTE
r-release-windows-ix86+x86_64 1.5 5.00 27.00 32.00 NOTE
r-oldrel-windows-ix86+x86_64 1.6 6.00 54.00 60.00 OK

Check Details

Version: 1.5
Check: dependencies in R code
Result: NOTE
    Package in Depends field not imported from: ‘seriation’
     These packages need to be imported from (in the NAMESPACE file)
     for when this namespace is loaded but not attached.
    See the information on DESCRIPTION files in the chapter ‘Creating R
    packages’ of the ‘Writing R Extensions’ manual.
Flavors: r-devel-linux-x86_64-debian-gcc, r-patched-linux-x86_64, r-release-linux-ix86, r-release-windows-ix86+x86_64

Version: 1.5
Check: R code for possible problems
Result: NOTE
    corrgram: no visible global function definition for ‘seriate’
    corrgram: no visible global function definition for ‘get_order’
Flavor: r-devel-linux-x86_64-debian-gcc

Version: 1.6
Check: re-building of vignette outputs
Result: NOTE
    Error in re-building vignettes:
     ...
    Warning: running command 'kpsewhich framed.sty' had status 1
    Warning in test_latex_pkg("framed", system.file("misc", "framed.sty", package = "knitr")) :
     unable to find LaTeX package 'framed'; will use a copy from knitr
    Error in texi2dvi(file = file, pdf = TRUE, clean = clean, quiet = quiet, :
     Running 'texi2dvi' on 'corrgram_examples.tex' failed.
    LaTeX errors:
    ! LaTeX Error: File `enumitem.sty' not found.
    
    Type X to quit or <RETURN> to proceed,
    or enter new name. (Default extension: sty)
    
    n_test/corrgram/vignettes/corrgram_examples.tex:73: ==> Fatal error occurred,
    no output PDF file produced!
    Calls: buildVignettes -> texi2pdf -> texi2dvi
    Execution halted
Flavor: r-release-osx-x86_64-mavericks