CRAN Package Check Results for Package corrgram

Last updated on 2015-05-30 17:46:31.

Flavor Version Tinstall Tcheck Ttotal Status Flags
r-devel-linux-x86_64-debian-clang 1.7 0.91 21.09 22.00 OK
r-devel-linux-x86_64-debian-gcc 1.7 0.82 20.39 21.21 OK
r-devel-linux-x86_64-fedora-clang 1.7 44.10 OK
r-devel-linux-x86_64-fedora-gcc 1.7 40.46 OK
r-devel-osx-x86_64-clang 1.7 41.14 OK
r-devel-windows-ix86+x86_64 1.7 3.00 38.00 41.00 OK
r-patched-linux-x86_64 1.7 0.87 20.61 21.48 OK
r-patched-solaris-sparc 1.7 262.40 OK
r-patched-solaris-x86 1.7 57.70 OK
r-release-linux-x86_64 1.7 0.83 20.86 21.68 OK
r-release-osx-x86_64-mavericks 1.7 OK
r-release-osx-x86_64-snowleopard 1.7 ERROR
r-release-windows-ix86+x86_64 1.7 3.00 32.00 35.00 OK
r-oldrel-windows-ix86+x86_64 1.7 6.00 49.00 55.00 OK

Check Details

Version: 1.7
Check: package dependencies
Result: ERROR
    Package suggested but not available for checking: ‘knitr’
    
    VignetteBuilder package required for checking but not installed: ‘knitr’
    
    Files named as vignettes but with no recognized vignette engine:
     ‘inst/doc/corrgram_examples.Rnw’
    (Is a VignetteBuilder field missing?)
    
    See section ‘The DESCRIPTION file’ in the ‘Writing R Extensions’
    manual.
Flavor: r-release-osx-x86_64-snowleopard