CRAN Package Check Results for Package corrplot

Last updated on 2014-04-25 05:47:13.

Flavor Version Tinstall Tcheck Ttotal Status Flags
r-devel-linux-x86_64-debian-clang 0.73 1.13 19.74 20.87 OK
r-devel-linux-x86_64-debian-gcc 0.73 0.88 19.56 20.44 OK
r-devel-linux-x86_64-fedora-clang 0.73 32.51 OK
r-devel-linux-x86_64-fedora-gcc 0.73 31.13 OK
r-devel-osx-x86_64-clang 0.73 38.12 OK
r-devel-osx-x86_64-gcc 0.73 NOTE
r-devel-windows-ix86+x86_64 0.73 3.00 29.00 32.00 OK
r-patched-linux-x86_64 0.73 1.40 19.67 21.07 OK
r-patched-solaris-sparc 0.73 195.50 OK
r-patched-solaris-x86 0.73 47.30 OK
r-release-linux-ix86 0.73 2.00 35.00 37.00 OK
r-release-linux-x86_64 0.73 1.05 19.44 20.49 OK
r-release-osx-x86_64-mavericks 0.73 WARN
r-release-windows-ix86+x86_64 0.73 3.00 28.00 31.00 OK
r-oldrel-windows-ix86+x86_64 0.73 3.00 29.00 32.00 OK

Check Details

Version: 0.73
Check: package dependencies
Result: NOTE
    Packages suggested but not available for checking: ‘seriation’ ‘knitr’
Flavor: r-devel-osx-x86_64-gcc

Version: 0.73
Check: PDF version of manual
Result: WARNING
    LaTeX errors when creating PDF version.
    This typically indicates Rd problems.
    LaTeX errors found:
    ! LaTeX Error: File `upquote.sty' not found.
    
    Type X to quit or <RETURN> to proceed,
    or enter new name. (Default extension: sty)
    
    2f8a0d5/Rd2.tex:8: ==> Fatal error occurred, no output PDF file produced!
Flavor: r-release-osx-x86_64-mavericks