CRAN Package Check Results for Package corrplot

Last updated on 2018-02-18 23:50:35 CET.

Flavor Version Tinstall Tcheck Ttotal Status Flags
r-devel-linux-x86_64-debian-clang 0.84 2.34 31.19 33.53 OK
r-devel-linux-x86_64-debian-gcc 0.84 1.42 26.81 28.23 OK
r-devel-linux-x86_64-fedora-clang 0.84 43.40 NOTE
r-devel-linux-x86_64-fedora-gcc 0.84 42.51 NOTE
r-devel-windows-ix86+x86_64 0.84 5.00 51.00 56.00 NOTE
r-patched-linux-x86_64 0.84 1.44 38.78 40.22 OK
r-patched-solaris-x86 0.84 64.00 NOTE
r-release-linux-x86_64 0.84 1.06 38.63 39.69 OK
r-release-windows-ix86+x86_64 0.84 6.00 69.00 75.00 NOTE
r-release-osx-x86_64 0.84 NOTE
r-oldrel-windows-ix86+x86_64 0.84 4.00 62.00 66.00 NOTE
r-oldrel-osx-x86_64 0.84 NOTE

Check Details

Version: 0.84
Check: installed package size
Result: NOTE
     installed size is 7.0Mb
     sub-directories of 1Mb or more:
     doc 6.9Mb
Flavors: r-devel-linux-x86_64-fedora-clang, r-devel-linux-x86_64-fedora-gcc, r-devel-windows-ix86+x86_64, r-patched-solaris-x86, r-release-windows-ix86+x86_64, r-release-osx-x86_64, r-oldrel-windows-ix86+x86_64, r-oldrel-osx-x86_64