CRAN Package Check Results for Package corrplot

Last updated on 2015-05-29 21:46:34.

Flavor Version Tinstall Tcheck Ttotal Status Flags
r-devel-linux-x86_64-debian-clang 0.73 0.78 18.78 19.55 OK
r-devel-linux-x86_64-debian-gcc 0.73 1.11 18.88 19.99 OK
r-devel-linux-x86_64-fedora-clang 0.73 31.37 OK
r-devel-linux-x86_64-fedora-gcc 0.73 29.38 OK
r-devel-osx-x86_64-clang 0.73 42.75 OK
r-devel-windows-ix86+x86_64 0.73 4.00 27.00 31.00 OK
r-patched-linux-x86_64 0.73 1.30 18.83 20.14 OK
r-patched-solaris-sparc 0.73 216.30 OK
r-patched-solaris-x86 0.73 46.00 OK
r-release-linux-x86_64 0.73 0.74 18.73 19.46 OK
r-release-osx-x86_64-mavericks 0.73 OK
r-release-osx-x86_64-snowleopard 0.73 ERROR
r-release-windows-ix86+x86_64 0.73 3.00 26.00 29.00 OK
r-oldrel-windows-ix86+x86_64 0.73 4.00 30.00 34.00 OK

Check Details

Version: 0.73
Check: package dependencies
Result: ERROR
    Package suggested but not available for checking: ‘knitr’
    
    VignetteBuilder package required for checking but installed: ‘knitr’
    
    See section ‘The DESCRIPTION file’ in the ‘Writing R Extensions’
    manual.
Flavor: r-release-osx-x86_64-snowleopard