CRAN Package Check Results for Package corrplot

Last updated on 2018-06-22 00:46:23 CEST.

Flavor Version Tinstall Tcheck Ttotal Status Flags
r-devel-linux-x86_64-debian-clang 0.84 2.26 33.13 35.39 OK
r-devel-linux-x86_64-debian-gcc 0.84 1.47 27.86 29.33 OK
r-devel-linux-x86_64-fedora-clang 0.84 46.39 NOTE
r-devel-linux-x86_64-fedora-gcc 0.84 43.41 OK
r-devel-windows-ix86+x86_64 0.84 8.00 69.00 77.00 NOTE
r-patched-linux-x86_64 0.84 2.68 34.52 37.20 OK
r-patched-solaris-x86 0.84 65.40 NOTE
r-release-linux-x86_64 0.84 2.25 33.97 36.22 OK
r-release-windows-ix86+x86_64 0.84 5.00 54.00 59.00 NOTE
r-release-osx-x86_64 0.84 NOTE
r-oldrel-windows-ix86+x86_64 0.84 5.00 62.00 67.00 NOTE
r-oldrel-osx-x86_64 0.84 NOTE

Check Details

Version: 0.84
Check: installed package size
Result: NOTE
     installed size is 7.0Mb
     sub-directories of 1Mb or more:
     doc 6.9Mb
Flavors: r-devel-linux-x86_64-fedora-clang, r-devel-windows-ix86+x86_64, r-patched-solaris-x86, r-release-windows-ix86+x86_64, r-release-osx-x86_64, r-oldrel-windows-ix86+x86_64, r-oldrel-osx-x86_64