CRAN Package Check Results for Package corrplot

Last updated on 2019-06-27 08:49:00 CEST.

Flavor Version Tinstall Tcheck Ttotal Status Flags
r-devel-linux-x86_64-debian-clang 0.84 3.13 35.13 38.26 OK
r-devel-linux-x86_64-debian-gcc 0.84 2.16 27.52 29.68 OK
r-devel-linux-x86_64-fedora-clang 0.84 46.65 NOTE
r-devel-linux-x86_64-fedora-gcc 0.84 45.05 OK
r-devel-windows-ix86+x86_64 0.84 10.00 52.00 62.00 NOTE
r-patched-linux-x86_64 0.84 2.80 35.36 38.16 OK
r-patched-solaris-x86 0.84 72.10 NOTE
r-release-linux-x86_64 0.84 2.96 35.39 38.35 OK
r-release-windows-ix86+x86_64 0.84 7.00 68.00 75.00 NOTE
r-release-osx-x86_64 0.84 NOTE
r-oldrel-windows-ix86+x86_64 0.84 5.00 56.00 61.00 NOTE
r-oldrel-osx-x86_64 0.84 NOTE

Check Details

Version: 0.84
Check: installed package size
Result: NOTE
     installed size is 7.0Mb
     sub-directories of 1Mb or more:
     doc 6.9Mb
Flavors: r-devel-linux-x86_64-fedora-clang, r-devel-windows-ix86+x86_64, r-patched-solaris-x86, r-release-windows-ix86+x86_64, r-release-osx-x86_64, r-oldrel-windows-ix86+x86_64, r-oldrel-osx-x86_64