CRAN Package Check Results for Package corrplot

Last updated on 2017-12-12 04:47:44 CET.

Flavor Version Tinstall Tcheck Ttotal Status Flags
r-devel-linux-x86_64-debian-clang 0.84 1.00 36.34 37.34 OK
r-devel-linux-x86_64-debian-gcc 0.84 0.79 30.96 31.75 OK
r-devel-linux-x86_64-fedora-clang 0.84 47.45 NOTE
r-devel-linux-x86_64-fedora-gcc 0.84 46.19 NOTE
r-devel-windows-ix86+x86_64 0.84 6.00 55.00 61.00 NOTE
r-patched-linux-x86_64 0.84 0.90 38.59 39.49 OK
r-patched-solaris-x86 0.84 63.10 NOTE
r-release-linux-x86_64 0.84 0.92 39.13 40.05 OK
r-release-windows-ix86+x86_64 0.84 4.00 71.00 75.00 NOTE
r-release-osx-x86_64 0.84 NOTE
r-oldrel-windows-ix86+x86_64 0.84 4.00 61.00 65.00 NOTE
r-oldrel-osx-x86_64 0.84 NOTE

Check Details

Version: 0.84
Check: installed package size
Result: NOTE
     installed size is 7.0Mb
     sub-directories of 1Mb or more:
     doc 6.9Mb
Flavors: r-devel-linux-x86_64-fedora-clang, r-devel-linux-x86_64-fedora-gcc, r-devel-windows-ix86+x86_64, r-patched-solaris-x86, r-release-windows-ix86+x86_64, r-release-osx-x86_64, r-oldrel-windows-ix86+x86_64, r-oldrel-osx-x86_64