CRAN Package Check Results for Package corrplot

Last updated on 2015-06-30 10:48:11.

Flavor Version Tinstall Tcheck Ttotal Status Flags
r-devel-linux-x86_64-debian-clang 0.73 0.73 18.68 19.41 NOTE
r-devel-linux-x86_64-debian-gcc 0.73 0.71 18.83 19.54 NOTE
r-devel-linux-x86_64-fedora-clang 0.73 30.40 OK
r-devel-linux-x86_64-fedora-gcc 0.73 27.63 OK
r-devel-osx-x86_64-clang 0.73 40.60 OK
r-devel-windows-ix86+x86_64 0.73 5.00 31.00 36.00 NOTE
r-patched-linux-x86_64 0.73 0.74 19.16 19.90 OK
r-patched-solaris-sparc 0.73 216.30 OK
r-patched-solaris-x86 0.73 45.10 OK
r-release-linux-x86_64 0.73 0.76 19.54 20.30 OK
r-release-osx-x86_64-mavericks 0.73 OK
r-release-windows-ix86+x86_64 0.73 5.00 29.00 34.00 OK
r-oldrel-windows-ix86+x86_64 0.73 5.00 44.00 49.00 OK

Check Details

Version: 0.73
Check: R code for possible problems
Result: NOTE
    colorlegend: no visible global function definition for ‘rect’
    colorlegend: no visible global function definition for ‘segments’
    colorlegend: no visible global function definition for ‘text’
    corrMatOrder: no visible global function definition for
     ‘order.dendrogram’
    corrMatOrder: no visible global function definition for ‘as.dendrogram’
    corrMatOrder: no visible global function definition for ‘hclust’
    corrMatOrder: no visible global function definition for ‘as.dist’
    corrRect: no visible global function definition for ‘rect’
    corrRect.hclust: no visible global function definition for ‘hclust’
    corrRect.hclust: no visible global function definition for ‘as.dist’
    corrRect.hclust: no visible global function definition for ‘cutree’
    corrRect.hclust: no visible global function definition for ‘rect’
    corrplot: no visible global function definition for ‘colorRampPalette’
    corrplot: no visible global function definition for ‘par’
    corrplot: no visible global function definition for ‘plot.new’
    corrplot: no visible global function definition for ‘plot.window’
    corrplot: no visible global function definition for ‘strwidth’
    corrplot: no visible global function definition for ‘symbols’
    corrplot: no visible global function definition for ‘polygon’
    corrplot: no visible global function definition for ‘text’
    corrplot: no visible global function definition for ‘na.omit’
    corrplot: no visible global function definition for ‘segments’
    corrplot: no visible global function definition for ‘rect’
    corrplot: no visible global function definition for ‘points’
    corrplot.mixed: no visible global function definition for ‘symbols’
Flavors: r-devel-linux-x86_64-debian-clang, r-devel-linux-x86_64-debian-gcc

Version: 0.73
Check: R code for possible problems
Result: NOTE
    colorlegend: no visible global function definition for 'rect'
    colorlegend: no visible global function definition for 'segments'
    colorlegend: no visible global function definition for 'text'
    corrMatOrder: no visible global function definition for
     'order.dendrogram'
    corrMatOrder: no visible global function definition for 'as.dendrogram'
    corrMatOrder: no visible global function definition for 'hclust'
    corrMatOrder: no visible global function definition for 'as.dist'
    corrRect: no visible global function definition for 'rect'
    corrRect.hclust: no visible global function definition for 'hclust'
    corrRect.hclust: no visible global function definition for 'as.dist'
    corrRect.hclust: no visible global function definition for 'cutree'
    corrRect.hclust: no visible global function definition for 'rect'
    corrplot: no visible global function definition for 'colorRampPalette'
    corrplot: no visible global function definition for 'par'
    corrplot: no visible global function definition for 'plot.new'
    corrplot: no visible global function definition for 'plot.window'
    corrplot: no visible global function definition for 'strwidth'
    corrplot: no visible global function definition for 'windows.options'
    corrplot: no visible global function definition for 'symbols'
    corrplot: no visible global function definition for 'polygon'
    corrplot: no visible global function definition for 'text'
    corrplot: no visible global function definition for 'na.omit'
    corrplot: no visible global function definition for 'segments'
    corrplot: no visible global function definition for 'rect'
    corrplot: no visible global function definition for 'points'
    corrplot.mixed: no visible global function definition for 'symbols'
Flavor: r-devel-windows-ix86+x86_64