CRAN Package Check Results for Package corrplot

Last updated on 2017-10-21 02:48:32.

Flavor Version Tinstall Tcheck Ttotal Status Flags
r-devel-linux-x86_64-debian-clang 0.84 1.00 30.89 31.90 OK
r-devel-linux-x86_64-debian-gcc 0.84 1.36 31.73 33.09 OK
r-devel-linux-x86_64-fedora-clang 0.84 29.29 NOTE
r-devel-linux-x86_64-fedora-gcc 0.84 29.59 NOTE
r-devel-windows-ix86+x86_64 0.84 4.00 52.00 56.00 NOTE
r-patched-linux-x86_64 0.84 1.04 29.87 30.91 OK
r-patched-solaris-x86 0.84 58.00 NOTE
r-release-linux-x86_64 0.84 1.05 29.22 30.27 OK
r-release-windows-ix86+x86_64 0.84 4.00 67.00 71.00 NOTE
r-release-osx-x86_64 0.84 NOTE
r-oldrel-windows-ix86+x86_64 0.84 3.00 43.00 46.00 NOTE
r-oldrel-osx-x86_64 0.84 NOTE

Check Details

Version: 0.84
Check: installed package size
Result: NOTE
     installed size is 7.0Mb
     sub-directories of 1Mb or more:
     doc 6.9Mb
Flavors: r-devel-linux-x86_64-fedora-clang, r-devel-linux-x86_64-fedora-gcc, r-devel-windows-ix86+x86_64, r-patched-solaris-x86, r-release-windows-ix86+x86_64, r-release-osx-x86_64, r-oldrel-windows-ix86+x86_64, r-oldrel-osx-x86_64