CRAN Package Check Results for Package cosmoFns

Last updated on 2014-11-21 19:47:57.

Flavor Version Tinstall Tcheck Ttotal Status Flags
r-devel-linux-x86_64-debian-clang 1.0-1 0.58 9.25 9.83 NOTE
r-devel-linux-x86_64-debian-gcc 1.0-1 0.58 9.17 9.74 NOTE
r-devel-linux-x86_64-fedora-clang 1.0-1 19.72 NOTE
r-devel-linux-x86_64-fedora-gcc 1.0-1 18.80 NOTE
r-devel-osx-x86_64-clang 1.0-1 25.47 OK
r-devel-windows-ix86+x86_64 1.0-1 2.00 14.00 16.00 OK
r-patched-linux-x86_64 1.0-1 0.59 9.15 9.74 NOTE
r-patched-solaris-sparc 1.0-1 104.70 OK
r-patched-solaris-x86 1.0-1 30.50 OK
r-release-linux-ix86 1.0-1 0.88 14.59 15.47 OK
r-release-linux-x86_64 1.0-1 0.60 9.12 9.72 NOTE
r-release-osx-x86_64-mavericks 1.0-1 OK
r-release-windows-ix86+x86_64 1.0-1 2.00 15.00 17.00 OK
r-oldrel-windows-ix86+x86_64 1.0-1 2.00 14.00 16.00 OK

Check Details

Version: 1.0-1
Check: Rd line widths
Result: NOTE
    Rd file 'mass.CO.Rd':
     \usage lines wider than 90 characters:
     mass.CO(intInt, z, alpha = 0.8, f.rest = 115.27, omega.m = 0.27, omega.lambda = 0.73, H.0 = 71)
    
    These lines will be truncated in the PDF manual.
Flavors: r-devel-linux-x86_64-debian-clang, r-devel-linux-x86_64-debian-gcc, r-devel-linux-x86_64-fedora-clang, r-devel-linux-x86_64-fedora-gcc, r-patched-linux-x86_64, r-release-linux-x86_64