CRAN Package Check Results for Package cosmoFns

Last updated on 2017-08-23 01:46:14.

Flavor Version Tinstall Tcheck Ttotal Status Flags
r-devel-linux-x86_64-debian-clang 1.0-1 0.66 11.68 12.34 NOTE
r-devel-linux-x86_64-debian-gcc 1.0-1 0.60 11.18 11.79 NOTE
r-devel-linux-x86_64-fedora-clang 1.0-1 20.44 NOTE
r-devel-linux-x86_64-fedora-gcc 1.0-1 17.62 NOTE
r-devel-windows-ix86+x86_64 1.0-1 2.00 28.00 30.00 NOTE
r-patched-linux-x86_64 1.0-1 0.59 11.43 12.03 NOTE
r-patched-solaris-x86 1.0-1 27.20 NOTE
r-release-linux-x86_64 1.0-1 0.59 11.20 11.79 NOTE
r-release-windows-ix86+x86_64 1.0-1 2.00 26.00 28.00 NOTE
r-release-osx-x86_64 1.0-1 NOTE
r-oldrel-windows-ix86+x86_64 1.0-1 2.00 26.00 28.00 NOTE
r-oldrel-osx-x86_64 1.0-1 NOTE

Check Details

Version: 1.0-1
Check: DESCRIPTION meta-information
Result: NOTE
    Malformed Title field: should not end in a period.
Flavors: r-devel-linux-x86_64-debian-clang, r-devel-linux-x86_64-debian-gcc, r-devel-linux-x86_64-fedora-clang, r-devel-linux-x86_64-fedora-gcc, r-devel-windows-ix86+x86_64, r-patched-linux-x86_64, r-patched-solaris-x86, r-release-linux-x86_64, r-release-windows-ix86+x86_64, r-release-osx-x86_64, r-oldrel-windows-ix86+x86_64, r-oldrel-osx-x86_64

Version: 1.0-1
Check: R code for possible problems
Result: NOTE
    D.M: no visible global function definition for ‘integrate’
    lookbackTime: no visible global function definition for ‘integrate’
    Undefined global functions or variables:
     integrate
    Consider adding
     importFrom("stats", "integrate")
    to your NAMESPACE file.
Flavors: r-devel-linux-x86_64-debian-clang, r-devel-linux-x86_64-debian-gcc, r-devel-linux-x86_64-fedora-clang, r-devel-linux-x86_64-fedora-gcc, r-devel-windows-ix86+x86_64, r-patched-linux-x86_64, r-patched-solaris-x86, r-release-linux-x86_64, r-release-windows-ix86+x86_64, r-release-osx-x86_64, r-oldrel-windows-ix86+x86_64, r-oldrel-osx-x86_64

Version: 1.0-1
Check: Rd line widths
Result: NOTE
    Rd file 'mass.CO.Rd':
     \usage lines wider than 90 characters:
     mass.CO(intInt, z, alpha = 0.8, f.rest = 115.27, omega.m = 0.27, omega.lambda = 0.73, H.0 = 71)
    
    These lines will be truncated in the PDF manual.
Flavors: r-devel-linux-x86_64-debian-clang, r-devel-linux-x86_64-debian-gcc, r-devel-linux-x86_64-fedora-clang, r-devel-linux-x86_64-fedora-gcc, r-patched-linux-x86_64, r-release-linux-x86_64