CRAN Package Check Results for Package cosmoFns

Last updated on 2015-08-30 09:47:19.

Flavor Version Tinstall Tcheck Ttotal Status Flags
r-devel-linux-x86_64-debian-clang 1.0-1 0.56 8.88 9.44 NOTE
r-devel-linux-x86_64-debian-gcc 1.0-1 0.52 8.18 8.70 NOTE
r-devel-linux-x86_64-fedora-clang 1.0-1 17.27 NOTE
r-devel-linux-x86_64-fedora-gcc 1.0-1 16.10 NOTE
r-devel-osx-x86_64-clang 1.0-1 18.40 NOTE
r-devel-windows-ix86+x86_64 1.0-1 4.00 30.00 34.00 NOTE
r-patched-linux-x86_64 1.0-1 0.58 8.57 9.15 NOTE
r-patched-solaris-sparc 1.0-1 116.20 NOTE
r-patched-solaris-x86 1.0-1 27.70 NOTE
r-release-linux-x86_64 1.0-1 0.55 8.71 9.26 NOTE
r-release-osx-x86_64-mavericks 1.0-1 NOTE
r-release-windows-ix86+x86_64 1.0-1 3.00 26.00 29.00 NOTE
r-oldrel-windows-ix86+x86_64 1.0-1 4.00 16.00 20.00 OK

Check Details

Version: 1.0-1
Check: DESCRIPTION meta-information
Result: NOTE
    Malformed Title field: should not end in a period.
Flavors: r-devel-linux-x86_64-debian-clang, r-devel-linux-x86_64-debian-gcc, r-devel-linux-x86_64-fedora-clang, r-devel-linux-x86_64-fedora-gcc, r-devel-osx-x86_64-clang, r-devel-windows-ix86+x86_64, r-patched-linux-x86_64, r-patched-solaris-sparc, r-patched-solaris-x86, r-release-linux-x86_64, r-release-osx-x86_64-mavericks, r-release-windows-ix86+x86_64

Version: 1.0-1
Check: R code for possible problems
Result: NOTE
    D.M: no visible global function definition for ‘integrate’
    lookbackTime: no visible global function definition for ‘integrate’
    Undefined global functions or variables:
     integrate
    Consider adding
     importFrom("stats", "integrate")
    to your NAMESPACE.
Flavors: r-devel-linux-x86_64-debian-clang, r-devel-linux-x86_64-debian-gcc, r-devel-linux-x86_64-fedora-clang, r-devel-linux-x86_64-fedora-gcc, r-devel-windows-ix86+x86_64

Version: 1.0-1
Check: Rd line widths
Result: NOTE
    Rd file 'mass.CO.Rd':
     \usage lines wider than 90 characters:
     mass.CO(intInt, z, alpha = 0.8, f.rest = 115.27, omega.m = 0.27, omega.lambda = 0.73, H.0 = 71)
    
    These lines will be truncated in the PDF manual.
Flavors: r-devel-linux-x86_64-debian-clang, r-devel-linux-x86_64-debian-gcc, r-devel-linux-x86_64-fedora-clang, r-devel-linux-x86_64-fedora-gcc, r-patched-linux-x86_64, r-release-linux-x86_64