CRAN Package Check Results for Package cosmoFns

Last updated on 2015-03-28 16:47:06.

Flavor Version Tinstall Tcheck Ttotal Status Flags
r-devel-linux-x86_64-debian-clang 1.0-1 0.56 8.96 9.52 NOTE
r-devel-linux-x86_64-debian-gcc 1.0-1 0.56 8.84 9.40 NOTE
r-devel-linux-x86_64-fedora-clang 1.0-1 17.96 NOTE
r-devel-linux-x86_64-fedora-gcc 1.0-1 17.25 NOTE
r-devel-osx-x86_64-clang 1.0-1 26.11 NOTE
r-prerel-windows-ix86+x86_64 1.0-1 3.00 15.00 18.00 NOTE
r-prerel-linux-x86_64 1.0-1 0.62 8.68 9.30 NOTE
r-prerel-solaris-sparc 1.0-1 133.60 NOTE
r-prerel-solaris-x86 1.0-1 25.80 NOTE
r-release-linux-x86_64 1.0-1 0.58 9.20 9.78 NOTE
r-release-osx-x86_64-mavericks 1.0-1 OK
r-release-windows-ix86+x86_64 1.0-1 4.00 16.00 20.00 OK
r-oldrel-windows-ix86+x86_64 1.0-1 2.00 14.00 16.00 OK

Check Details

Version: 1.0-1
Check: DESCRIPTION meta-information
Result: NOTE
    Malformed Title field: should not end in a period.
Flavors: r-devel-linux-x86_64-debian-clang, r-devel-linux-x86_64-debian-gcc, r-devel-linux-x86_64-fedora-clang, r-devel-linux-x86_64-fedora-gcc, r-devel-osx-x86_64-clang, r-prerel-windows-ix86+x86_64, r-prerel-linux-x86_64, r-prerel-solaris-sparc, r-prerel-solaris-x86

Version: 1.0-1
Check: Rd line widths
Result: NOTE
    Rd file 'mass.CO.Rd':
     \usage lines wider than 90 characters:
     mass.CO(intInt, z, alpha = 0.8, f.rest = 115.27, omega.m = 0.27, omega.lambda = 0.73, H.0 = 71)
    
    These lines will be truncated in the PDF manual.
Flavors: r-devel-linux-x86_64-debian-clang, r-devel-linux-x86_64-debian-gcc, r-devel-linux-x86_64-fedora-clang, r-devel-linux-x86_64-fedora-gcc, r-prerel-linux-x86_64, r-release-linux-x86_64