CRAN Package Check Results for Package cosmoFns

Last updated on 2016-09-29 03:46:54.

Flavor Version Tinstall Tcheck Ttotal Status Flags
r-devel-linux-x86_64-debian-clang 1.0-1 0.60 9.59 10.19 NOTE
r-devel-linux-x86_64-debian-gcc 1.0-1 0.54 9.45 10.00 NOTE
r-devel-linux-x86_64-fedora-clang 1.0-1 15.95 NOTE
r-devel-linux-x86_64-fedora-gcc 1.0-1 14.80 NOTE
r-devel-macos-x86_64-clang 1.0-1 15.09 NOTE
r-devel-windows-ix86+x86_64 1.0-1 4.00 36.00 40.00 NOTE
r-patched-linux-x86_64 1.0-1 0.67 9.29 9.96 NOTE
r-patched-solaris-sparc 1.0-1 101.60 NOTE
r-patched-solaris-x86 1.0-1 23.30 NOTE
r-release-linux-x86_64 1.0-1 0.66 9.26 9.92 NOTE
r-release-osx-x86_64-mavericks 1.0-1 NOTE
r-release-windows-ix86+x86_64 1.0-1 3.00 25.00 28.00 NOTE
r-oldrel-windows-ix86+x86_64 1.0-1 2.00 17.00 19.00 NOTE

Check Details

Version: 1.0-1
Check: DESCRIPTION meta-information
Result: NOTE
    Malformed Title field: should not end in a period.
Flavors: r-devel-linux-x86_64-debian-clang, r-devel-linux-x86_64-debian-gcc, r-devel-linux-x86_64-fedora-clang, r-devel-linux-x86_64-fedora-gcc, r-devel-macos-x86_64-clang, r-devel-windows-ix86+x86_64, r-patched-linux-x86_64, r-patched-solaris-sparc, r-patched-solaris-x86, r-release-linux-x86_64, r-release-osx-x86_64-mavericks, r-release-windows-ix86+x86_64, r-oldrel-windows-ix86+x86_64

Version: 1.0-1
Check: R code for possible problems
Result: NOTE
    D.M: no visible global function definition for ‘integrate’
    lookbackTime: no visible global function definition for ‘integrate’
    Undefined global functions or variables:
     integrate
    Consider adding
     importFrom("stats", "integrate")
    to your NAMESPACE file.
Flavors: r-devel-linux-x86_64-debian-clang, r-devel-linux-x86_64-debian-gcc, r-devel-linux-x86_64-fedora-clang, r-devel-linux-x86_64-fedora-gcc, r-devel-macos-x86_64-clang, r-devel-windows-ix86+x86_64, r-patched-linux-x86_64, r-patched-solaris-sparc, r-patched-solaris-x86, r-release-linux-x86_64, r-release-osx-x86_64-mavericks, r-release-windows-ix86+x86_64

Version: 1.0-1
Check: Rd line widths
Result: NOTE
    Rd file 'mass.CO.Rd':
     \usage lines wider than 90 characters:
     mass.CO(intInt, z, alpha = 0.8, f.rest = 115.27, omega.m = 0.27, omega.lambda = 0.73, H.0 = 71)
    
    These lines will be truncated in the PDF manual.
Flavors: r-devel-linux-x86_64-debian-clang, r-devel-linux-x86_64-debian-gcc, r-devel-linux-x86_64-fedora-clang, r-devel-linux-x86_64-fedora-gcc, r-patched-linux-x86_64, r-release-linux-x86_64