CRAN Package Check Results for Package cosmoFns

Last updated on 2014-08-31 05:50:05.

Flavor Version Tinstall Tcheck Ttotal Status Flags
r-devel-linux-x86_64-debian-clang 1.0-1 0.52 8.76 9.28 OK
r-devel-linux-x86_64-debian-gcc 1.0-1 0.54 8.33 8.87 OK
r-devel-linux-x86_64-fedora-clang 1.0-1 18.03 NOTE
r-devel-linux-x86_64-fedora-gcc 1.0-1 16.86 NOTE
r-devel-osx-x86_64-clang 1.0-1 20.75 OK
r-devel-windows-ix86+x86_64 1.0-1 2.00 14.00 16.00 OK
r-patched-linux-x86_64 1.0-1 0.54 8.30 8.83 OK
r-patched-solaris-sparc 1.0-1 104.70 OK
r-patched-solaris-x86 1.0-1 27.10 OK
r-release-linux-ix86 1.0-1 0.85 13.92 14.76 OK
r-release-linux-x86_64 1.0-1 0.56 8.75 9.30 OK
r-release-osx-x86_64-mavericks 1.0-1 OK
r-release-windows-ix86+x86_64 1.0-1 3.00 14.00 17.00 OK
r-oldrel-windows-ix86+x86_64 1.0-1 2.00 14.00 16.00 OK

Check Details

Version: 1.0-1
Check: Rd line widths
Result: NOTE
    Rd file 'mass.CO.Rd':
     \usage lines wider than 90 characters:
     mass.CO(intInt, z, alpha = 0.8, f.rest = 115.27, omega.m = 0.27, omega.lambda = 0.73, H.0 = 71)
    
    These lines will be truncated in the PDF manual.
Flavors: r-devel-linux-x86_64-fedora-clang, r-devel-linux-x86_64-fedora-gcc