CRAN Package Check Results for Package cosmoFns

Last updated on 2014-09-17 18:46:47.

Flavor Version Tinstall Tcheck Ttotal Status Flags
r-devel-linux-x86_64-debian-clang 1.0-1 0.52 8.48 9.00 NOTE
r-devel-linux-x86_64-debian-gcc 1.0-1 0.54 8.38 8.91 NOTE
r-devel-linux-x86_64-fedora-clang 1.0-1 17.81 NOTE
r-devel-linux-x86_64-fedora-gcc 1.0-1 16.90 NOTE
r-devel-osx-x86_64-clang 1.0-1 20.73 OK
r-devel-windows-ix86+x86_64 1.0-1 2.00 14.00 16.00 OK
r-patched-linux-x86_64 1.0-1 0.53 8.21 8.74 OK
r-patched-solaris-sparc 1.0-1 104.70 OK
r-patched-solaris-x86 1.0-1 26.10 OK
r-release-linux-ix86 1.0-1 0.84 14.21 15.04 OK
r-release-linux-x86_64 1.0-1 0.69 8.74 9.43 NOTE
r-release-osx-x86_64-mavericks 1.0-1 OK
r-release-windows-ix86+x86_64 1.0-1 3.00 14.00 17.00 OK
r-oldrel-windows-ix86+x86_64 1.0-1 2.00 14.00 16.00 OK

Check Details

Version: 1.0-1
Check: Rd line widths
Result: NOTE
    Rd file 'mass.CO.Rd':
     \usage lines wider than 90 characters:
     mass.CO(intInt, z, alpha = 0.8, f.rest = 115.27, omega.m = 0.27, omega.lambda = 0.73, H.0 = 71)
    
    These lines will be truncated in the PDF manual.
Flavors: r-devel-linux-x86_64-debian-clang, r-devel-linux-x86_64-debian-gcc, r-devel-linux-x86_64-fedora-clang, r-devel-linux-x86_64-fedora-gcc, r-release-linux-x86_64