CRAN Package Check Results for Package cosmoFns

Last updated on 2014-04-20 03:47:25.

Flavor Version Tinstall Tcheck Ttotal Status Flags
r-devel-linux-x86_64-debian-clang 1.0-1 0.56 8.70 9.26 OK
r-devel-linux-x86_64-debian-gcc 1.0-1 0.62 8.88 9.49 OK
r-devel-linux-x86_64-fedora-clang 1.0-1 18.15 NOTE
r-devel-linux-x86_64-fedora-gcc 1.0-1 17.09 NOTE
r-devel-macosx-x86_64-clang 1.0-1 19.91 OK
r-devel-macosx-x86_64-gcc 1.0-1 OK
r-devel-windows-ix86+x86_64 1.0-1 2.00 14.00 16.00 OK
r-patched-linux-x86_64 1.0-1 0.61 8.68 9.28 OK
r-patched-solaris-sparc 1.0-1 103.80 OK
r-patched-solaris-x86 1.0-1 28.00 OK
r-release-linux-ix86 OK
r-release-linux-x86_64 1.0-1 0.57 8.61 9.18 OK
r-release-windows-ix86+x86_64 1.0-1 4.00 19.00 23.00 OK
r-oldrel-windows-ix86+x86_64 1.0-1 2.00 14.00 16.00 OK

Check Details

Version: 1.0-1
Check: Rd line widths
Result: NOTE
    Rd file 'mass.CO.Rd':
     \usage lines wider than 90 characters:
     mass.CO(intInt, z, alpha = 0.8, f.rest = 115.27, omega.m = 0.27, omega.lambda = 0.73, H.0 = 71)
    
    These lines will be truncated in the PDF manual.
Flavors: r-devel-linux-x86_64-fedora-clang, r-devel-linux-x86_64-fedora-gcc