CRAN Package Check Results for Package cosmoFns

Last updated on 2024-02-22 14:48:13 CET.

Flavor Version Tinstall Tcheck Ttotal Status Flags
r-devel-linux-x86_64-debian-clang 1.1-1 NOTE
r-devel-linux-x86_64-debian-gcc 1.1-1 1.46 17.53 18.99 NOTE
r-devel-linux-x86_64-fedora-clang 1.1-1 30.94 NOTE
r-devel-linux-x86_64-fedora-gcc 1.1-1 29.91 NOTE
r-devel-windows-x86_64 1.1-1 3.00 38.00 41.00 NOTE
r-patched-linux-x86_64 1.1-1 2.77 22.49 25.26 NOTE
r-release-linux-x86_64 1.1-1 1.86 22.35 24.21 NOTE
r-release-macos-arm64 1.1-1 16.00 NOTE
r-release-macos-x86_64 1.1-1 18.00 NOTE
r-release-windows-x86_64 1.1-1 3.00 39.00 42.00 NOTE
r-oldrel-macos-arm64 1.1-1 16.00 OK
r-oldrel-windows-x86_64 1.1-1 24.00 44.00 68.00 OK

Check Details

Version: 1.1-1
Check: Rd files
Result: NOTE checkRd: (-1) cosmoFns-package.Rd:34: Escaped LaTeX specials: \& Flavors: r-devel-linux-x86_64-debian-clang, r-devel-linux-x86_64-debian-gcc, r-devel-linux-x86_64-fedora-clang, r-devel-linux-x86_64-fedora-gcc, r-devel-windows-x86_64, r-patched-linux-x86_64, r-release-linux-x86_64, r-release-macos-arm64, r-release-macos-x86_64, r-release-windows-x86_64