CRAN Package Check Results for Package cosmosR

Last updated on 2014-07-24 16:47:57.

Flavor Version Tinstall Tcheck Ttotal Status Flags
r-devel-linux-x86_64-debian-clang 1.0 2.71 27.93 30.64 NOTE
r-devel-linux-x86_64-debian-gcc 1.0 2.62 28.02 30.64 NOTE
r-devel-linux-x86_64-fedora-clang 1.0 72.52 NOTE
r-devel-linux-x86_64-fedora-gcc 1.0 69.13 NOTE
r-devel-osx-x86_64-clang 1.0 64.08 NOTE
r-devel-windows-ix86+x86_64 1.0 7.00 41.00 48.00 NOTE
r-patched-linux-x86_64 1.0 2.64 28.21 30.85 NOTE
r-patched-solaris-sparc 1.0 368.50 NOTE
r-patched-solaris-x86 1.0 88.50 NOTE
r-release-linux-ix86 1.0 3.53 36.48 40.01 NOTE
r-release-linux-x86_64 1.0 2.72 28.57 31.28 NOTE
r-release-osx-x86_64-mavericks 1.0 NOTE
r-release-osx-x86_64-snowleopard 1.0 OK
r-release-windows-ix86+x86_64 1.0 10.00 43.00 53.00 NOTE
r-oldrel-windows-ix86+x86_64 1.0 8.00 43.00 51.00 NOTE

Check Details

Version: 1.0
Check: dependencies in R code
Result: NOTE
    Package in Depends field not imported from: ‘xlsx’
     These packages need to be imported from (in the NAMESPACE file)
     for when this namespace is loaded but not attached.
    See the information on DESCRIPTION files in the chapter ‘Creating R
    packages’ of the ‘Writing R Extensions’ manual.
Flavors: r-devel-linux-x86_64-debian-clang, r-devel-linux-x86_64-debian-gcc, r-devel-linux-x86_64-fedora-clang, r-devel-linux-x86_64-fedora-gcc, r-devel-osx-x86_64-clang, r-devel-windows-ix86+x86_64, r-patched-linux-x86_64, r-patched-solaris-sparc, r-patched-solaris-x86, r-release-linux-ix86, r-release-linux-x86_64, r-release-osx-x86_64-mavericks, r-release-windows-ix86+x86_64, r-oldrel-windows-ix86+x86_64