CRAN Package Check Results for Package cosmosR

Last updated on 2014-11-27 16:48:07.

Flavor Version Tinstall Tcheck Ttotal Status Flags
r-devel-linux-x86_64-debian-clang 1.0 2.61 27.59 30.20 NOTE
r-devel-linux-x86_64-debian-gcc 1.0 2.56 26.84 29.40 NOTE
r-devel-linux-x86_64-fedora-clang 1.0 71.52 NOTE
r-devel-linux-x86_64-fedora-gcc 1.0 76.13 NOTE
r-devel-osx-x86_64-clang 1.0 64.22 NOTE
r-devel-windows-ix86+x86_64 1.0 7.00 40.00 47.00 NOTE
r-patched-linux-x86_64 1.0 2.67 28.14 30.80 NOTE
r-patched-solaris-sparc 1.0 357.00 NOTE
r-patched-solaris-x86 1.0 86.90 NOTE
r-release-linux-ix86 1.0 3.12 34.11 37.23 NOTE
r-release-linux-x86_64 1.0 2.68 27.86 30.54 NOTE
r-release-osx-x86_64-mavericks 1.0 NOTE
r-release-osx-x86_64-snowleopard 1.0 OK
r-release-windows-ix86+x86_64 1.0 8.00 45.00 53.00 NOTE
r-oldrel-windows-ix86+x86_64 1.0 9.00 40.00 49.00 NOTE

Check Details

Version: 1.0
Check: dependencies in R code
Result: NOTE
    Package in Depends field not imported from: ‘xlsx’
     These packages need to be imported from (in the NAMESPACE file)
     for when this namespace is loaded but not attached.
    See the information on DESCRIPTION files in the chapter ‘Creating R
    packages’ of the ‘Writing R Extensions’ manual.
Flavors: r-devel-linux-x86_64-debian-clang, r-devel-linux-x86_64-debian-gcc, r-devel-linux-x86_64-fedora-clang, r-devel-linux-x86_64-fedora-gcc, r-devel-osx-x86_64-clang, r-devel-windows-ix86+x86_64, r-patched-linux-x86_64, r-patched-solaris-sparc, r-patched-solaris-x86, r-release-linux-ix86, r-release-linux-x86_64, r-release-osx-x86_64-mavericks, r-release-windows-ix86+x86_64, r-oldrel-windows-ix86+x86_64

Version: 1.0
Check: R code for possible problems
Result: NOTE
    charger: no visible global function definition for ‘read.xlsx’
Flavors: r-devel-linux-x86_64-debian-clang, r-devel-linux-x86_64-debian-gcc, r-devel-linux-x86_64-fedora-clang, r-devel-linux-x86_64-fedora-gcc, r-devel-osx-x86_64-clang, r-devel-windows-ix86+x86_64, r-patched-linux-x86_64, r-patched-solaris-sparc, r-patched-solaris-x86, r-release-linux-ix86, r-release-linux-x86_64, r-release-windows-ix86+x86_64