CRAN Package Check Results for Package cosmosR

Last updated on 2014-10-25 23:46:37.

Flavor Version Tinstall Tcheck Ttotal Status Flags
r-devel-linux-x86_64-debian-clang 1.0 2.82 27.58 30.41 NOTE
r-devel-linux-x86_64-debian-gcc 1.0 2.61 27.34 29.96 NOTE
r-devel-linux-x86_64-fedora-clang 1.0 63.60 NOTE
r-devel-linux-x86_64-fedora-gcc 1.0 64.57 NOTE
r-devel-osx-x86_64-clang 1.0 59.83 NOTE
r-devel-windows-ix86+x86_64 1.0 7.00 42.00 49.00 NOTE
r-patched-linux-x86_64 1.0 2.70 27.91 30.61 NOTE
r-patched-solaris-sparc 1.0 357.00 NOTE
r-patched-solaris-x86 1.0 86.80 NOTE
r-release-linux-ix86 1.0 3.79 36.64 40.43 NOTE
r-release-linux-x86_64 1.0 2.83 29.01 31.84 NOTE
r-release-osx-x86_64-mavericks 1.0 NOTE
r-release-osx-x86_64-snowleopard 1.0 OK
r-release-windows-ix86+x86_64 1.0 8.00 48.00 56.00 NOTE
r-oldrel-windows-ix86+x86_64 1.0 9.00 40.00 49.00 NOTE

Check Details

Version: 1.0
Check: dependencies in R code
Result: NOTE
    Package in Depends field not imported from: ‘xlsx’
     These packages need to be imported from (in the NAMESPACE file)
     for when this namespace is loaded but not attached.
    See the information on DESCRIPTION files in the chapter ‘Creating R
    packages’ of the ‘Writing R Extensions’ manual.
Flavors: r-devel-linux-x86_64-debian-clang, r-devel-linux-x86_64-debian-gcc, r-devel-linux-x86_64-fedora-clang, r-devel-linux-x86_64-fedora-gcc, r-devel-osx-x86_64-clang, r-devel-windows-ix86+x86_64, r-patched-linux-x86_64, r-patched-solaris-sparc, r-patched-solaris-x86, r-release-linux-ix86, r-release-linux-x86_64, r-release-osx-x86_64-mavericks, r-release-windows-ix86+x86_64, r-oldrel-windows-ix86+x86_64

Version: 1.0
Check: R code for possible problems
Result: NOTE
    charger: no visible global function definition for ‘read.xlsx’
Flavors: r-devel-linux-x86_64-debian-clang, r-devel-linux-x86_64-debian-gcc, r-devel-linux-x86_64-fedora-clang, r-devel-linux-x86_64-fedora-gcc, r-devel-osx-x86_64-clang, r-devel-windows-ix86+x86_64, r-patched-linux-x86_64, r-patched-solaris-sparc, r-patched-solaris-x86