CRAN Package Check Results for Package cosmosR

Last updated on 2015-03-02 13:47:00.

Flavor Version Tinstall Tcheck Ttotal Status Flags
r-devel-linux-x86_64-debian-clang 1.0 2.19 23.36 25.55 NOTE
r-devel-linux-x86_64-debian-gcc 1.0 2.20 22.92 25.12 NOTE
r-devel-linux-x86_64-fedora-clang 1.0 58.87 NOTE
r-devel-linux-x86_64-fedora-gcc 1.0 55.31 NOTE
r-devel-osx-x86_64-clang 1.0 52.00 NOTE
r-devel-windows-ix86+x86_64 1.0 6.00 38.00 44.00 NOTE
r-patched-linux-x86_64 1.0 2.78 28.76 31.55 NOTE
r-patched-solaris-sparc 1.0 366.50 NOTE
r-patched-solaris-x86 1.0 87.20 NOTE
r-release-linux-ix86 1.0 3.12 35.30 38.42 NOTE
r-release-linux-x86_64 1.0 2.80 28.55 31.35 NOTE
r-release-osx-x86_64-mavericks 1.0 NOTE
r-release-osx-x86_64-snowleopard 1.0 OK
r-release-windows-ix86+x86_64 1.0 8.00 45.00 53.00 NOTE
r-oldrel-windows-ix86+x86_64 1.0 9.00 40.00 49.00 NOTE

Check Details

Version: 1.0
Check: dependencies in R code
Result: NOTE
    Package in Depends field not imported from: ‘xlsx’
     These packages need to be imported from (in the NAMESPACE file)
     for when this namespace is loaded but not attached.
Flavors: r-devel-linux-x86_64-debian-clang, r-devel-linux-x86_64-debian-gcc, r-devel-linux-x86_64-fedora-clang, r-devel-linux-x86_64-fedora-gcc, r-devel-osx-x86_64-clang, r-devel-windows-ix86+x86_64, r-patched-linux-x86_64, r-patched-solaris-x86

Version: 1.0
Check: R code for possible problems
Result: NOTE
    charger: no visible global function definition for ‘read.xlsx’
Flavors: r-devel-linux-x86_64-debian-clang, r-devel-linux-x86_64-debian-gcc, r-devel-linux-x86_64-fedora-clang, r-devel-linux-x86_64-fedora-gcc, r-devel-osx-x86_64-clang, r-devel-windows-ix86+x86_64, r-patched-linux-x86_64, r-patched-solaris-sparc, r-patched-solaris-x86, r-release-linux-ix86, r-release-linux-x86_64, r-release-osx-x86_64-mavericks, r-release-windows-ix86+x86_64

Version: 1.0
Check: dependencies in R code
Result: NOTE
    Package in Depends field not imported from: ‘xlsx’
     These packages need to be imported from (in the NAMESPACE file)
     for when this namespace is loaded but not attached.
    See the information on DESCRIPTION files in the chapter ‘Creating R
    packages’ of the ‘Writing R Extensions’ manual.
Flavors: r-patched-solaris-sparc, r-release-linux-ix86, r-release-linux-x86_64, r-release-osx-x86_64-mavericks, r-release-windows-ix86+x86_64, r-oldrel-windows-ix86+x86_64