CRAN Package Check Results for Package cosmosR

Last updated on 2015-07-07 06:46:27.

Flavor Version Tinstall Tcheck Ttotal Status Flags
r-devel-linux-x86_64-debian-clang 1.0 2.17 23.36 25.53 NOTE
r-devel-linux-x86_64-debian-gcc 1.0 2.33 22.78 25.11 NOTE
r-devel-linux-x86_64-fedora-clang 1.0 65.47 NOTE
r-devel-linux-x86_64-fedora-gcc 1.0 62.42 NOTE
r-devel-osx-x86_64-clang 1.0 46.85 NOTE
r-devel-windows-ix86+x86_64 1.0 5.00 35.00 40.00 NOTE
r-patched-linux-x86_64 1.0 2.15 23.00 25.14 NOTE
r-patched-solaris-sparc 1.0 312.00 NOTE
r-patched-solaris-x86 1.0 71.70 NOTE
r-release-linux-x86_64 1.0 2.12 23.00 25.13 NOTE
r-release-osx-x86_64-mavericks 1.0 NOTE
r-release-windows-ix86+x86_64 1.0 6.00 38.00 44.00 NOTE
r-oldrel-windows-ix86+x86_64 1.0 10.00 46.00 56.00 NOTE

Check Details

Version: 1.0
Check: dependencies in R code
Result: NOTE
    Package in Depends field not imported from: ‘xlsx’
     These packages need to be imported from (in the NAMESPACE file)
     for when this namespace is loaded but not attached.
Flavors: r-devel-linux-x86_64-debian-clang, r-devel-linux-x86_64-debian-gcc, r-devel-linux-x86_64-fedora-clang, r-devel-linux-x86_64-fedora-gcc, r-devel-osx-x86_64-clang, r-devel-windows-ix86+x86_64, r-patched-linux-x86_64, r-patched-solaris-sparc, r-patched-solaris-x86, r-release-linux-x86_64, r-release-osx-x86_64-mavericks, r-release-windows-ix86+x86_64, r-oldrel-windows-ix86+x86_64

Version: 1.0
Check: R code for possible problems
Result: NOTE
    HTMLEnd: no visible global function definition for ‘browseURL’
    HTMLInit: no visible global function definition for ‘localeToCharset’
    charger: no visible global function definition for ‘read.csv2’
    charger: no visible global function definition for ‘read.xlsx’
    desc_global: no visible global function definition for ‘na.omit’
    desc_global: no visible global function definition for ‘median’
    desc_global: no visible global function definition for ‘quantile’
    desc_global: no visible global function definition for ‘sd’
    desc_global: no visible global function definition for ‘t.test’
    desc_groupe: no visible global function definition for ‘na.omit’
    desc_groupe: no visible global function definition for ‘t.test’
    desc_groupe: no visible global function definition for ‘aov’
    desc_groupe: no visible global function definition for ‘wilcox.test’
    desc_groupe: no visible global function definition for ‘kruskal.test’
    desc_groupe: no visible global function definition for ‘sd’
    desc_groupe: no visible global function definition for ‘chisq.test’
    desc_groupe : <anonymous>: no visible global function definition for
     ‘fisher.test’
    diagnostic: no visible global function definition for ‘shapiro.test’
    diagnostic: no visible global function definition for ‘t.test’
    diagnostic: no visible global function definition for ‘png’
    diagnostic: no visible global function definition for ‘hist’
    diagnostic: no visible global function definition for ‘lines’
    diagnostic: no visible global function definition for ‘density’
    diagnostic: no visible global function definition for ‘dev.off’
    diagnostic: no visible global function definition for ‘qqnorm’
    diagnostic: no visible global function definition for ‘qqline’
    diagnostic: no visible global function definition for ‘barplot’
    Undefined global functions or variables:
     aov barplot browseURL chisq.test density dev.off fisher.test hist
     kruskal.test lines localeToCharset median na.omit png qqline qqnorm
     quantile read.csv2 read.xlsx sd shapiro.test t.test wilcox.test
Flavors: r-devel-linux-x86_64-debian-clang, r-devel-linux-x86_64-debian-gcc, r-devel-linux-x86_64-fedora-clang, r-devel-linux-x86_64-fedora-gcc, r-devel-windows-ix86+x86_64

Version: 1.0
Check: R code for possible problems
Result: NOTE
    charger: no visible global function definition for ‘read.xlsx’
    Undefined global functions or variables:
     read.xlsx
Flavor: r-devel-osx-x86_64-clang

Version: 1.0
Check: R code for possible problems
Result: NOTE
    charger: no visible global function definition for ‘read.xlsx’
Flavors: r-patched-linux-x86_64, r-patched-solaris-sparc, r-patched-solaris-x86, r-release-linux-x86_64, r-release-osx-x86_64-mavericks, r-release-windows-ix86+x86_64, r-oldrel-windows-ix86+x86_64