CRAN Package Check Results for Package cosmosR

Last updated on 2015-05-28 19:47:14.

Flavor Version Tinstall Tcheck Ttotal Status Flags
r-devel-linux-x86_64-debian-clang 1.0 2.37 23.52 25.90 NOTE
r-devel-linux-x86_64-debian-gcc 1.0 2.26 23.50 25.76 NOTE
r-devel-linux-x86_64-fedora-clang 1.0 67.71 NOTE
r-devel-linux-x86_64-fedora-gcc 1.0 64.87 NOTE
r-devel-osx-x86_64-clang 1.0 49.96 NOTE
r-devel-windows-ix86+x86_64 1.0 7.00 38.00 45.00 NOTE
r-patched-linux-x86_64 1.0 2.12 23.28 25.41 NOTE
r-patched-solaris-sparc 1.0 312.00 NOTE
r-patched-solaris-x86 1.0 74.80 NOTE
r-release-linux-x86_64 1.0 2.14 23.11 25.25 NOTE
r-release-osx-x86_64-mavericks 1.0 NOTE
r-release-osx-x86_64-snowleopard 1.0 NOTE
r-release-windows-ix86+x86_64 1.0 6.00 43.00 49.00 NOTE
r-oldrel-windows-ix86+x86_64 1.0 10.00 46.00 56.00 NOTE

Check Details

Version: 1.0
Check: dependencies in R code
Result: NOTE
    Package in Depends field not imported from: ‘xlsx’
     These packages need to be imported from (in the NAMESPACE file)
     for when this namespace is loaded but not attached.
Flavors: r-devel-linux-x86_64-debian-clang, r-devel-linux-x86_64-debian-gcc, r-devel-linux-x86_64-fedora-clang, r-devel-linux-x86_64-fedora-gcc, r-devel-osx-x86_64-clang, r-devel-windows-ix86+x86_64, r-patched-linux-x86_64, r-patched-solaris-sparc, r-patched-solaris-x86, r-release-linux-x86_64, r-release-osx-x86_64-mavericks, r-release-osx-x86_64-snowleopard, r-release-windows-ix86+x86_64, r-oldrel-windows-ix86+x86_64

Version: 1.0
Check: R code for possible problems
Result: NOTE
    charger: no visible global function definition for ‘read.xlsx’
Flavors: r-devel-linux-x86_64-debian-clang, r-devel-linux-x86_64-debian-gcc, r-devel-linux-x86_64-fedora-clang, r-devel-linux-x86_64-fedora-gcc, r-devel-osx-x86_64-clang, r-devel-windows-ix86+x86_64, r-patched-linux-x86_64, r-patched-solaris-sparc, r-patched-solaris-x86, r-release-linux-x86_64, r-release-osx-x86_64-mavericks, r-release-osx-x86_64-snowleopard, r-release-windows-ix86+x86_64, r-oldrel-windows-ix86+x86_64