CRAN Package Check Results for Package cosmosR

Last updated on 2015-09-04 14:46:54.

Flavor Version Tinstall Tcheck Ttotal Status Flags
r-devel-linux-x86_64-debian-clang 1.0 2.04 22.86 24.89 NOTE
r-devel-linux-x86_64-debian-gcc 1.0 2.08 22.77 24.86 NOTE
r-devel-linux-x86_64-fedora-clang 1.0 64.79 NOTE
r-devel-linux-x86_64-fedora-gcc 1.0 62.02 NOTE
r-devel-osx-x86_64-clang 1.0 46.55 NOTE
r-devel-windows-ix86+x86_64 1.0 5.00 42.00 47.00 NOTE
r-patched-linux-x86_64 1.0 2.15 23.15 25.30 NOTE
r-patched-solaris-sparc 1.0 307.80 NOTE
r-patched-solaris-x86 1.0 75.50 NOTE
r-release-linux-x86_64 1.0 2.23 23.85 26.08 NOTE
r-release-osx-x86_64-mavericks 1.0 NOTE
r-release-windows-ix86+x86_64 1.0 8.00 57.00 65.00 NOTE
r-oldrel-windows-ix86+x86_64 1.0 10.00 49.00 59.00 NOTE

Check Details

Version: 1.0
Check: dependencies in R code
Result: NOTE
    Package in Depends field not imported from: ‘xlsx’
     These packages need to be imported from (in the NAMESPACE file)
     for when this namespace is loaded but not attached.
Flavors: r-devel-linux-x86_64-debian-clang, r-devel-linux-x86_64-debian-gcc, r-devel-linux-x86_64-fedora-clang, r-devel-linux-x86_64-fedora-gcc, r-devel-osx-x86_64-clang, r-devel-windows-ix86+x86_64, r-patched-linux-x86_64, r-patched-solaris-sparc, r-patched-solaris-x86, r-release-linux-x86_64, r-release-osx-x86_64-mavericks, r-release-windows-ix86+x86_64, r-oldrel-windows-ix86+x86_64

Version: 1.0
Check: R code for possible problems
Result: NOTE
    HTMLEnd: no visible global function definition for ‘browseURL’
    HTMLInit: no visible global function definition for ‘localeToCharset’
    charger: no visible global function definition for ‘read.csv2’
    charger: no visible global function definition for ‘read.xlsx’
    desc_global: no visible global function definition for ‘na.omit’
    desc_global: no visible global function definition for ‘median’
    desc_global: no visible global function definition for ‘quantile’
    desc_global: no visible global function definition for ‘sd’
    desc_global: no visible global function definition for ‘t.test’
    desc_groupe: no visible global function definition for ‘na.omit’
    desc_groupe: no visible global function definition for ‘t.test’
    desc_groupe: no visible global function definition for ‘aov’
    desc_groupe: no visible global function definition for ‘wilcox.test’
    desc_groupe: no visible global function definition for ‘kruskal.test’
    desc_groupe: no visible global function definition for ‘sd’
    desc_groupe: no visible global function definition for ‘chisq.test’
    desc_groupe : <anonymous>: no visible global function definition for
     ‘fisher.test’
    diagnostic: no visible global function definition for ‘shapiro.test’
    diagnostic: no visible global function definition for ‘t.test’
    diagnostic: no visible global function definition for ‘png’
    diagnostic: no visible global function definition for ‘hist’
    diagnostic: no visible global function definition for ‘lines’
    diagnostic: no visible global function definition for ‘density’
    diagnostic: no visible global function definition for ‘dev.off’
    diagnostic: no visible global function definition for ‘qqnorm’
    diagnostic: no visible global function definition for ‘qqline’
    diagnostic: no visible global function definition for ‘barplot’
    Undefined global functions or variables:
     aov barplot browseURL chisq.test density dev.off fisher.test hist
     kruskal.test lines localeToCharset median na.omit png qqline qqnorm
     quantile read.csv2 read.xlsx sd shapiro.test t.test wilcox.test
    Consider adding
     importFrom("grDevices", "dev.off", "png")
     importFrom("graphics", "barplot", "hist", "lines")
     importFrom("stats", "aov", "chisq.test", "density", "fisher.test",
     "kruskal.test", "median", "na.omit", "qqline", "qqnorm",
     "quantile", "sd", "shapiro.test", "t.test", "wilcox.test")
     importFrom("utils", "browseURL", "localeToCharset", "read.csv2")
    to your NAMESPACE.
Flavors: r-devel-linux-x86_64-debian-clang, r-devel-linux-x86_64-debian-gcc, r-devel-linux-x86_64-fedora-clang, r-devel-linux-x86_64-fedora-gcc, r-devel-windows-ix86+x86_64

Version: 1.0
Check: R code for possible problems
Result: NOTE
    charger: no visible global function definition for ‘read.xlsx’
    Undefined global functions or variables:
     read.xlsx
Flavor: r-devel-osx-x86_64-clang

Version: 1.0
Check: R code for possible problems
Result: NOTE
    charger: no visible global function definition for ‘read.xlsx’
Flavors: r-patched-linux-x86_64, r-patched-solaris-sparc, r-patched-solaris-x86, r-release-linux-x86_64, r-release-osx-x86_64-mavericks, r-release-windows-ix86+x86_64, r-oldrel-windows-ix86+x86_64