CRAN Package Check Results for Package cosso

Last updated on 2014-04-16 06:47:51.

Flavor Version Tinstall Tcheck Ttotal Status Flags
r-devel-linux-x86_64-debian-clang 2.1-1 3.68 49.31 52.99 NOTE
r-devel-linux-x86_64-debian-gcc 2.1-1 3.73 48.66 52.40 NOTE
r-devel-linux-x86_64-fedora-clang 2.1-1 119.30 NOTE
r-devel-linux-x86_64-fedora-gcc 2.1-1 114.78 NOTE
r-devel-macosx-x86_64-clang 2.1-1 97.00 NOTE
r-devel-macosx-x86_64-gcc 2.1-1 NOTE
r-devel-windows-ix86+x86_64 2.1-1 13.00 79.00 92.00 NOTE
r-patched-linux-x86_64 2.1-1 3.72 48.20 51.91 NOTE
r-patched-solaris-sparc 2.1-1 637.40 NOTE
r-patched-solaris-x86 2.1-1 149.60 NOTE
r-release-linux-ix86 2.1-1 7.00 77.00 84.00 NOTE
r-release-linux-x86_64 2.1-1 3.64 48.19 51.83 NOTE
r-release-macosx-x86_64 2.1-1 NOTE
r-release-windows-ix86+x86_64 2.1-1 9.00 76.00 85.00 NOTE
r-oldrel-windows-ix86+x86_64 2.1-1 10.00 70.00 80.00 NOTE

Check Details

Version: 2.1-1
Check: dependencies in R code
Result: NOTE
    'library' or 'require' calls to packages already attached by Depends:
     ‘Rglpk’ ‘glmnet’ ‘quadprog’
     Please remove these calls from your code.
    Packages in Depends field not imported from:
     ‘Rglpk’ ‘glmnet’ ‘quadprog’
     These packages need to be imported from (in the NAMESPACE file)
     for when this namespace is loaded but not attached.
    See the information on DESCRIPTION files in the chapter ‘Creating R
    packages’ of the ‘Writing R Extensions’ manual.
Flavors: r-devel-linux-x86_64-debian-clang, r-devel-linux-x86_64-debian-gcc, r-devel-linux-x86_64-fedora-clang, r-devel-linux-x86_64-fedora-gcc, r-devel-macosx-x86_64-clang, r-devel-macosx-x86_64-gcc, r-devel-windows-ix86+x86_64, r-patched-linux-x86_64, r-patched-solaris-sparc, r-patched-solaris-x86, r-release-linux-ix86, r-release-linux-x86_64, r-release-windows-ix86+x86_64, r-oldrel-windows-ix86+x86_64

Version: 2.1-1
Check: dependencies in R code
Result: NOTE
    'library' or 'require' calls to packages already attached by Depends:
     'Rglpk' 'glmnet' 'quadprog'
     Please remove these calls from your code.
    See the information on DESCRIPTION files in the chapter 'Creating R
    packages' of the 'Writing R Extensions' manual.
Flavor: r-release-macosx-x86_64