CRAN Package Check Results for Package cosso

Last updated on 2014-10-23 00:47:55.

Flavor Version Tinstall Tcheck Ttotal Status Flags
r-devel-linux-x86_64-debian-clang 2.1-1 3.39 45.00 48.39 NOTE
r-devel-linux-x86_64-debian-gcc 2.1-1 3.32 44.00 47.32 NOTE
r-devel-linux-x86_64-fedora-clang 2.1-1 107.70 NOTE
r-devel-linux-x86_64-fedora-gcc 2.1-1 114.46 NOTE
r-devel-osx-x86_64-clang 2.1-1 94.87 NOTE
r-devel-windows-ix86+x86_64 2.1-1 9.00 66.00 75.00 NOTE
r-patched-linux-x86_64 2.1-1 4.58 47.68 52.26 NOTE
r-patched-solaris-sparc 2.1-1 630.50 NOTE
r-patched-solaris-x86 2.1-1 145.00 NOTE
r-release-linux-ix86 2.1-1 4.35 60.27 64.62 NOTE
r-release-linux-x86_64 2.1-1 3.59 47.60 51.19 NOTE
r-release-osx-x86_64-mavericks 2.1-1 NOTE
r-release-osx-x86_64-snowleopard 2.1-1 NOTE
r-release-windows-ix86+x86_64 2.1-1 10.00 69.00 79.00 NOTE
r-oldrel-windows-ix86+x86_64 2.1-1 8.00 66.00 74.00 NOTE

Check Details

Version: 2.1-1
Check: dependencies in R code
Result: NOTE
    'library' or 'require' calls to packages already attached by Depends:
     ‘Rglpk’ ‘glmnet’ ‘quadprog’
     Please remove these calls from your code.
    Packages in Depends field not imported from:
     ‘Rglpk’ ‘glmnet’ ‘parallel’ ‘quadprog’
     These packages need to be imported from (in the NAMESPACE file)
     for when this namespace is loaded but not attached.
    See the information on DESCRIPTION files in the chapter ‘Creating R
    packages’ of the ‘Writing R Extensions’ manual.
Flavors: r-devel-linux-x86_64-debian-clang, r-devel-linux-x86_64-debian-gcc, r-devel-linux-x86_64-fedora-clang, r-devel-linux-x86_64-fedora-gcc, r-devel-osx-x86_64-clang, r-devel-windows-ix86+x86_64, r-patched-linux-x86_64, r-patched-solaris-sparc, r-patched-solaris-x86

Version: 2.1-1
Check: R code for possible problems
Result: NOTE
    My_solve.QP: no visible global function definition for ‘solve.QP’
    SSANOVAwt.qr: no visible global function definition for ‘makeCluster’
    SSANOVAwt.qr: no visible global function definition for ‘clusterEvalQ’
    SSANOVAwt.qr: no visible global function definition for
     ‘clusterApplyLB’
    SSANOVAwt.qr: no visible global function definition for ‘stopCluster’
    cosso.Cox.Parallel: no visible global function definition for
     ‘makeCluster’
    cosso.Cox.Parallel: no visible global function definition for
     ‘clusterEvalQ’
    cosso.Cox.Parallel: no visible global function definition for
     ‘clusterApplyLB’
    cosso.Cox.Parallel: no visible global function definition for
     ‘stopCluster’
    cosso.qr.Parallel: no visible global function definition for
     ‘makeCluster’
    cosso.qr.Parallel: no visible global function definition for
     ‘clusterEvalQ’
    cosso.qr.Parallel: no visible global function definition for
     ‘clusterApplyLB’
    cosso.qr.Parallel: no visible global function definition for
     ‘stopCluster’
    cvlam.logistic: no visible global function definition for ‘cv.glmnet’
    garrote.Logistic: no visible global function definition for ‘solve.QP’
    garrote.qr: no visible global function definition for ‘Rglpk_solve_LP’
    kqr: no visible global function definition for ‘solve.QP’
    sspline.Binomial: no visible global function definition for ‘glmnet’
    sspline.Cox: no visible global function definition for ‘glmnet’
    tune.cosso.Cox: no visible global function definition for ‘makeCluster’
    tune.cosso.Cox: no visible global function definition for
     ‘clusterEvalQ’
    tune.cosso.Cox: no visible global function definition for
     ‘clusterApplyLB’
    tune.cosso.Cox: no visible global function definition for ‘stopCluster’
    tune.cosso.qr: no visible global function definition for ‘makeCluster’
    tune.cosso.qr: no visible global function definition for ‘clusterEvalQ’
    tune.cosso.qr: no visible global function definition for
     ‘clusterApplyLB’
    tune.cosso.qr: no visible global function definition for ‘stopCluster’
    twostep.Gaussian: no visible global function definition for ‘solve.QP’
Flavors: r-devel-linux-x86_64-debian-clang, r-devel-linux-x86_64-debian-gcc, r-devel-linux-x86_64-fedora-clang, r-devel-linux-x86_64-fedora-gcc, r-devel-osx-x86_64-clang, r-devel-windows-ix86+x86_64, r-patched-linux-x86_64, r-patched-solaris-sparc, r-patched-solaris-x86

Version: 2.1-1
Check: dependencies in R code
Result: NOTE
    'library' or 'require' calls to packages already attached by Depends:
     ‘Rglpk’ ‘glmnet’ ‘quadprog’
     Please remove these calls from your code.
    Packages in Depends field not imported from:
     ‘Rglpk’ ‘glmnet’ ‘quadprog’
     These packages need to be imported from (in the NAMESPACE file)
     for when this namespace is loaded but not attached.
    See the information on DESCRIPTION files in the chapter ‘Creating R
    packages’ of the ‘Writing R Extensions’ manual.
Flavors: r-release-linux-ix86, r-release-linux-x86_64, r-release-osx-x86_64-mavericks, r-release-windows-ix86+x86_64, r-oldrel-windows-ix86+x86_64

Version: 2.1-1
Check: dependencies in R code
Result: NOTE
    'library' or 'require' calls to packages already attached by Depends:
     'Rglpk' 'glmnet' 'quadprog'
     Please remove these calls from your code.
    See the information on DESCRIPTION files in the chapter 'Creating R
    packages' of the 'Writing R Extensions' manual.
Flavor: r-release-osx-x86_64-snowleopard