CRAN Package Check Results for Package cosso

Last updated on 2014-07-22 23:48:16.

Flavor Version Tinstall Tcheck Ttotal Status Flags
r-devel-linux-x86_64-debian-clang 2.1-1 3.54 47.29 50.82 NOTE
r-devel-linux-x86_64-debian-gcc 2.1-1 3.42 45.91 49.34 NOTE
r-devel-linux-x86_64-fedora-clang 2.1-1 120.53 NOTE
r-devel-linux-x86_64-fedora-gcc 2.1-1 112.16 NOTE
r-devel-osx-x86_64-clang 2.1-1 94.73 NOTE
r-devel-windows-ix86+x86_64 2.1-1 10.00 73.00 83.00 NOTE
r-patched-linux-x86_64 2.1-1 3.45 46.62 50.07 NOTE
r-patched-solaris-sparc 2.1-1 637.40 NOTE
r-patched-solaris-x86 2.1-1 146.60 NOTE
r-release-linux-ix86 2.1-1 4.32 59.38 63.70 NOTE
r-release-linux-x86_64 2.1-1 3.56 47.59 51.15 NOTE
r-release-osx-x86_64-mavericks 2.1-1 NOTE
r-release-osx-x86_64-snowleopard 2.1-1 NOTE
r-release-windows-ix86+x86_64 2.1-1 8.00 75.00 83.00 NOTE
r-oldrel-windows-ix86+x86_64 2.1-1 8.00 69.00 77.00 NOTE

Check Details

Version: 2.1-1
Check: dependencies in R code
Result: NOTE
    'library' or 'require' calls to packages already attached by Depends:
     ‘Rglpk’ ‘glmnet’ ‘quadprog’
     Please remove these calls from your code.
    Packages in Depends field not imported from:
     ‘Rglpk’ ‘glmnet’ ‘quadprog’
     These packages need to be imported from (in the NAMESPACE file)
     for when this namespace is loaded but not attached.
    See the information on DESCRIPTION files in the chapter ‘Creating R
    packages’ of the ‘Writing R Extensions’ manual.
Flavors: r-devel-linux-x86_64-debian-clang, r-devel-linux-x86_64-debian-gcc, r-devel-linux-x86_64-fedora-clang, r-devel-linux-x86_64-fedora-gcc, r-devel-osx-x86_64-clang, r-devel-windows-ix86+x86_64, r-patched-linux-x86_64, r-patched-solaris-sparc, r-patched-solaris-x86, r-release-linux-ix86, r-release-linux-x86_64, r-release-osx-x86_64-mavericks, r-release-windows-ix86+x86_64, r-oldrel-windows-ix86+x86_64

Version: 2.1-1
Check: dependencies in R code
Result: NOTE
    'library' or 'require' calls to packages already attached by Depends:
     'Rglpk' 'glmnet' 'quadprog'
     Please remove these calls from your code.
    See the information on DESCRIPTION files in the chapter 'Creating R
    packages' of the 'Writing R Extensions' manual.
Flavor: r-release-osx-x86_64-snowleopard