CRAN Package Check Results for Package cosso

Last updated on 2015-05-28 19:47:14.

Flavor Version Tinstall Tcheck Ttotal Status Flags
r-devel-linux-x86_64-debian-clang 2.1-1 2.75 38.95 41.70 NOTE
r-devel-linux-x86_64-debian-gcc 2.1-1 2.78 37.61 40.39 NOTE
r-devel-linux-x86_64-fedora-clang 2.1-1 84.16 NOTE
r-devel-linux-x86_64-fedora-gcc 2.1-1 78.13 NOTE
r-devel-osx-x86_64-clang 2.1-1 71.48 NOTE
r-devel-windows-ix86+x86_64 2.1-1 8.00 56.00 64.00 NOTE
r-patched-linux-x86_64 2.1-1 2.86 38.86 41.72 NOTE
r-patched-solaris-sparc 2.1-1 518.60 NOTE
r-patched-solaris-x86 2.1-1 112.30 NOTE
r-release-linux-x86_64 2.1-1 2.71 38.32 41.04 NOTE
r-release-osx-x86_64-mavericks 2.1-1 NOTE
r-release-osx-x86_64-snowleopard 2.1-1 NOTE
r-release-windows-ix86+x86_64 2.1-1 8.00 53.00 61.00 NOTE
r-oldrel-windows-ix86+x86_64 2.1-1 10.00 67.00 77.00 NOTE

Check Details

Version: 2.1-1
Check: DESCRIPTION meta-information
Result: NOTE
    Malformed Title field: should not end in a period.
Flavors: r-devel-linux-x86_64-debian-clang, r-devel-linux-x86_64-debian-gcc, r-devel-linux-x86_64-fedora-clang, r-devel-linux-x86_64-fedora-gcc, r-devel-osx-x86_64-clang, r-devel-windows-ix86+x86_64, r-patched-linux-x86_64, r-patched-solaris-sparc, r-patched-solaris-x86, r-release-linux-x86_64, r-release-osx-x86_64-mavericks, r-release-osx-x86_64-snowleopard, r-release-windows-ix86+x86_64

Version: 2.1-1
Check: dependencies in R code
Result: NOTE
    Packages in Depends field not imported from:
     ‘Rglpk’ ‘glmnet’ ‘parallel’ ‘quadprog’
     These packages need to be imported from (in the NAMESPACE file)
     for when this namespace is loaded but not attached.
Flavors: r-devel-linux-x86_64-debian-clang, r-devel-linux-x86_64-debian-gcc, r-devel-linux-x86_64-fedora-clang, r-devel-linux-x86_64-fedora-gcc, r-devel-osx-x86_64-clang, r-devel-windows-ix86+x86_64, r-patched-linux-x86_64, r-patched-solaris-sparc, r-patched-solaris-x86, r-release-linux-x86_64, r-release-osx-x86_64-mavericks, r-release-osx-x86_64-snowleopard, r-release-windows-ix86+x86_64, r-oldrel-windows-ix86+x86_64

Version: 2.1-1
Check: R code for possible problems
Result: NOTE
    My_solve.QP: no visible global function definition for ‘solve.QP’
    SSANOVAwt.qr: no visible global function definition for ‘makeCluster’
    SSANOVAwt.qr: no visible global function definition for ‘clusterEvalQ’
    SSANOVAwt.qr: no visible global function definition for
     ‘clusterApplyLB’
    SSANOVAwt.qr: no visible global function definition for ‘stopCluster’
    cosso.Cox.Parallel: no visible global function definition for
     ‘makeCluster’
    cosso.Cox.Parallel: no visible global function definition for
     ‘clusterEvalQ’
    cosso.Cox.Parallel: no visible global function definition for
     ‘clusterApplyLB’
    cosso.Cox.Parallel: no visible global function definition for
     ‘stopCluster’
    cosso.qr.Parallel: no visible global function definition for
     ‘makeCluster’
    cosso.qr.Parallel: no visible global function definition for
     ‘clusterEvalQ’
    cosso.qr.Parallel: no visible global function definition for
     ‘clusterApplyLB’
    cosso.qr.Parallel: no visible global function definition for
     ‘stopCluster’
    cvlam.logistic: no visible global function definition for ‘cv.glmnet’
    garrote.Logistic: no visible global function definition for ‘solve.QP’
    garrote.qr: no visible global function definition for ‘Rglpk_solve_LP’
    kqr: no visible global function definition for ‘solve.QP’
    sspline.Binomial: no visible global function definition for ‘glmnet’
    sspline.Cox: no visible global function definition for ‘glmnet’
    tune.cosso.Cox: no visible global function definition for ‘makeCluster’
    tune.cosso.Cox: no visible global function definition for
     ‘clusterEvalQ’
    tune.cosso.Cox: no visible global function definition for
     ‘clusterApplyLB’
    tune.cosso.Cox: no visible global function definition for ‘stopCluster’
    tune.cosso.qr: no visible global function definition for ‘makeCluster’
    tune.cosso.qr: no visible global function definition for ‘clusterEvalQ’
    tune.cosso.qr: no visible global function definition for
     ‘clusterApplyLB’
    tune.cosso.qr: no visible global function definition for ‘stopCluster’
    twostep.Gaussian: no visible global function definition for ‘solve.QP’
Flavors: r-devel-linux-x86_64-debian-clang, r-devel-linux-x86_64-debian-gcc, r-devel-linux-x86_64-fedora-clang, r-devel-linux-x86_64-fedora-gcc, r-devel-osx-x86_64-clang, r-devel-windows-ix86+x86_64, r-patched-linux-x86_64, r-patched-solaris-sparc, r-patched-solaris-x86, r-release-linux-x86_64, r-release-osx-x86_64-mavericks, r-release-osx-x86_64-snowleopard, r-release-windows-ix86+x86_64, r-oldrel-windows-ix86+x86_64