CRAN Package Check Results for Package cosso

Last updated on 2015-08-01 21:47:10.

Flavor Version Tinstall Tcheck Ttotal Status Flags
r-devel-linux-x86_64-debian-clang 2.1-1 3.82 37.76 41.59 NOTE
r-devel-linux-x86_64-debian-gcc 2.1-1 2.64 37.10 39.75 NOTE
r-devel-linux-x86_64-fedora-clang 2.1-1 80.06 NOTE
r-devel-linux-x86_64-fedora-gcc 2.1-1 75.87 NOTE
r-devel-osx-x86_64-clang 2.1-1 69.42 NOTE
r-devel-windows-ix86+x86_64 2.1-1 11.00 78.00 89.00 NOTE
r-patched-linux-x86_64 2.1-1 2.68 39.29 41.97 NOTE
r-patched-solaris-sparc 2.1-1 514.60 NOTE
r-patched-solaris-x86 2.1-1 111.40 NOTE
r-release-linux-x86_64 2.1-1 2.67 38.08 40.74 NOTE
r-release-osx-x86_64-mavericks 2.1-1 NOTE
r-release-windows-ix86+x86_64 2.1-1 10.00 62.00 72.00 NOTE
r-oldrel-windows-ix86+x86_64 2.1-1 15.00 78.00 93.00 NOTE

Check Details

Version: 2.1-1
Check: DESCRIPTION meta-information
Result: NOTE
    Malformed Title field: should not end in a period.
Flavors: r-devel-linux-x86_64-debian-clang, r-devel-linux-x86_64-debian-gcc, r-devel-linux-x86_64-fedora-clang, r-devel-linux-x86_64-fedora-gcc, r-devel-osx-x86_64-clang, r-devel-windows-ix86+x86_64, r-patched-linux-x86_64, r-patched-solaris-sparc, r-patched-solaris-x86, r-release-linux-x86_64, r-release-osx-x86_64-mavericks, r-release-windows-ix86+x86_64

Version: 2.1-1
Check: dependencies in R code
Result: NOTE
    Packages in Depends field not imported from:
     ‘Rglpk’ ‘glmnet’ ‘parallel’ ‘quadprog’
     These packages need to be imported from (in the NAMESPACE file)
     for when this namespace is loaded but not attached.
Flavors: r-devel-linux-x86_64-debian-clang, r-devel-linux-x86_64-debian-gcc, r-devel-linux-x86_64-fedora-clang, r-devel-linux-x86_64-fedora-gcc, r-devel-osx-x86_64-clang, r-devel-windows-ix86+x86_64, r-patched-linux-x86_64, r-patched-solaris-sparc, r-patched-solaris-x86, r-release-linux-x86_64, r-release-osx-x86_64-mavericks, r-release-windows-ix86+x86_64, r-oldrel-windows-ix86+x86_64

Version: 2.1-1
Check: R code for possible problems
Result: NOTE
    My_solve.QP: no visible global function definition for ‘solve.QP’
    SSANOVAwt.Binomial: no visible binding for global variable ‘time’
    SSANOVAwt.qr: no visible global function definition for ‘makeCluster’
    SSANOVAwt.qr: no visible global function definition for ‘clusterEvalQ’
    SSANOVAwt.qr: no visible global function definition for
     ‘clusterApplyLB’
    SSANOVAwt.qr: no visible global function definition for ‘stopCluster’
    cosso.Cox.Parallel: no visible global function definition for
     ‘makeCluster’
    cosso.Cox.Parallel: no visible global function definition for
     ‘clusterEvalQ’
    cosso.Cox.Parallel: no visible global function definition for
     ‘clusterApplyLB’
    cosso.Cox.Parallel: no visible global function definition for
     ‘stopCluster’
    cosso.qr.Parallel: no visible global function definition for
     ‘makeCluster’
    cosso.qr.Parallel: no visible global function definition for
     ‘clusterEvalQ’
    cosso.qr.Parallel: no visible global function definition for
     ‘clusterApplyLB’
    cosso.qr.Parallel: no visible global function definition for
     ‘stopCluster’
    cvlam.logistic: no visible global function definition for ‘cv.glmnet’
    garrote.Logistic: no visible global function definition for ‘solve.QP’
    garrote.qr: no visible global function definition for ‘Rglpk_solve_LP’
    kqr: no visible global function definition for ‘solve.QP’
    kqr: no visible global function definition for ‘quantile’
    plot.cosso: no visible global function definition for ‘matplot’
    plot.cosso: no visible global function definition for ‘rainbow’
    plot.cosso: no visible global function definition for ‘axis’
    plot.cosso: no visible global function definition for ‘par’
    plot.cosso: no visible global function definition for ‘plot’
    plot.cosso: no visible global function definition for ‘segments’
    sspline.Binomial: no visible global function definition for ‘glmnet’
    sspline.Binomial: no visible global function definition for ‘predict’
    sspline.Cox: no visible global function definition for ‘glmnet’
    tune.cosso.Binomial: no visible binding for global variable ‘quantile’
    tune.cosso.Binomial: no visible global function definition for ‘par’
    tune.cosso.Binomial: no visible global function definition for ‘plot’
    tune.cosso.Binomial: no visible global function definition for
     ‘segments’
    tune.cosso.Binomial: no visible global function definition for ‘grey’
    tune.cosso.Binomial: no visible global function definition for ‘abline’
    tune.cosso.Binomial: no visible global function definition for ‘axis’
    tune.cosso.Binomial: no visible global function definition for
     ‘matplot’
    tune.cosso.Binomial: no visible global function definition for
     ‘rainbow’
    tune.cosso.Cox: no visible binding for global variable ‘quantile’
    tune.cosso.Cox: no visible global function definition for ‘makeCluster’
    tune.cosso.Cox: no visible global function definition for
     ‘clusterEvalQ’
    tune.cosso.Cox: no visible global function definition for
     ‘clusterApplyLB’
    tune.cosso.Cox: no visible global function definition for ‘stopCluster’
    tune.cosso.Cox: no visible global function definition for ‘par’
    tune.cosso.Cox: no visible global function definition for ‘plot’
    tune.cosso.Cox: no visible global function definition for ‘segments’
    tune.cosso.Cox: no visible global function definition for ‘grey’
    tune.cosso.Cox: no visible global function definition for ‘abline’
    tune.cosso.Cox: no visible global function definition for ‘axis’
    tune.cosso.Cox: no visible global function definition for ‘matplot’
    tune.cosso.Cox: no visible global function definition for ‘rainbow’
    tune.cosso.Gaussian: no visible binding for global variable ‘quantile’
    tune.cosso.Gaussian: no visible global function definition for ‘par’
    tune.cosso.Gaussian: no visible global function definition for ‘plot’
    tune.cosso.Gaussian: no visible global function definition for
     ‘segments’
    tune.cosso.Gaussian: no visible global function definition for ‘grey’
    tune.cosso.Gaussian: no visible global function definition for ‘abline’
    tune.cosso.Gaussian: no visible global function definition for ‘axis’
    tune.cosso.Gaussian: no visible global function definition for
     ‘matplot’
    tune.cosso.Gaussian: no visible global function definition for
     ‘rainbow’
    tune.cosso.qr: no visible binding for global variable ‘quantile’
    tune.cosso.qr: no visible global function definition for ‘makeCluster’
    tune.cosso.qr: no visible global function definition for ‘clusterEvalQ’
    tune.cosso.qr: no visible global function definition for
     ‘clusterApplyLB’
    tune.cosso.qr: no visible global function definition for ‘stopCluster’
    tune.cosso.qr: no visible global function definition for ‘par’
    tune.cosso.qr: no visible global function definition for ‘plot’
    tune.cosso.qr: no visible global function definition for ‘segments’
    tune.cosso.qr: no visible global function definition for ‘grey’
    tune.cosso.qr: no visible global function definition for ‘abline’
    tune.cosso.qr: no visible global function definition for ‘axis’
    tune.cosso.qr: no visible global function definition for ‘matplot’
    tune.cosso.qr: no visible global function definition for ‘rainbow’
    twostep.Gaussian: no visible global function definition for ‘solve.QP’
    Undefined global functions or variables:
     Rglpk_solve_LP abline axis clusterApplyLB clusterEvalQ cv.glmnet
     glmnet grey makeCluster matplot par plot predict quantile rainbow
     segments solve.QP stopCluster time
    Consider adding
     importFrom("grDevices", "grey", "rainbow")
     importFrom("graphics", "abline", "axis", "matplot", "par", "plot",
     "segments")
     importFrom("stats", "predict", "quantile", "time")
    to your NAMESPACE.
Flavors: r-devel-linux-x86_64-debian-clang, r-devel-linux-x86_64-debian-gcc, r-devel-linux-x86_64-fedora-clang, r-devel-linux-x86_64-fedora-gcc, r-devel-windows-ix86+x86_64

Version: 2.1-1
Check: R code for possible problems
Result: NOTE
    My_solve.QP: no visible global function definition for ‘solve.QP’
    SSANOVAwt.qr: no visible global function definition for ‘makeCluster’
    SSANOVAwt.qr: no visible global function definition for ‘clusterEvalQ’
    SSANOVAwt.qr: no visible global function definition for
     ‘clusterApplyLB’
    SSANOVAwt.qr: no visible global function definition for ‘stopCluster’
    cosso.Cox.Parallel: no visible global function definition for
     ‘makeCluster’
    cosso.Cox.Parallel: no visible global function definition for
     ‘clusterEvalQ’
    cosso.Cox.Parallel: no visible global function definition for
     ‘clusterApplyLB’
    cosso.Cox.Parallel: no visible global function definition for
     ‘stopCluster’
    cosso.qr.Parallel: no visible global function definition for
     ‘makeCluster’
    cosso.qr.Parallel: no visible global function definition for
     ‘clusterEvalQ’
    cosso.qr.Parallel: no visible global function definition for
     ‘clusterApplyLB’
    cosso.qr.Parallel: no visible global function definition for
     ‘stopCluster’
    cvlam.logistic: no visible global function definition for ‘cv.glmnet’
    garrote.Logistic: no visible global function definition for ‘solve.QP’
    garrote.qr: no visible global function definition for ‘Rglpk_solve_LP’
    kqr: no visible global function definition for ‘solve.QP’
    sspline.Binomial: no visible global function definition for ‘glmnet’
    sspline.Cox: no visible global function definition for ‘glmnet’
    tune.cosso.Cox: no visible global function definition for ‘makeCluster’
    tune.cosso.Cox: no visible global function definition for
     ‘clusterEvalQ’
    tune.cosso.Cox: no visible global function definition for
     ‘clusterApplyLB’
    tune.cosso.Cox: no visible global function definition for ‘stopCluster’
    tune.cosso.qr: no visible global function definition for ‘makeCluster’
    tune.cosso.qr: no visible global function definition for ‘clusterEvalQ’
    tune.cosso.qr: no visible global function definition for
     ‘clusterApplyLB’
    tune.cosso.qr: no visible global function definition for ‘stopCluster’
    twostep.Gaussian: no visible global function definition for ‘solve.QP’
    Undefined global functions or variables:
     Rglpk_solve_LP clusterApplyLB clusterEvalQ cv.glmnet glmnet
     makeCluster solve.QP stopCluster
Flavor: r-devel-osx-x86_64-clang

Version: 2.1-1
Check: R code for possible problems
Result: NOTE
    My_solve.QP: no visible global function definition for ‘solve.QP’
    SSANOVAwt.qr: no visible global function definition for ‘makeCluster’
    SSANOVAwt.qr: no visible global function definition for ‘clusterEvalQ’
    SSANOVAwt.qr: no visible global function definition for
     ‘clusterApplyLB’
    SSANOVAwt.qr: no visible global function definition for ‘stopCluster’
    cosso.Cox.Parallel: no visible global function definition for
     ‘makeCluster’
    cosso.Cox.Parallel: no visible global function definition for
     ‘clusterEvalQ’
    cosso.Cox.Parallel: no visible global function definition for
     ‘clusterApplyLB’
    cosso.Cox.Parallel: no visible global function definition for
     ‘stopCluster’
    cosso.qr.Parallel: no visible global function definition for
     ‘makeCluster’
    cosso.qr.Parallel: no visible global function definition for
     ‘clusterEvalQ’
    cosso.qr.Parallel: no visible global function definition for
     ‘clusterApplyLB’
    cosso.qr.Parallel: no visible global function definition for
     ‘stopCluster’
    cvlam.logistic: no visible global function definition for ‘cv.glmnet’
    garrote.Logistic: no visible global function definition for ‘solve.QP’
    garrote.qr: no visible global function definition for ‘Rglpk_solve_LP’
    kqr: no visible global function definition for ‘solve.QP’
    sspline.Binomial: no visible global function definition for ‘glmnet’
    sspline.Cox: no visible global function definition for ‘glmnet’
    tune.cosso.Cox: no visible global function definition for ‘makeCluster’
    tune.cosso.Cox: no visible global function definition for
     ‘clusterEvalQ’
    tune.cosso.Cox: no visible global function definition for
     ‘clusterApplyLB’
    tune.cosso.Cox: no visible global function definition for ‘stopCluster’
    tune.cosso.qr: no visible global function definition for ‘makeCluster’
    tune.cosso.qr: no visible global function definition for ‘clusterEvalQ’
    tune.cosso.qr: no visible global function definition for
     ‘clusterApplyLB’
    tune.cosso.qr: no visible global function definition for ‘stopCluster’
    twostep.Gaussian: no visible global function definition for ‘solve.QP’
Flavors: r-patched-linux-x86_64, r-patched-solaris-sparc, r-patched-solaris-x86, r-release-linux-x86_64, r-release-osx-x86_64-mavericks, r-release-windows-ix86+x86_64, r-oldrel-windows-ix86+x86_64