CRAN Package Check Results for Package cosso

Last updated on 2015-04-26 03:47:28.

Flavor Version Tinstall Tcheck Ttotal Status Flags
r-devel-linux-x86_64-debian-clang 2.1-1 2.78 38.32 41.10 NOTE
r-devel-linux-x86_64-debian-gcc 2.1-1 2.74 38.07 40.82 NOTE
r-devel-linux-x86_64-fedora-clang 2.1-1 82.88 NOTE
r-devel-linux-x86_64-fedora-gcc 2.1-1 81.54 NOTE
r-devel-osx-x86_64-clang 2.1-1 71.29 NOTE
r-devel-windows-ix86+x86_64 2.1-1 7.00 60.00 67.00 NOTE
r-patched-linux-x86_64 2.1-1 2.65 37.80 40.45 NOTE
r-patched-solaris-sparc 2.1-1 514.30 NOTE
r-patched-solaris-x86 2.1-1 112.20 NOTE
r-release-linux-x86_64 2.1-1 2.68 37.90 40.58 NOTE
r-release-osx-x86_64-mavericks 2.1-1 ERROR
r-release-osx-x86_64-snowleopard 2.1-1 NOTE
r-release-windows-ix86+x86_64 2.1-1 9.00 55.00 64.00 NOTE
r-oldrel-windows-ix86+x86_64 2.1-1 11.00 76.00 87.00 NOTE

Check Details

Version: 2.1-1
Check: DESCRIPTION meta-information
Result: NOTE
    Malformed Title field: should not end in a period.
Flavors: r-devel-windows-ix86+x86_64, r-release-windows-ix86+x86_64

Version: 2.1-1
Check: dependencies in R code
Result: NOTE
    Packages in Depends field not imported from:
     'Rglpk' 'glmnet' 'parallel' 'quadprog'
     These packages need to be imported from (in the NAMESPACE file)
     for when this namespace is loaded but not attached.
Flavors: r-devel-windows-ix86+x86_64, r-release-windows-ix86+x86_64, r-oldrel-windows-ix86+x86_64

Version: 2.1-1
Check: R code for possible problems
Result: NOTE
    My_solve.QP: no visible global function definition for 'solve.QP'
    SSANOVAwt.qr: no visible global function definition for 'makeCluster'
    SSANOVAwt.qr: no visible global function definition for 'clusterEvalQ'
    SSANOVAwt.qr: no visible global function definition for
     'clusterApplyLB'
    SSANOVAwt.qr: no visible global function definition for 'stopCluster'
    cosso.Cox.Parallel: no visible global function definition for
     'makeCluster'
    cosso.Cox.Parallel: no visible global function definition for
     'clusterEvalQ'
    cosso.Cox.Parallel: no visible global function definition for
     'clusterApplyLB'
    cosso.Cox.Parallel: no visible global function definition for
     'stopCluster'
    cosso.qr.Parallel: no visible global function definition for
     'makeCluster'
    cosso.qr.Parallel: no visible global function definition for
     'clusterEvalQ'
    cosso.qr.Parallel: no visible global function definition for
     'clusterApplyLB'
    cosso.qr.Parallel: no visible global function definition for
     'stopCluster'
    cvlam.logistic: no visible global function definition for 'cv.glmnet'
    garrote.Logistic: no visible global function definition for 'solve.QP'
    garrote.qr: no visible global function definition for 'Rglpk_solve_LP'
    kqr: no visible global function definition for 'solve.QP'
    sspline.Binomial: no visible global function definition for 'glmnet'
    sspline.Cox: no visible global function definition for 'glmnet'
    tune.cosso.Cox: no visible global function definition for 'makeCluster'
    tune.cosso.Cox: no visible global function definition for
     'clusterEvalQ'
    tune.cosso.Cox: no visible global function definition for
     'clusterApplyLB'
    tune.cosso.Cox: no visible global function definition for 'stopCluster'
    tune.cosso.qr: no visible global function definition for 'makeCluster'
    tune.cosso.qr: no visible global function definition for 'clusterEvalQ'
    tune.cosso.qr: no visible global function definition for
     'clusterApplyLB'
    tune.cosso.qr: no visible global function definition for 'stopCluster'
    twostep.Gaussian: no visible global function definition for 'solve.QP'
Flavors: r-devel-windows-ix86+x86_64, r-release-windows-ix86+x86_64, r-oldrel-windows-ix86+x86_64