CRAN Package Check Results for Package costat

Last updated on 2014-08-21 17:46:43.

Flavor Version Tinstall Tcheck Ttotal Status Flags
r-devel-linux-x86_64-debian-clang 2.3 0.96 15.20 16.16 NOTE
r-devel-linux-x86_64-debian-gcc 2.3 1.28 15.17 16.45 NOTE
r-devel-linux-x86_64-fedora-clang 2.3 34.11 NOTE
r-devel-linux-x86_64-fedora-gcc 2.3 30.85 NOTE
r-devel-osx-x86_64-clang 2.3 34.13 NOTE
r-devel-windows-ix86+x86_64 2.3 4.00 28.00 32.00 NOTE
r-patched-linux-x86_64 2.3 1.02 15.54 16.56 NOTE
r-patched-solaris-sparc 2.3 216.20 NOTE
r-patched-solaris-x86 2.3 46.40 NOTE
r-release-linux-ix86 2.3 1.39 23.40 24.78 NOTE
r-release-linux-x86_64 2.3 1.01 15.87 16.88 NOTE
r-release-osx-x86_64-mavericks 2.3 NOTE
r-release-osx-x86_64-snowleopard 2.3 OK
r-release-windows-ix86+x86_64 2.3 3.00 30.00 33.00 NOTE
r-oldrel-windows-ix86+x86_64 2.3 4.00 30.00 34.00 NOTE

Check Details

Version: 2.3
Check: dependencies in R code
Result: NOTE
    Package in Depends field not imported from: ‘wavethresh’
     These packages need to be imported from (in the NAMESPACE file)
     for when this namespace is loaded but not attached.
    See the information on DESCRIPTION files in the chapter ‘Creating R
    packages’ of the ‘Writing R Extensions’ manual.
Flavors: r-devel-linux-x86_64-debian-clang, r-devel-linux-x86_64-debian-gcc, r-devel-linux-x86_64-fedora-clang, r-devel-linux-x86_64-fedora-gcc, r-devel-osx-x86_64-clang, r-devel-windows-ix86+x86_64, r-patched-linux-x86_64, r-patched-solaris-sparc, r-patched-solaris-x86, r-release-linux-ix86, r-release-linux-x86_64, r-release-osx-x86_64-mavericks, r-release-windows-ix86+x86_64, r-oldrel-windows-ix86+x86_64

Version: 2.3
Check: R code for possible problems
Result: NOTE
    AntiAR: no visible global function definition for ‘first.last’
    BootTOS: no visible global function definition for ‘ewspec’
    BootTOS : bsfn: no visible global function definition for ‘LSWsim’
    BootTOS : bsfn: no visible global function definition for ‘ewspec’
    EWSsmoothRM: no visible global function definition for ‘accessD’
    EWSsmoothRM: no visible global function definition for ‘putD’
    LCTS: no visible global function definition for ‘ewspec’
    LCTSres: no visible global function definition for ‘ewspec’
    coeftofn: no visible global function definition for ‘wd’
    coeftofn: no visible global function definition for ‘wr’
    findstysols: no visible global function definition for ‘IsPowerOfTwo’
    lacv: no visible global function definition for ‘ewspec’
    lacv: no visible global function definition for ‘PsiJmat’
Flavors: r-devel-linux-x86_64-fedora-clang, r-devel-linux-x86_64-fedora-gcc, r-devel-osx-x86_64-clang