CRAN Package Check Results for Package costat

Last updated on 2014-04-23 07:54:56.

Flavor Version Tinstall Tcheck Ttotal Status Flags
r-devel-linux-x86_64-debian-clang 2.3 1.04 16.36 17.40 NOTE
r-devel-linux-x86_64-debian-gcc 2.3 1.21 16.20 17.40 NOTE
r-devel-linux-x86_64-fedora-clang 2.3 33.14 NOTE
r-devel-linux-x86_64-fedora-gcc 2.3 32.46 NOTE
r-devel-osx-x86_64-clang 2.3 33.24 NOTE
r-devel-osx-x86_64-gcc 2.3 NOTE
r-devel-windows-ix86+x86_64 2.3 3.00 27.00 30.00 NOTE
r-patched-linux-x86_64 2.3 0.99 16.52 17.51 NOTE
r-patched-solaris-sparc 2.3 207.20 NOTE
r-patched-solaris-x86 2.3 48.00 NOTE
r-release-linux-ix86 2.3 2.00 33.00 35.00 NOTE
r-release-linux-x86_64 2.3 1.12 16.59 17.71 NOTE
r-release-osx-x86_64-mavericks 2.3 WARN
r-release-osx-x86_64-snowleopard 2.3 OK
r-release-windows-ix86+x86_64 2.3 4.00 29.00 33.00 NOTE
r-oldrel-windows-ix86+x86_64 2.3 3.00 30.00 33.00 NOTE

Check Details

Version: 2.3
Check: dependencies in R code
Result: NOTE
    Package in Depends field not imported from: ‘wavethresh’
     These packages need to be imported from (in the NAMESPACE file)
     for when this namespace is loaded but not attached.
    See the information on DESCRIPTION files in the chapter ‘Creating R
    packages’ of the ‘Writing R Extensions’ manual.
Flavors: r-devel-linux-x86_64-debian-clang, r-devel-linux-x86_64-debian-gcc, r-devel-linux-x86_64-fedora-clang, r-devel-linux-x86_64-fedora-gcc, r-devel-osx-x86_64-clang, r-devel-osx-x86_64-gcc, r-devel-windows-ix86+x86_64, r-patched-linux-x86_64, r-patched-solaris-sparc, r-patched-solaris-x86, r-release-linux-ix86, r-release-linux-x86_64, r-release-osx-x86_64-mavericks, r-release-windows-ix86+x86_64, r-oldrel-windows-ix86+x86_64

Version: 2.3
Check: PDF version of manual
Result: WARNING
    LaTeX errors when creating PDF version.
    This typically indicates Rd problems.
    LaTeX errors found:
    ! LaTeX Error: File `upquote.sty' not found.
    
    Type X to quit or <RETURN> to proceed,
    or enter new name. (Default extension: sty)
    
    fd91e13/Rd2.tex:8: ==> Fatal error occurred, no output PDF file produced!
Flavor: r-release-osx-x86_64-mavericks