CRAN Package Check Results for Package costat

Last updated on 2015-01-30 03:48:59.

Flavor Version Tinstall Tcheck Ttotal Status Flags
r-devel-linux-x86_64-debian-clang 2.3 0.99 16.12 17.11 NOTE
r-devel-linux-x86_64-debian-gcc 2.3 0.95 14.89 15.84 NOTE
r-devel-linux-x86_64-fedora-clang 2.3 34.21 NOTE
r-devel-linux-x86_64-fedora-gcc 2.3 32.72 NOTE
r-devel-osx-x86_64-clang 2.3 42.82 NOTE
r-devel-windows-ix86+x86_64 2.3 6.00 25.00 31.00 NOTE
r-patched-linux-x86_64 2.3 1.01 16.72 17.74 NOTE
r-patched-solaris-sparc 2.3 224.30 NOTE
r-patched-solaris-x86 2.3 50.80 NOTE
r-release-linux-ix86 2.3 1.32 23.57 24.89 NOTE
r-release-linux-x86_64 2.3 1.02 16.91 17.93 NOTE
r-release-osx-x86_64-mavericks 2.3 NOTE
r-release-osx-x86_64-snowleopard 2.3 OK
r-release-windows-ix86+x86_64 2.3 4.00 31.00 35.00 NOTE
r-oldrel-windows-ix86+x86_64 2.3 4.00 27.00 31.00 NOTE

Check Details

Version: 2.3
Check: dependencies in R code
Result: NOTE
    Package in Depends field not imported from: ‘wavethresh’
     These packages need to be imported from (in the NAMESPACE file)
     for when this namespace is loaded but not attached.
Flavors: r-devel-linux-x86_64-debian-clang, r-devel-linux-x86_64-debian-gcc, r-devel-linux-x86_64-fedora-clang, r-devel-linux-x86_64-fedora-gcc, r-devel-osx-x86_64-clang, r-devel-windows-ix86+x86_64

Version: 2.3
Check: S3 generic/method consistency
Result: NOTE
    Found the following apparent S3 methods exported but not registered:
     plot.BootTOS
    See section ‘Registering S3 methods’ in the ‘Writing R Extensions’
    manual.
Flavors: r-devel-linux-x86_64-debian-clang, r-devel-linux-x86_64-debian-gcc, r-devel-linux-x86_64-fedora-clang, r-devel-linux-x86_64-fedora-gcc, r-devel-osx-x86_64-clang

Version: 2.3
Check: R code for possible problems
Result: NOTE
    AntiAR: no visible global function definition for ‘first.last’
    BootTOS: no visible global function definition for ‘ewspec’
    BootTOS : bsfn: no visible global function definition for ‘LSWsim’
    BootTOS : bsfn: no visible global function definition for ‘ewspec’
    EWSsmoothRM: no visible global function definition for ‘accessD’
    EWSsmoothRM: no visible global function definition for ‘putD’
    LCTS: no visible global function definition for ‘ewspec’
    LCTSres: no visible global function definition for ‘ewspec’
    coeftofn: no visible global function definition for ‘wd’
    coeftofn: no visible global function definition for ‘wr’
    findstysols: no visible global function definition for ‘IsPowerOfTwo’
    lacv: no visible global function definition for ‘ewspec’
    lacv: no visible global function definition for ‘PsiJmat’
Flavors: r-devel-linux-x86_64-debian-clang, r-devel-linux-x86_64-debian-gcc, r-devel-linux-x86_64-fedora-clang, r-devel-linux-x86_64-fedora-gcc, r-devel-osx-x86_64-clang, r-devel-windows-ix86+x86_64, r-patched-linux-x86_64, r-patched-solaris-sparc, r-patched-solaris-x86, r-release-linux-ix86, r-release-linux-x86_64, r-release-osx-x86_64-mavericks, r-release-windows-ix86+x86_64

Version: 2.3
Check: dependencies in R code
Result: NOTE
    Package in Depends field not imported from: ‘wavethresh’
     These packages need to be imported from (in the NAMESPACE file)
     for when this namespace is loaded but not attached.
    See the information on DESCRIPTION files in the chapter ‘Creating R
    packages’ of the ‘Writing R Extensions’ manual.
Flavors: r-patched-linux-x86_64, r-patched-solaris-sparc, r-patched-solaris-x86, r-release-linux-ix86, r-release-linux-x86_64, r-release-osx-x86_64-mavericks, r-release-windows-ix86+x86_64, r-oldrel-windows-ix86+x86_64