CRAN Package Check Results for Package costat

Last updated on 2014-07-26 03:50:03.

Flavor Version Tinstall Tcheck Ttotal Status Flags
r-devel-linux-x86_64-debian-clang 2.3 0.97 15.48 16.44 NOTE
r-devel-linux-x86_64-debian-gcc 2.3 0.95 15.44 16.39 NOTE
r-devel-linux-x86_64-fedora-clang 2.3 33.59 NOTE
r-devel-linux-x86_64-fedora-gcc 2.3 31.74 NOTE
r-devel-osx-x86_64-clang 2.3 34.82 NOTE
r-devel-windows-ix86+x86_64 2.3 4.00 27.00 31.00 NOTE
r-patched-linux-x86_64 2.3 0.93 15.23 16.16 NOTE
r-patched-solaris-sparc 2.3 207.20 NOTE
r-patched-solaris-x86 2.3 47.30 NOTE
r-release-linux-ix86 2.3 1.38 23.55 24.93 NOTE
r-release-linux-x86_64 2.3 1.00 15.76 16.76 NOTE
r-release-osx-x86_64-mavericks 2.3 NOTE
r-release-osx-x86_64-snowleopard 2.3 OK
r-release-windows-ix86+x86_64 2.3 4.00 27.00 31.00 NOTE
r-oldrel-windows-ix86+x86_64 2.3 4.00 28.00 32.00 NOTE

Check Details

Version: 2.3
Check: dependencies in R code
Result: NOTE
    Package in Depends field not imported from: ‘wavethresh’
     These packages need to be imported from (in the NAMESPACE file)
     for when this namespace is loaded but not attached.
    See the information on DESCRIPTION files in the chapter ‘Creating R
    packages’ of the ‘Writing R Extensions’ manual.
Flavors: r-devel-linux-x86_64-debian-clang, r-devel-linux-x86_64-debian-gcc, r-devel-linux-x86_64-fedora-clang, r-devel-linux-x86_64-fedora-gcc, r-devel-osx-x86_64-clang, r-devel-windows-ix86+x86_64, r-patched-linux-x86_64, r-patched-solaris-sparc, r-patched-solaris-x86, r-release-linux-ix86, r-release-linux-x86_64, r-release-osx-x86_64-mavericks, r-release-windows-ix86+x86_64, r-oldrel-windows-ix86+x86_64