CRAN Package Check Results for Package costat

Last updated on 2016-04-30 11:48:57.

Flavor Version Tinstall Tcheck Ttotal Status Flags
r-devel-linux-x86_64-debian-gcc 2.3 1.01 15.20 16.21 NOTE
r-devel-linux-x86_64-fedora-clang 2.3 27.75 NOTE
r-devel-linux-x86_64-fedora-gcc 2.3 25.94 NOTE
r-devel-osx-x86_64-clang 2.3 34.58 NOTE
r-devel-windows-ix86+x86_64 2.3 4.00 36.00 40.00 NOTE
r-patched-linux-x86_64 2.3 0.90 15.06 15.96 NOTE
r-patched-solaris-sparc 2.3 191.60 NOTE
r-patched-solaris-x86 2.3 41.20 NOTE
r-release-linux-x86_64 2.3 1.00 16.01 17.01 NOTE
r-release-osx-x86_64-mavericks 2.3 NOTE
r-release-windows-ix86+x86_64 2.3 4.00 35.00 39.00 NOTE
r-oldrel-windows-ix86+x86_64 2.3 7.00 35.00 42.00 NOTE

Check Details

Version: 2.3
Check: dependencies in R code
Result: NOTE
    Package in Depends field not imported from: ‘wavethresh’
     These packages need to be imported from (in the NAMESPACE file)
     for when this namespace is loaded but not attached.
Flavors: r-devel-linux-x86_64-debian-gcc, r-devel-linux-x86_64-fedora-clang, r-devel-linux-x86_64-fedora-gcc, r-devel-osx-x86_64-clang, r-devel-windows-ix86+x86_64, r-patched-linux-x86_64, r-patched-solaris-sparc, r-patched-solaris-x86, r-release-linux-x86_64, r-release-osx-x86_64-mavericks, r-release-windows-ix86+x86_64, r-oldrel-windows-ix86+x86_64

Version: 2.3
Check: S3 generic/method consistency
Result: NOTE
    Found the following apparent S3 methods exported but not registered:
     plot.BootTOS
    See section ‘Registering S3 methods’ in the ‘Writing R Extensions’
    manual.
Flavors: r-devel-linux-x86_64-debian-gcc, r-devel-linux-x86_64-fedora-clang, r-devel-linux-x86_64-fedora-gcc, r-devel-osx-x86_64-clang, r-patched-linux-x86_64, r-patched-solaris-sparc, r-patched-solaris-x86, r-release-linux-x86_64

Version: 2.3
Check: R code for possible problems
Result: NOTE
    AntiAR: no visible global function definition for ‘first.last’
    BootTOS: no visible global function definition for ‘ewspec’
    BootTOS: no visible binding for global variable ‘var’
    BootTOS: no visible global function definition for ‘plot’
    BootTOS : bsfn: no visible global function definition for ‘LSWsim’
    BootTOS : bsfn: no visible global function definition for ‘ewspec’
    COEFbothscale: no visible global function definition for ‘dist’
    COEFbothscale: no visible global function definition for ‘cmdscale’
    COEFbothscale: no visible global function definition for ‘hclust’
    EWSsmoothRM: no visible global function definition for ‘accessD’
    EWSsmoothRM: no visible global function definition for ‘filter’
    EWSsmoothRM: no visible global function definition for ‘putD’
    LCTS: no visible global function definition for ‘ewspec’
    LCTS: no visible global function definition for ‘ts.plot’
    LCTS: no visible global function definition for ‘plot’
    LCTSres: no visible global function definition for ‘ewspec’
    LCTSres: no visible global function definition for ‘plot’
    LCTSres: no visible global function definition for ‘lines’
    LCTSres: no visible global function definition for ‘ts.plot’
    LCTSres: no visible global function definition for ‘acf’
    LCTSres: no visible global function definition for ‘spectrum’
    TOSts: no visible binding for global variable ‘var’
    coeftofn: no visible global function definition for ‘wd’
    coeftofn: no visible global function definition for ‘wr’
    findstysols: no visible binding for global variable ‘rnorm’
    findstysols: no visible global function definition for ‘IsPowerOfTwo’
    findstysols: no visible binding for global variable ‘optim’
    lacv: no visible binding for global variable ‘var’
    lacv: no visible global function definition for ‘ewspec’
    lacv: no visible global function definition for ‘PsiJmat’
    plot.csBiFunction: no visible global function definition for ‘plot’
    plot.csBiFunction: no visible global function definition for ‘lines’
    plot.csFSS: no visible global function definition for ‘plot’
    plot.csFSSgr: no visible global function definition for ‘plot’
    plot.csFSSgr: no visible global function definition for ‘text’
    plot.lacv: no visible global function definition for ‘plot’
    plot.lacv: no visible global function definition for ‘lines’
    plot.lacv: no visible global function definition for ‘text’
    plot.lacv: no visible global function definition for ‘persp’
    plot.lacv: no visible global function definition for ‘segments’
    plot.lacv: no visible global function definition for ‘abline’
    plotBS: no visible global function definition for ‘hist’
    plotBS: no visible global function definition for ‘abline’
    Undefined global functions or variables:
     IsPowerOfTwo LSWsim PsiJmat abline accessD acf cmdscale dist ewspec
     filter first.last hclust hist lines optim persp plot putD rnorm
     segments spectrum text ts.plot var wd wr
    Consider adding
     importFrom("graphics", "abline", "hist", "lines", "persp", "plot",
     "segments", "text")
     importFrom("stats", "acf", "cmdscale", "dist", "filter", "hclust",
     "optim", "rnorm", "spectrum", "ts.plot", "var")
    to your NAMESPACE file.
Flavors: r-devel-linux-x86_64-debian-gcc, r-devel-linux-x86_64-fedora-clang, r-devel-linux-x86_64-fedora-gcc, r-devel-osx-x86_64-clang, r-devel-windows-ix86+x86_64, r-patched-linux-x86_64, r-patched-solaris-sparc, r-patched-solaris-x86

Version: 2.3
Check: R code for possible problems
Result: NOTE
    AntiAR: no visible global function definition for ‘first.last’
    BootTOS: no visible global function definition for ‘ewspec’
    BootTOS : bsfn: no visible global function definition for ‘LSWsim’
    BootTOS : bsfn: no visible global function definition for ‘ewspec’
    EWSsmoothRM: no visible global function definition for ‘accessD’
    EWSsmoothRM: no visible global function definition for ‘putD’
    LCTS: no visible global function definition for ‘ewspec’
    LCTSres: no visible global function definition for ‘ewspec’
    coeftofn: no visible global function definition for ‘wd’
    coeftofn: no visible global function definition for ‘wr’
    findstysols: no visible global function definition for ‘IsPowerOfTwo’
    lacv: no visible global function definition for ‘ewspec’
    lacv: no visible global function definition for ‘PsiJmat’
Flavors: r-release-linux-x86_64, r-release-osx-x86_64-mavericks, r-release-windows-ix86+x86_64, r-oldrel-windows-ix86+x86_64