CRAN Package Check Results for Package cotrend

Last updated on 2014-11-27 21:46:29.

Flavor Version Tinstall Tcheck Ttotal Status Flags
r-devel-linux-x86_64-debian-clang 1.0 0.72 12.56 13.28 NOTE
r-devel-linux-x86_64-debian-gcc 1.0 0.69 11.65 12.34 NOTE
r-devel-linux-x86_64-fedora-clang 1.0 26.72 NOTE
r-devel-linux-x86_64-fedora-gcc 1.0 28.98 NOTE
r-devel-osx-x86_64-clang 1.0 28.67 NOTE
r-devel-windows-ix86+x86_64 1.0 3.00 20.00 23.00 NOTE
r-patched-linux-x86_64 1.0 0.73 12.67 13.40 NOTE
r-patched-solaris-sparc 1.0 149.60 NOTE
r-patched-solaris-x86 1.0 35.80 NOTE
r-release-linux-ix86 1.0 1.04 17.46 18.50 NOTE
r-release-linux-x86_64 1.0 0.73 12.21 12.94 NOTE
r-release-osx-x86_64-mavericks 1.0 OK
r-release-windows-ix86+x86_64 1.0 3.00 20.00 23.00 NOTE
r-oldrel-windows-ix86+x86_64 1.0 4.00 24.00 28.00 OK

Check Details

Version: 1.0
Check: R code for possible problems
Result: NOTE
    cotrend.default: no visible global function definition for ‘coredata’
Flavors: r-devel-linux-x86_64-debian-clang, r-devel-linux-x86_64-debian-gcc, r-devel-linux-x86_64-fedora-clang, r-devel-linux-x86_64-fedora-gcc, r-devel-osx-x86_64-clang, r-devel-windows-ix86+x86_64, r-patched-linux-x86_64, r-patched-solaris-sparc, r-patched-solaris-x86, r-release-linux-ix86, r-release-linux-x86_64, r-release-windows-ix86+x86_64