CRAN Package Check Results for Package cotrend

Last updated on 2014-10-24 14:47:19.

Flavor Version Tinstall Tcheck Ttotal Status Flags
r-devel-linux-x86_64-debian-clang 1.0 0.73 11.96 12.69 NOTE
r-devel-linux-x86_64-debian-gcc 1.0 0.71 11.98 12.69 NOTE
r-devel-linux-x86_64-fedora-clang 1.0 21.03 NOTE
r-devel-linux-x86_64-fedora-gcc 1.0 24.93 NOTE
r-devel-osx-x86_64-clang 1.0 28.29 NOTE
r-devel-windows-ix86+x86_64 1.0 2.00 21.00 23.00 NOTE
r-patched-linux-x86_64 1.0 0.74 12.33 13.07 NOTE
r-patched-solaris-sparc 1.0 149.60 NOTE
r-patched-solaris-x86 1.0 35.60 NOTE
r-release-linux-ix86 1.0 1.04 18.36 19.40 OK
r-release-linux-x86_64 1.0 0.77 12.22 12.99 OK
r-release-osx-x86_64-mavericks 1.0 OK
r-release-windows-ix86+x86_64 1.0 3.00 20.00 23.00 OK
r-oldrel-windows-ix86+x86_64 1.0 3.00 22.00 25.00 OK

Check Details

Version: 1.0
Check: R code for possible problems
Result: NOTE
    cotrend.default: no visible global function definition for ‘coredata’
Flavors: r-devel-linux-x86_64-debian-clang, r-devel-linux-x86_64-debian-gcc, r-devel-linux-x86_64-fedora-clang, r-devel-linux-x86_64-fedora-gcc, r-devel-osx-x86_64-clang, r-devel-windows-ix86+x86_64, r-patched-linux-x86_64, r-patched-solaris-sparc, r-patched-solaris-x86