CRAN Package Check Results for Package cotrend

Last updated on 2015-03-06 23:48:14.

Flavor Version Tinstall Tcheck Ttotal Status Flags
r-devel-linux-x86_64-debian-clang 1.0 0.81 10.27 11.08 NOTE
r-devel-linux-x86_64-debian-gcc 1.0 0.65 10.31 10.96 NOTE
r-devel-linux-x86_64-fedora-clang 1.0 20.82 NOTE
r-devel-linux-x86_64-fedora-gcc 1.0 19.67 NOTE
r-devel-osx-x86_64-clang 1.0 25.09 NOTE
r-devel-windows-ix86+x86_64 1.0 5.00 19.00 24.00 NOTE
r-patched-linux-x86_64 1.0 0.72 12.36 13.09 NOTE
r-patched-solaris-sparc 1.0 154.60 NOTE
r-patched-solaris-x86 1.0 36.10 NOTE
r-release-linux-ix86 1.0 1.10 18.24 19.34 NOTE
r-release-linux-x86_64 1.0 0.81 12.24 13.06 NOTE
r-release-osx-x86_64-mavericks 1.0 NOTE
r-release-windows-ix86+x86_64 1.0 4.00 22.00 26.00 NOTE
r-oldrel-windows-ix86+x86_64 1.0 3.00 26.00 29.00 OK

Check Details

Version: 1.0
Check: S3 generic/method consistency
Result: NOTE
    Found the following apparent S3 methods exported but not registered:
     cotrend.default print.cotrend
    See section ‘Registering S3 methods’ in the ‘Writing R Extensions’
    manual.
Flavors: r-devel-linux-x86_64-debian-clang, r-devel-linux-x86_64-debian-gcc, r-devel-linux-x86_64-fedora-clang, r-devel-linux-x86_64-fedora-gcc, r-devel-osx-x86_64-clang

Version: 1.0
Check: R code for possible problems
Result: NOTE
    cotrend.default: no visible global function definition for ‘coredata’
Flavors: r-devel-linux-x86_64-debian-clang, r-devel-linux-x86_64-debian-gcc, r-devel-linux-x86_64-fedora-clang, r-devel-linux-x86_64-fedora-gcc, r-devel-osx-x86_64-clang, r-devel-windows-ix86+x86_64, r-patched-linux-x86_64, r-patched-solaris-sparc, r-patched-solaris-x86, r-release-linux-ix86, r-release-linux-x86_64, r-release-osx-x86_64-mavericks, r-release-windows-ix86+x86_64