CRAN Package Check Results for Package cotrend

Last updated on 2014-04-17 06:46:47.

Flavor Version Tinstall Tcheck Ttotal Status Flags
r-devel-linux-x86_64-debian-clang 1.0 0.74 12.28 13.02 OK
r-devel-linux-x86_64-debian-gcc 1.0 0.79 12.51 13.30 OK
r-devel-linux-x86_64-fedora-clang 1.0 25.97 OK
r-devel-linux-x86_64-fedora-gcc 1.0 23.82 OK
r-devel-macosx-x86_64-clang 1.0 31.28 OK
r-devel-macosx-x86_64-gcc 1.0 ERROR
r-devel-windows-ix86+x86_64 1.0 3.00 19.00 22.00 OK
r-patched-linux-x86_64 1.0 0.75 12.56 13.31 OK
r-patched-solaris-sparc 1.0 144.90 OK
r-patched-solaris-x86 1.0 36.50 OK
r-release-linux-ix86 1.0 2.00 28.00 30.00 OK
r-release-linux-x86_64 1.0 0.88 12.90 13.78 OK
r-release-windows-ix86+x86_64 1.0 3.00 22.00 25.00 OK
r-oldrel-windows-ix86+x86_64 1.0 3.00 20.00 23.00 OK

Check Details

Version: 1.0
Check: package dependencies
Result: ERROR
    Package required but not available: ‘xts’
    
    See the information on DESCRIPTION files in the chapter ‘Creating R
    packages’ of the ‘Writing R Extensions’ manual.
Flavor: r-devel-macosx-x86_64-gcc