CRAN Package Check Results for Package cotrend

Last updated on 2017-01-16 17:49:04.

Flavor Version Tinstall Tcheck Ttotal Status Flags
r-devel-linux-x86_64-debian-clang 1.0 0.80 12.70 13.51 NOTE
r-devel-linux-x86_64-debian-gcc 1.0 1.10 12.53 13.63 NOTE
r-devel-linux-x86_64-fedora-clang 1.0 20.71 NOTE --no-stop-on-test-error
r-devel-linux-x86_64-fedora-gcc 1.0 19.94 NOTE --no-stop-on-test-error
r-devel-macos-x86_64-clang 1.0 18.82 NOTE --no-stop-on-test-error
r-devel-windows-ix86+x86_64 1.0 3.00 32.00 35.00 NOTE
r-patched-linux-x86_64 1.0 0.62 9.91 10.53 NOTE
r-patched-solaris-sparc 1.0 112.10 NOTE
r-patched-solaris-x86 1.0 24.90 NOTE
r-release-linux-x86_64 1.0 0.68 10.45 11.13 NOTE
r-release-osx-x86_64-mavericks 1.0 NOTE
r-release-windows-ix86+x86_64 1.0 5.00 27.00 32.00 NOTE
r-oldrel-windows-ix86+x86_64 1.0 3.00 31.00 34.00 NOTE

Check Details

Version: 1.0
Check: S3 generic/method consistency
Result: NOTE
    Found the following apparent S3 methods exported but not registered:
     cotrend.default print.cotrend
    See section ‘Registering S3 methods’ in the ‘Writing R Extensions’
    manual.
Flavors: r-devel-linux-x86_64-debian-clang, r-devel-linux-x86_64-debian-gcc, r-patched-linux-x86_64, r-patched-solaris-sparc, r-patched-solaris-x86, r-release-linux-x86_64

Version: 1.0
Check: R code for possible problems
Result: NOTE
    cotrend.default: no visible global function definition for ‘coredata’
    example_eq3: no visible global function definition for ‘rnorm’
    example_eq4: no visible global function definition for ‘rnorm’
    example_eq8: no visible global function definition for ‘rnorm’
    example_eq9: no visible global function definition for ‘rnorm’
    Undefined global functions or variables:
     coredata rnorm
    Consider adding
     importFrom("stats", "rnorm")
    to your NAMESPACE file.
Flavors: r-devel-linux-x86_64-debian-clang, r-devel-linux-x86_64-debian-gcc, r-devel-windows-ix86+x86_64, r-patched-linux-x86_64, r-patched-solaris-sparc, r-patched-solaris-x86, r-release-linux-x86_64, r-release-osx-x86_64-mavericks, r-release-windows-ix86+x86_64

Version: 1.0
Flags: --no-stop-on-test-error
Check: S3 generic/method consistency
Result: NOTE
    Found the following apparent S3 methods exported but not registered:
     cotrend.default print.cotrend
    See section ‘Registering S3 methods’ in the ‘Writing R Extensions’
    manual.
Flavors: r-devel-linux-x86_64-fedora-clang, r-devel-linux-x86_64-fedora-gcc, r-devel-macos-x86_64-clang

Version: 1.0
Flags: --no-stop-on-test-error
Check: R code for possible problems
Result: NOTE
    cotrend.default: no visible global function definition for ‘coredata’
    example_eq3: no visible global function definition for ‘rnorm’
    example_eq4: no visible global function definition for ‘rnorm’
    example_eq8: no visible global function definition for ‘rnorm’
    example_eq9: no visible global function definition for ‘rnorm’
    Undefined global functions or variables:
     coredata rnorm
    Consider adding
     importFrom("stats", "rnorm")
    to your NAMESPACE file.
Flavors: r-devel-linux-x86_64-fedora-clang, r-devel-linux-x86_64-fedora-gcc, r-devel-macos-x86_64-clang

Version: 1.0
Check: R code for possible problems
Result: NOTE
    cotrend.default: no visible global function definition for 'coredata'
Flavor: r-oldrel-windows-ix86+x86_64