CRAN Package Check Results for Package cotrend

Last updated on 2017-03-23 23:50:36.

Flavor Version Tinstall Tcheck Ttotal Status Flags
r-devel-linux-x86_64-debian-clang 1.0 0.80 12.90 13.70 NOTE
r-devel-linux-x86_64-debian-gcc 1.0 0.90 12.82 13.71 NOTE
r-devel-linux-x86_64-fedora-clang 1.0 20.57 NOTE --no-stop-on-test-error
r-devel-linux-x86_64-fedora-gcc 1.0 20.32 NOTE --no-stop-on-test-error
r-devel-macos-x86_64-clang 1.0 18.88 NOTE --no-stop-on-test-error
r-devel-windows-ix86+x86_64 1.0 3.00 56.00 59.00 NOTE
r-patched-linux-x86_64 1.0 0.69 10.36 11.05 NOTE
r-patched-solaris-sparc 1.0 130.60 NOTE
r-patched-solaris-x86 1.0 30.40 NOTE
r-release-linux-x86_64 1.0 0.66 9.99 10.65 NOTE
r-release-osx-x86_64-mavericks 1.0 NOTE
r-release-windows-ix86+x86_64 1.0 7.00 26.00 33.00 NOTE
r-oldrel-windows-ix86+x86_64 1.0 4.00 38.00 42.00 NOTE

Check Details

Version: 1.0
Check: S3 generic/method consistency
Result: NOTE
    Found the following apparent S3 methods exported but not registered:
     cotrend.default print.cotrend
    See section ‘Registering S3 methods’ in the ‘Writing R Extensions’
    manual.
Flavors: r-devel-linux-x86_64-debian-clang, r-devel-linux-x86_64-debian-gcc, r-patched-linux-x86_64, r-patched-solaris-sparc, r-patched-solaris-x86, r-release-linux-x86_64

Version: 1.0
Check: R code for possible problems
Result: NOTE
    cotrend.default: no visible global function definition for ‘coredata’
    example_eq3: no visible global function definition for ‘rnorm’
    example_eq4: no visible global function definition for ‘rnorm’
    example_eq8: no visible global function definition for ‘rnorm’
    example_eq9: no visible global function definition for ‘rnorm’
    Undefined global functions or variables:
     coredata rnorm
    Consider adding
     importFrom("stats", "rnorm")
    to your NAMESPACE file.
Flavors: r-devel-linux-x86_64-debian-clang, r-devel-linux-x86_64-debian-gcc, r-devel-windows-ix86+x86_64, r-patched-linux-x86_64, r-patched-solaris-sparc, r-patched-solaris-x86, r-release-linux-x86_64, r-release-osx-x86_64-mavericks, r-release-windows-ix86+x86_64

Version: 1.0
Flags: --no-stop-on-test-error
Check: S3 generic/method consistency
Result: NOTE
    Found the following apparent S3 methods exported but not registered:
     cotrend.default print.cotrend
    See section ‘Registering S3 methods’ in the ‘Writing R Extensions’
    manual.
Flavors: r-devel-linux-x86_64-fedora-clang, r-devel-linux-x86_64-fedora-gcc, r-devel-macos-x86_64-clang

Version: 1.0
Flags: --no-stop-on-test-error
Check: R code for possible problems
Result: NOTE
    cotrend.default: no visible global function definition for ‘coredata’
    example_eq3: no visible global function definition for ‘rnorm’
    example_eq4: no visible global function definition for ‘rnorm’
    example_eq8: no visible global function definition for ‘rnorm’
    example_eq9: no visible global function definition for ‘rnorm’
    Undefined global functions or variables:
     coredata rnorm
    Consider adding
     importFrom("stats", "rnorm")
    to your NAMESPACE file.
Flavors: r-devel-linux-x86_64-fedora-clang, r-devel-linux-x86_64-fedora-gcc, r-devel-macos-x86_64-clang

Version: 1.0
Check: R code for possible problems
Result: NOTE
    cotrend.default: no visible global function definition for 'coredata'
Flavor: r-oldrel-windows-ix86+x86_64