CRAN Package Check Results for Package cotrend

Last updated on 2014-09-02 23:47:27.

Flavor Version Tinstall Tcheck Ttotal Status Flags
r-devel-linux-x86_64-debian-clang 1.0 0.67 11.28 11.95 NOTE
r-devel-linux-x86_64-debian-gcc 1.0 0.66 11.22 11.88 NOTE
r-devel-linux-x86_64-fedora-clang 1.0 24.91 NOTE
r-devel-linux-x86_64-fedora-gcc 1.0 22.60 NOTE
r-devel-osx-x86_64-clang 1.0 28.69 NOTE
r-devel-windows-ix86+x86_64 1.0 3.00 20.00 23.00 NOTE
r-patched-linux-x86_64 1.0 0.72 11.78 12.50 OK
r-patched-solaris-sparc 1.0 159.60 OK
r-patched-solaris-x86 1.0 36.00 OK
r-release-linux-ix86 1.0 1.06 18.45 19.51 OK
r-release-linux-x86_64 1.0 0.74 11.86 12.60 OK
r-release-osx-x86_64-mavericks 1.0 OK
r-release-windows-ix86+x86_64 1.0 3.00 23.00 26.00 OK
r-oldrel-windows-ix86+x86_64 1.0 4.00 22.00 26.00 OK

Check Details

Version: 1.0
Check: R code for possible problems
Result: NOTE
    cotrend.default: no visible global function definition for ‘coredata’
Flavors: r-devel-linux-x86_64-debian-clang, r-devel-linux-x86_64-debian-gcc, r-devel-linux-x86_64-fedora-clang, r-devel-linux-x86_64-fedora-gcc, r-devel-osx-x86_64-clang, r-devel-windows-ix86+x86_64