CRAN Package Check Results for Package cotrend

Last updated on 2015-01-29 05:48:17.

Flavor Version Tinstall Tcheck Ttotal Status Flags
r-devel-linux-x86_64-debian-clang 1.0 0.69 10.52 11.21 NOTE
r-devel-linux-x86_64-debian-gcc 1.0 0.71 10.20 10.91 NOTE
r-devel-linux-x86_64-fedora-clang 1.0 27.74 NOTE
r-devel-linux-x86_64-fedora-gcc 1.0 22.11 NOTE
r-devel-osx-x86_64-clang 1.0 30.59 NOTE
r-devel-windows-ix86+x86_64 1.0 4.00 18.00 22.00 NOTE
r-patched-linux-x86_64 1.0 0.74 12.25 12.99 NOTE
r-patched-solaris-sparc 1.0 155.30 NOTE
r-patched-solaris-x86 1.0 36.90 NOTE
r-release-linux-ix86 1.0 1.01 17.39 18.40 NOTE
r-release-linux-x86_64 1.0 0.75 12.01 12.76 NOTE
r-release-osx-x86_64-mavericks 1.0 NOTE
r-release-windows-ix86+x86_64 1.0 3.00 22.00 25.00 NOTE
r-oldrel-windows-ix86+x86_64 1.0 4.00 21.00 25.00 OK

Check Details

Version: 1.0
Check: S3 generic/method consistency
Result: NOTE
    Found the following apparent S3 methods exported but not registered:
     cotrend.default print.cotrend
    See section ‘Registering S3 methods’ in the ‘Writing R Extensions’
    manual.
Flavors: r-devel-linux-x86_64-debian-clang, r-devel-linux-x86_64-debian-gcc, r-devel-linux-x86_64-fedora-clang, r-devel-linux-x86_64-fedora-gcc, r-devel-osx-x86_64-clang

Version: 1.0
Check: R code for possible problems
Result: NOTE
    cotrend.default: no visible global function definition for ‘coredata’
Flavors: r-devel-linux-x86_64-debian-clang, r-devel-linux-x86_64-debian-gcc, r-devel-linux-x86_64-fedora-clang, r-devel-linux-x86_64-fedora-gcc, r-devel-osx-x86_64-clang, r-devel-windows-ix86+x86_64, r-patched-linux-x86_64, r-patched-solaris-sparc, r-patched-solaris-x86, r-release-linux-ix86, r-release-linux-x86_64, r-release-osx-x86_64-mavericks, r-release-windows-ix86+x86_64