CRAN Package Check Results for Package cotrend

Last updated on 2014-08-22 19:47:44.

Flavor Version Tinstall Tcheck Ttotal Status Flags
r-devel-linux-x86_64-debian-clang 1.0 0.68 11.76 12.44 NOTE
r-devel-linux-x86_64-debian-gcc 1.0 0.66 11.24 11.90 OK
r-devel-linux-x86_64-fedora-clang 1.0 24.60 NOTE
r-devel-linux-x86_64-fedora-gcc 1.0 22.74 NOTE
r-devel-osx-x86_64-clang 1.0 29.30 NOTE
r-devel-windows-ix86+x86_64 1.0 3.00 19.00 22.00 OK
r-patched-linux-x86_64 1.0 0.71 11.76 12.47 OK
r-patched-solaris-sparc 1.0 159.60 OK
r-patched-solaris-x86 1.0 36.40 OK
r-release-linux-ix86 1.0 1.05 18.40 19.44 OK
r-release-linux-x86_64 1.0 0.74 12.21 12.94 OK
r-release-osx-x86_64-mavericks 1.0 OK
r-release-windows-ix86+x86_64 1.0 3.00 21.00 24.00 OK
r-oldrel-windows-ix86+x86_64 1.0 4.00 22.00 26.00 OK

Check Details

Version: 1.0
Check: R code for possible problems
Result: NOTE
    cotrend.default: no visible global function definition for ‘coredata’
Flavors: r-devel-linux-x86_64-debian-clang, r-devel-linux-x86_64-fedora-clang, r-devel-linux-x86_64-fedora-gcc, r-devel-osx-x86_64-clang