CRAN Package Check Results for Package cotrend

Last updated on 2015-04-01 08:50:01.

Flavor Version Tinstall Tcheck Ttotal Status Flags
r-devel-linux-x86_64-debian-clang 1.0 0.67 10.12 10.78 NOTE
r-devel-linux-x86_64-debian-gcc 1.0 0.67 9.93 10.60 NOTE
r-devel-linux-x86_64-fedora-clang 1.0 20.62 NOTE
r-devel-linux-x86_64-fedora-gcc 1.0 20.65 NOTE
r-devel-osx-x86_64-clang 1.0 28.00 NOTE
r-prerel-windows-ix86+x86_64 1.0 4.00 17.00 21.00 NOTE
r-prerel-linux-x86_64 1.0 0.66 10.31 10.97 NOTE
r-prerel-solaris-sparc 1.0 139.80 NOTE
r-prerel-solaris-x86 1.0 30.00 NOTE
r-release-linux-x86_64 1.0 0.74 12.42 13.15 NOTE
r-release-osx-x86_64-mavericks 1.0 NOTE
r-release-windows-ix86+x86_64 1.0 4.00 22.00 26.00 NOTE
r-oldrel-windows-ix86+x86_64 1.0 4.00 22.00 26.00 OK

Check Details

Version: 1.0
Check: S3 generic/method consistency
Result: NOTE
    Found the following apparent S3 methods exported but not registered:
     cotrend.default print.cotrend
    See section ‘Registering S3 methods’ in the ‘Writing R Extensions’
    manual.
Flavors: r-devel-linux-x86_64-debian-clang, r-devel-linux-x86_64-debian-gcc, r-devel-linux-x86_64-fedora-clang, r-devel-linux-x86_64-fedora-gcc, r-devel-osx-x86_64-clang, r-prerel-linux-x86_64

Version: 1.0
Check: R code for possible problems
Result: NOTE
    cotrend.default: no visible global function definition for ‘coredata’
Flavors: r-devel-linux-x86_64-debian-clang, r-devel-linux-x86_64-debian-gcc, r-devel-linux-x86_64-fedora-clang, r-devel-linux-x86_64-fedora-gcc, r-devel-osx-x86_64-clang, r-prerel-windows-ix86+x86_64, r-prerel-linux-x86_64, r-prerel-solaris-sparc, r-prerel-solaris-x86, r-release-linux-x86_64, r-release-osx-x86_64-mavericks, r-release-windows-ix86+x86_64