CRAN Package Check Results for Package cotrend

Last updated on 2016-06-29 10:50:12.

Flavor Version Tinstall Tcheck Ttotal Status Flags
r-devel-linux-x86_64-debian-gcc 1.0 2.79 10.92 13.71 NOTE
r-devel-linux-x86_64-fedora-clang 1.0 17.76 NOTE
r-devel-linux-x86_64-fedora-gcc 1.0 16.64 NOTE
r-devel-osx-x86_64-clang 1.0 16.64 NOTE
r-devel-windows-ix86+x86_64 1.0 3.00 26.00 29.00 NOTE
r-patched-linux-x86_64 1.0 0.84 10.67 11.51 NOTE
r-patched-solaris-sparc 1.0 107.30 NOTE
r-patched-solaris-x86 1.0 25.10 NOTE
r-release-linux-x86_64 1.0 0.65 9.91 10.55 NOTE
r-release-osx-x86_64-mavericks 1.0 NOTE
r-release-windows-ix86+x86_64 1.0 3.00 35.00 38.00 NOTE
r-oldrel-windows-ix86+x86_64 1.0 4.00 25.00 29.00 NOTE

Check Details

Version: 1.0
Check: S3 generic/method consistency
Result: NOTE
    Found the following apparent S3 methods exported but not registered:
     cotrend.default print.cotrend
    See section ‘Registering S3 methods’ in the ‘Writing R Extensions’
    manual.
Flavors: r-devel-linux-x86_64-debian-gcc, r-devel-linux-x86_64-fedora-clang, r-devel-linux-x86_64-fedora-gcc, r-devel-osx-x86_64-clang, r-patched-linux-x86_64, r-patched-solaris-sparc, r-patched-solaris-x86, r-release-linux-x86_64

Version: 1.0
Check: R code for possible problems
Result: NOTE
    cotrend.default: no visible global function definition for ‘coredata’
    example_eq3: no visible global function definition for ‘rnorm’
    example_eq4: no visible global function definition for ‘rnorm’
    example_eq8: no visible global function definition for ‘rnorm’
    example_eq9: no visible global function definition for ‘rnorm’
    Undefined global functions or variables:
     coredata rnorm
    Consider adding
     importFrom("stats", "rnorm")
    to your NAMESPACE file.
Flavors: r-devel-linux-x86_64-debian-gcc, r-devel-linux-x86_64-fedora-clang, r-devel-linux-x86_64-fedora-gcc, r-devel-osx-x86_64-clang, r-devel-windows-ix86+x86_64, r-patched-linux-x86_64, r-patched-solaris-sparc, r-patched-solaris-x86, r-release-linux-x86_64, r-release-osx-x86_64-mavericks, r-release-windows-ix86+x86_64

Version: 1.0
Check: R code for possible problems
Result: NOTE
    cotrend.default: no visible global function definition for 'coredata'
Flavor: r-oldrel-windows-ix86+x86_64