CRAN Package Check Results for Package cotrend

Last updated on 2014-12-22 05:48:28.

Flavor Version Tinstall Tcheck Ttotal Status Flags
r-devel-linux-x86_64-debian-clang 1.0 0.72 12.88 13.60 NOTE
r-devel-linux-x86_64-debian-gcc 1.0 0.69 11.72 12.41 NOTE
r-devel-linux-x86_64-fedora-clang 1.0 25.57 NOTE
r-devel-linux-x86_64-fedora-gcc 1.0 24.95 NOTE
r-devel-osx-x86_64-clang 1.0 28.01 NOTE
r-devel-windows-ix86+x86_64 1.0 4.00 21.00 25.00 NOTE
r-patched-linux-x86_64 1.0 0.74 11.93 12.67 NOTE
r-patched-solaris-sparc 1.0 149.60 NOTE
r-patched-solaris-x86 1.0 37.00 NOTE
r-release-linux-ix86 1.0 1.03 17.17 18.20 NOTE
r-release-linux-x86_64 1.0 0.75 12.47 13.22 NOTE
r-release-osx-x86_64-mavericks 1.0 OK
r-release-windows-ix86+x86_64 1.0 4.00 21.00 25.00 NOTE
r-oldrel-windows-ix86+x86_64 1.0 4.00 21.00 25.00 OK

Check Details

Version: 1.0
Check: R code for possible problems
Result: NOTE
    cotrend.default: no visible global function definition for ‘coredata’
Flavors: r-devel-linux-x86_64-debian-clang, r-devel-linux-x86_64-debian-gcc, r-devel-linux-x86_64-fedora-clang, r-devel-linux-x86_64-fedora-gcc, r-devel-osx-x86_64-clang, r-devel-windows-ix86+x86_64, r-patched-linux-x86_64, r-patched-solaris-sparc, r-patched-solaris-x86, r-release-linux-ix86, r-release-linux-x86_64, r-release-windows-ix86+x86_64