CRAN Package Check Results for Package cotrend

Last updated on 2017-04-28 06:48:34.

Flavor Version Tinstall Tcheck Ttotal Status Flags
r-devel-linux-x86_64-debian-clang 1.0 0.82 13.00 13.82 NOTE
r-devel-linux-x86_64-debian-gcc 1.0 0.86 12.80 13.66 NOTE
r-devel-linux-x86_64-fedora-clang 1.0 20.98 NOTE --no-stop-on-test-error
r-devel-linux-x86_64-fedora-gcc 1.0 19.96 NOTE --no-stop-on-test-error
r-devel-windows-ix86+x86_64 1.0 3.00 37.00 40.00 NOTE
r-patched-linux-x86_64 1.0 0.93 13.07 13.99 NOTE
r-patched-solaris-sparc 1.0 130.60 NOTE
r-patched-solaris-x86 1.0 29.80 NOTE
r-release-linux-x86_64 1.0 0.90 13.19 14.09 NOTE
r-release-windows-ix86+x86_64 1.0 2.00 28.00 30.00 NOTE
r-release-osx-x86_64 1.0 NOTE
r-oldrel-windows-ix86+x86_64 1.0 5.00 26.00 31.00 NOTE
r-oldrel-osx-x86_64 1.0 NOTE

Check Details

Version: 1.0
Check: S3 generic/method consistency
Result: NOTE
    Found the following apparent S3 methods exported but not registered:
     cotrend.default print.cotrend
    See section ‘Registering S3 methods’ in the ‘Writing R Extensions’
    manual.
Flavors: r-devel-linux-x86_64-debian-clang, r-devel-linux-x86_64-debian-gcc, r-patched-linux-x86_64, r-patched-solaris-sparc, r-patched-solaris-x86, r-release-linux-x86_64

Version: 1.0
Check: R code for possible problems
Result: NOTE
    cotrend.default: no visible global function definition for ‘coredata’
    example_eq3: no visible global function definition for ‘rnorm’
    example_eq4: no visible global function definition for ‘rnorm’
    example_eq8: no visible global function definition for ‘rnorm’
    example_eq9: no visible global function definition for ‘rnorm’
    Undefined global functions or variables:
     coredata rnorm
    Consider adding
     importFrom("stats", "rnorm")
    to your NAMESPACE file.
Flavors: r-devel-linux-x86_64-debian-clang, r-devel-linux-x86_64-debian-gcc, r-devel-windows-ix86+x86_64, r-patched-linux-x86_64, r-patched-solaris-sparc, r-patched-solaris-x86, r-release-linux-x86_64, r-release-windows-ix86+x86_64, r-release-osx-x86_64, r-oldrel-windows-ix86+x86_64, r-oldrel-osx-x86_64

Version: 1.0
Flags: --no-stop-on-test-error
Check: S3 generic/method consistency
Result: NOTE
    Found the following apparent S3 methods exported but not registered:
     cotrend.default print.cotrend
    See section ‘Registering S3 methods’ in the ‘Writing R Extensions’
    manual.
Flavors: r-devel-linux-x86_64-fedora-clang, r-devel-linux-x86_64-fedora-gcc

Version: 1.0
Flags: --no-stop-on-test-error
Check: R code for possible problems
Result: NOTE
    cotrend.default: no visible global function definition for ‘coredata’
    example_eq3: no visible global function definition for ‘rnorm’
    example_eq4: no visible global function definition for ‘rnorm’
    example_eq8: no visible global function definition for ‘rnorm’
    example_eq9: no visible global function definition for ‘rnorm’
    Undefined global functions or variables:
     coredata rnorm
    Consider adding
     importFrom("stats", "rnorm")
    to your NAMESPACE file.
Flavors: r-devel-linux-x86_64-fedora-clang, r-devel-linux-x86_64-fedora-gcc