CRAN Package Check Results for Package countrycode

Last updated on 2017-08-22 23:47:11.

Flavor Version Tinstall Tcheck Ttotal Status Flags
r-devel-linux-x86_64-debian-clang 0.19 0.59 10.95 11.54 OK
r-devel-linux-x86_64-debian-gcc 0.19 0.63 11.14 11.77 OK
r-devel-linux-x86_64-fedora-clang 0.19 20.41 NOTE
r-devel-linux-x86_64-fedora-gcc 0.19 17.22 NOTE
r-devel-windows-ix86+x86_64 0.19 2.00 35.00 37.00 OK
r-patched-linux-x86_64 0.19 0.62 10.78 11.40 OK
r-patched-solaris-x86 0.19 26.40 NOTE
r-release-linux-x86_64 0.19 0.62 10.73 11.35 OK
r-release-windows-ix86+x86_64 0.19 2.00 35.00 37.00 OK
r-release-osx-x86_64 0.19 NOTE
r-oldrel-windows-ix86+x86_64 0.19 2.00 24.00 26.00 OK
r-oldrel-osx-x86_64 0.19 NOTE

Check Details

Version: 0.19
Check: data for non-ASCII characters
Result: NOTE
     Note: found 765 marked UTF-8 strings
Flavors: r-devel-linux-x86_64-fedora-clang, r-devel-linux-x86_64-fedora-gcc, r-patched-solaris-x86, r-release-osx-x86_64, r-oldrel-osx-x86_64