CRAN Package Check Results for Package countrycode

Last updated on 2015-03-02 19:52:11.

Flavor Version Tinstall Tcheck Ttotal Status Flags
r-devel-linux-x86_64-debian-clang 0.18 0.52 8.64 9.17 NOTE
r-devel-linux-x86_64-debian-gcc 0.18 0.53 8.49 9.02 NOTE
r-devel-linux-x86_64-fedora-clang 0.18 17.77 NOTE
r-devel-linux-x86_64-fedora-gcc 0.18 17.09 NOTE
r-devel-osx-x86_64-clang 0.18 24.16 NOTE
r-devel-windows-ix86+x86_64 0.18 5.00 21.00 26.00 NOTE
r-patched-linux-x86_64 0.18 0.55 9.76 10.31 NOTE
r-patched-solaris-sparc 0.18 103.00 NOTE
r-patched-solaris-x86 0.18 29.90 NOTE
r-release-linux-ix86 0.18 0.87 15.59 16.46 NOTE
r-release-linux-x86_64 0.18 0.55 9.63 10.18 NOTE
r-release-osx-x86_64-mavericks 0.18 NOTE
r-release-osx-x86_64-snowleopard 0.18 NOTE
r-release-windows-ix86+x86_64 0.18 5.00 21.00 26.00 NOTE
r-oldrel-windows-ix86+x86_64 0.18 2.00 18.00 20.00 NOTE

Check Details

Version: 0.18
Check: data for non-ASCII characters
Result: NOTE
     Note: found 6 marked UTF-8 strings
Flavors: r-devel-linux-x86_64-debian-clang, r-devel-linux-x86_64-debian-gcc, r-devel-linux-x86_64-fedora-clang, r-devel-linux-x86_64-fedora-gcc, r-devel-osx-x86_64-clang, r-devel-windows-ix86+x86_64, r-patched-linux-x86_64, r-patched-solaris-sparc, r-patched-solaris-x86, r-release-linux-ix86, r-release-linux-x86_64, r-release-osx-x86_64-mavericks, r-release-osx-x86_64-snowleopard, r-release-windows-ix86+x86_64, r-oldrel-windows-ix86+x86_64

Version: 0.18
Check: dependencies in R code
Result: NOTE
    Missing or unexported object: 'countrycode::countrycode_data'
    See the information on DESCRIPTION files in the chapter 'Creating R
    packages' of the 'Writing R Extensions' manual.
Flavor: r-oldrel-windows-ix86+x86_64