CRAN Package Check Results for Package countrycode

Last updated on 2014-11-21 17:48:00.

Flavor Version Tinstall Tcheck Ttotal Status Flags
r-devel-linux-x86_64-debian-clang 0.17 0.59 9.28 9.87 NOTE
r-devel-linux-x86_64-debian-gcc 0.17 0.54 8.90 9.44 NOTE
r-devel-linux-x86_64-fedora-clang 0.17 18.98 NOTE
r-devel-linux-x86_64-fedora-gcc 0.17 17.89 NOTE
r-devel-osx-x86_64-clang 0.17 23.07 NOTE
r-devel-windows-ix86+x86_64 0.17 2.00 15.00 17.00 NOTE
r-patched-linux-x86_64 0.17 0.56 9.53 10.08 NOTE
r-patched-solaris-sparc 0.17 111.30 NOTE
r-patched-solaris-x86 0.17 28.90 NOTE
r-release-linux-ix86 0.17 0.82 14.27 15.09 NOTE
r-release-linux-x86_64 0.17 0.58 9.05 9.63 NOTE
r-release-osx-x86_64-mavericks 0.17 OK
r-release-osx-x86_64-snowleopard 0.17 OK
r-release-windows-ix86+x86_64 0.17 2.00 16.00 18.00 NOTE
r-oldrel-windows-ix86+x86_64 0.17 2.00 17.00 19.00 OK

Check Details

Version: 0.17
Check: R code for possible problems
Result: NOTE
    countrycode: no visible binding for global variable ‘countrycode_data’
    countrycode_test: no visible binding for global variable
     ‘countrycode_data’
Flavors: r-devel-linux-x86_64-debian-clang, r-devel-linux-x86_64-debian-gcc, r-devel-linux-x86_64-fedora-clang, r-devel-linux-x86_64-fedora-gcc, r-devel-osx-x86_64-clang, r-devel-windows-ix86+x86_64, r-patched-linux-x86_64, r-patched-solaris-sparc, r-patched-solaris-x86, r-release-linux-ix86, r-release-linux-x86_64, r-release-windows-ix86+x86_64