CRAN Package Check Results for Package countrycode

Last updated on 2014-08-21 13:48:05.

Flavor Version Tinstall Tcheck Ttotal Status Flags
r-devel-linux-x86_64-debian-clang 0.17 0.47 8.29 8.76 OK
r-devel-linux-x86_64-debian-gcc 0.17 0.55 7.98 8.53 OK
r-devel-linux-x86_64-fedora-clang 0.17 17.83 NOTE
r-devel-linux-x86_64-fedora-gcc 0.17 16.51 NOTE
r-devel-osx-x86_64-clang 0.17 21.14 NOTE
r-devel-windows-ix86+x86_64 0.17 2.00 13.00 15.00 OK
r-patched-linux-x86_64 0.17 0.48 8.17 8.64 OK
r-patched-solaris-sparc 0.17 105.90 OK
r-patched-solaris-x86 0.17 26.60 OK
r-release-linux-ix86 0.17 0.78 14.44 15.23 OK
r-release-linux-x86_64 0.17 0.54 8.46 8.99 OK
r-release-osx-x86_64-mavericks 0.17 OK
r-release-osx-x86_64-snowleopard 0.17 OK
r-release-windows-ix86+x86_64 0.17 3.00 15.00 18.00 OK
r-oldrel-windows-ix86+x86_64 0.17 2.00 17.00 19.00 OK

Check Details

Version: 0.17
Check: R code for possible problems
Result: NOTE
    countrycode: no visible binding for global variable ‘countrycode_data’
    countrycode_test: no visible binding for global variable
     ‘countrycode_data’
Flavors: r-devel-linux-x86_64-fedora-clang, r-devel-linux-x86_64-fedora-gcc, r-devel-osx-x86_64-clang