CRAN Package Check Results for Package countrycode

Last updated on 2015-05-24 17:47:21.

Flavor Version Tinstall Tcheck Ttotal Status Flags
r-devel-linux-x86_64-debian-clang 0.18 0.51 8.94 9.45 NOTE
r-devel-linux-x86_64-debian-gcc 0.18 0.51 8.86 9.37 NOTE
r-devel-linux-x86_64-fedora-clang 0.18 18.01 NOTE
r-devel-linux-x86_64-fedora-gcc 0.18 17.03 NOTE
r-devel-osx-x86_64-clang 0.18 23.66 NOTE
r-devel-windows-ix86+x86_64 0.18 3.00 17.00 20.00 NOTE
r-patched-linux-x86_64 0.18 0.51 9.05 9.56 NOTE
r-patched-solaris-sparc 0.18 112.70 NOTE
r-patched-solaris-x86 0.18 26.80 NOTE
r-release-linux-x86_64 0.18 0.52 9.35 9.86 NOTE
r-release-osx-x86_64-mavericks 0.18 NOTE
r-release-osx-x86_64-snowleopard 0.18 NOTE
r-release-windows-ix86+x86_64 0.18 2.00 17.00 19.00 NOTE
r-oldrel-windows-ix86+x86_64 0.18 3.00 19.00 22.00 NOTE

Check Details

Version: 0.18
Check: data for non-ASCII characters
Result: NOTE
     Note: found 6 marked UTF-8 strings
Flavors: r-devel-linux-x86_64-debian-clang, r-devel-linux-x86_64-debian-gcc, r-devel-linux-x86_64-fedora-clang, r-devel-linux-x86_64-fedora-gcc, r-devel-osx-x86_64-clang, r-devel-windows-ix86+x86_64, r-patched-linux-x86_64, r-patched-solaris-sparc, r-patched-solaris-x86, r-release-linux-x86_64, r-release-osx-x86_64-mavericks, r-release-osx-x86_64-snowleopard, r-release-windows-ix86+x86_64, r-oldrel-windows-ix86+x86_64