CRAN Package Check Results for Package countrycode

Last updated on 2016-12-10 16:47:01.

Flavor Version Tinstall Tcheck Ttotal Status Flags
r-devel-linux-x86_64-debian-clang 0.18 0.62 10.68 11.30 NOTE
r-devel-linux-x86_64-debian-gcc 0.18 0.62 10.57 11.20 NOTE
r-devel-linux-x86_64-fedora-clang 0.18 19.40 NOTE --no-stop-on-test-error
r-devel-linux-x86_64-fedora-gcc 0.18 17.41 NOTE --no-stop-on-test-error
r-devel-macos-x86_64-clang 0.18 16.93 NOTE --no-stop-on-test-error
r-devel-windows-ix86+x86_64 0.18 4.00 39.00 43.00 NOTE
r-patched-linux-x86_64 0.18 0.55 9.08 9.63 NOTE
r-patched-solaris-sparc 0.18 88.60 NOTE
r-patched-solaris-x86 0.18 20.50 NOTE
r-release-linux-x86_64 0.18 0.53 9.03 9.56 NOTE
r-release-osx-x86_64-mavericks 0.18 NOTE
r-release-windows-ix86+x86_64 0.18 3.00 25.00 28.00 NOTE
r-oldrel-windows-ix86+x86_64 0.18 4.00 22.00 26.00 NOTE

Check Details

Version: 0.18
Check: R code for possible problems
Result: NOTE
    countrycode: no visible global function definition for ‘na.omit’
    Undefined global functions or variables:
     na.omit
    Consider adding
     importFrom("stats", "na.omit")
    to your NAMESPACE file.
Flavors: r-devel-linux-x86_64-debian-clang, r-devel-linux-x86_64-debian-gcc, r-devel-windows-ix86+x86_64, r-patched-linux-x86_64, r-patched-solaris-sparc, r-patched-solaris-x86, r-release-linux-x86_64, r-release-osx-x86_64-mavericks, r-release-windows-ix86+x86_64

Version: 0.18
Flags: --no-stop-on-test-error
Check: R code for possible problems
Result: NOTE
    countrycode: no visible global function definition for ‘na.omit’
    Undefined global functions or variables:
     na.omit
    Consider adding
     importFrom("stats", "na.omit")
    to your NAMESPACE file.
Flavors: r-devel-linux-x86_64-fedora-clang, r-devel-linux-x86_64-fedora-gcc, r-devel-macos-x86_64-clang

Version: 0.18
Flags: --no-stop-on-test-error
Check: data for non-ASCII characters
Result: NOTE
     Note: found 6 marked UTF-8 strings
Flavors: r-devel-linux-x86_64-fedora-clang, r-devel-linux-x86_64-fedora-gcc, r-devel-macos-x86_64-clang

Version: 0.18
Check: data for non-ASCII characters
Result: NOTE
     Note: found 6 marked UTF-8 strings
Flavors: r-patched-solaris-sparc, r-patched-solaris-x86, r-release-osx-x86_64-mavericks, r-oldrel-windows-ix86+x86_64