CRAN Package Check Results for Package countrycode

Last updated on 2017-04-26 23:52:51.

Flavor Version Tinstall Tcheck Ttotal Status Flags
r-devel-linux-x86_64-debian-clang 0.19 0.60 10.72 11.32 OK
r-devel-linux-x86_64-debian-gcc 0.19 0.60 10.56 11.16 OK
r-devel-linux-x86_64-fedora-clang 0.19 18.03 NOTE --no-stop-on-test-error
r-devel-linux-x86_64-fedora-gcc 0.19 16.79 NOTE --no-stop-on-test-error
r-devel-windows-ix86+x86_64 0.19 5.00 25.00 30.00 OK
r-patched-linux-x86_64 0.19 0.73 10.78 11.51 OK
r-patched-solaris-sparc 0.19 109.90 NOTE
r-patched-solaris-x86 0.19 26.00 NOTE
r-release-linux-x86_64 0.19 0.61 10.99 11.60 OK
r-release-windows-ix86+x86_64 0.19 2.00 24.00 26.00 OK
r-release-osx-x86_64 0.19 NOTE
r-oldrel-windows-ix86+x86_64 0.19 2.00 30.00 32.00 OK
r-oldrel-osx-x86_64 0.19 NOTE

Check Details

Version: 0.19
Flags: --no-stop-on-test-error
Check: data for non-ASCII characters
Result: NOTE
     Note: found 765 marked UTF-8 strings
Flavors: r-devel-linux-x86_64-fedora-clang, r-devel-linux-x86_64-fedora-gcc

Version: 0.19
Check: data for non-ASCII characters
Result: NOTE
     Note: found 765 marked UTF-8 strings
Flavors: r-patched-solaris-sparc, r-patched-solaris-x86, r-release-osx-x86_64, r-oldrel-osx-x86_64