CRAN Package Check Results for Package countrycode

Last updated on 2017-02-20 16:47:05.

Flavor Version Tinstall Tcheck Ttotal Status Flags
r-devel-linux-x86_64-debian-clang 0.19 0.63 10.74 11.37 OK
r-devel-linux-x86_64-debian-gcc 0.19 0.58 10.81 11.39 OK
r-devel-linux-x86_64-fedora-clang 0.19 17.70 NOTE --no-stop-on-test-error
r-devel-linux-x86_64-fedora-gcc 0.19 16.73 NOTE --no-stop-on-test-error
r-devel-macos-x86_64-clang 0.19 16.92 NOTE --no-stop-on-test-error
r-devel-windows-ix86+x86_64 0.19 3.00 37.00 40.00 OK
r-patched-linux-x86_64 0.19 0.61 8.62 9.23 OK
r-patched-solaris-sparc 0.19 97.60 NOTE
r-patched-solaris-x86 0.19 22.20 NOTE
r-release-linux-x86_64 0.19 0.59 8.67 9.27 OK
r-release-osx-x86_64-mavericks 0.19 NOTE
r-release-windows-ix86+x86_64 0.19 2.00 24.00 26.00 OK
r-oldrel-windows-ix86+x86_64 0.19 3.00 40.00 43.00 NOTE

Check Details

Version: 0.19
Flags: --no-stop-on-test-error
Check: data for non-ASCII characters
Result: NOTE
     Note: found 765 marked UTF-8 strings
Flavors: r-devel-linux-x86_64-fedora-clang, r-devel-linux-x86_64-fedora-gcc, r-devel-macos-x86_64-clang

Version: 0.19
Check: data for non-ASCII characters
Result: NOTE
     Note: found 765 marked UTF-8 strings
Flavors: r-patched-solaris-sparc, r-patched-solaris-x86, r-release-osx-x86_64-mavericks, r-oldrel-windows-ix86+x86_64