CRAN Package Check Results for Package countrycode

Last updated on 2014-09-20 08:51:40.

Flavor Version Tinstall Tcheck Ttotal Status Flags
r-devel-linux-x86_64-debian-clang 0.17 0.45 8.51 8.96 NOTE
r-devel-linux-x86_64-debian-gcc 0.17 0.49 8.49 8.98 NOTE
r-devel-linux-x86_64-fedora-clang 0.17 18.27 NOTE
r-devel-linux-x86_64-fedora-gcc 0.17 17.65 NOTE
r-devel-osx-x86_64-clang 0.17 23.11 NOTE
r-devel-windows-ix86+x86_64 0.17 2.00 14.00 16.00 NOTE
r-patched-linux-x86_64 0.17 0.50 8.78 9.28 OK
r-patched-solaris-sparc 0.17 105.90 OK
r-patched-solaris-x86 0.17 26.50 OK
r-release-linux-ix86 0.17 0.78 14.39 15.17 OK
r-release-linux-x86_64 0.17 0.50 8.65 9.15 OK
r-release-osx-x86_64-mavericks 0.17 OK
r-release-osx-x86_64-snowleopard 0.17 OK
r-release-windows-ix86+x86_64 0.17 3.00 15.00 18.00 OK
r-oldrel-windows-ix86+x86_64 0.17 2.00 17.00 19.00 OK

Check Details

Version: 0.17
Check: R code for possible problems
Result: NOTE
    countrycode: no visible binding for global variable ‘countrycode_data’
    countrycode_test: no visible binding for global variable
     ‘countrycode_data’
Flavors: r-devel-linux-x86_64-debian-clang, r-devel-linux-x86_64-debian-gcc, r-devel-linux-x86_64-fedora-clang, r-devel-linux-x86_64-fedora-gcc, r-devel-osx-x86_64-clang, r-devel-windows-ix86+x86_64