CRAN Package Check Results for Package countrycode

Last updated on 2017-03-26 11:53:32.

Flavor Version Tinstall Tcheck Ttotal Status Flags
r-devel-linux-x86_64-debian-clang 0.19 0.70 10.88 11.58 OK
r-devel-linux-x86_64-debian-gcc 0.19 0.56 11.17 11.73 OK
r-devel-linux-x86_64-fedora-clang 0.19 17.72 NOTE --no-stop-on-test-error
r-devel-linux-x86_64-fedora-gcc 0.19 16.78 NOTE --no-stop-on-test-error
r-devel-macos-x86_64-clang 0.19 16.35 NOTE --no-stop-on-test-error
r-devel-windows-ix86+x86_64 0.19 2.00 24.00 26.00 OK
r-patched-linux-x86_64 0.19 0.60 10.87 11.47 OK
r-patched-solaris-sparc 0.19 109.90 NOTE
r-patched-solaris-x86 0.19 26.00 NOTE
r-release-linux-x86_64 0.19 0.64 8.87 9.52 OK
r-release-osx-x86_64-mavericks 0.19 NOTE
r-release-windows-ix86+x86_64 0.19 3.00 24.00 27.00 OK
r-oldrel-windows-ix86+x86_64 0.19 3.00 22.00 25.00 NOTE

Check Details

Version: 0.19
Flags: --no-stop-on-test-error
Check: data for non-ASCII characters
Result: NOTE
     Note: found 765 marked UTF-8 strings
Flavors: r-devel-linux-x86_64-fedora-clang, r-devel-linux-x86_64-fedora-gcc, r-devel-macos-x86_64-clang

Version: 0.19
Check: data for non-ASCII characters
Result: NOTE
     Note: found 765 marked UTF-8 strings
Flavors: r-patched-solaris-sparc, r-patched-solaris-x86, r-release-osx-x86_64-mavericks, r-oldrel-windows-ix86+x86_64