CRAN Package Check Results for Package countrycode

Last updated on 2016-07-23 21:49:40.

Flavor Version Tinstall Tcheck Ttotal Status Flags
r-devel-linux-x86_64-debian-clang 0.18 0.64 11.02 11.67 NOTE
r-devel-linux-x86_64-debian-gcc 0.18 0.66 10.27 10.93 NOTE
r-devel-linux-x86_64-fedora-clang 0.18 14.96 NOTE
r-devel-linux-x86_64-fedora-gcc 0.18 14.10 NOTE
r-devel-osx-x86_64-clang 0.18 14.90 NOTE
r-devel-windows-ix86+x86_64 0.18 4.00 33.00 37.00 NOTE
r-patched-linux-x86_64 0.18 0.56 10.42 10.97 NOTE
r-patched-solaris-sparc 0.18 88.60 NOTE
r-patched-solaris-x86 0.18 20.40 NOTE
r-release-linux-x86_64 0.18 0.72 10.10 10.82 NOTE
r-release-osx-x86_64-mavericks 0.18 NOTE
r-release-windows-ix86+x86_64 0.18 2.00 26.00 28.00 NOTE
r-oldrel-windows-ix86+x86_64 0.18 4.00 24.00 28.00 NOTE

Check Details

Version: 0.18
Check: R code for possible problems
Result: NOTE
    countrycode: no visible global function definition for ‘na.omit’
    Undefined global functions or variables:
     na.omit
    Consider adding
     importFrom("stats", "na.omit")
    to your NAMESPACE file.
Flavors: r-devel-linux-x86_64-debian-clang, r-devel-linux-x86_64-debian-gcc, r-devel-linux-x86_64-fedora-clang, r-devel-linux-x86_64-fedora-gcc, r-devel-osx-x86_64-clang, r-devel-windows-ix86+x86_64, r-patched-linux-x86_64, r-patched-solaris-sparc, r-patched-solaris-x86, r-release-linux-x86_64, r-release-osx-x86_64-mavericks, r-release-windows-ix86+x86_64

Version: 0.18
Check: data for non-ASCII characters
Result: NOTE
     Note: found 6 marked UTF-8 strings
Flavors: r-devel-linux-x86_64-fedora-clang, r-devel-linux-x86_64-fedora-gcc, r-devel-osx-x86_64-clang, r-patched-solaris-sparc, r-patched-solaris-x86, r-release-osx-x86_64-mavericks, r-oldrel-windows-ix86+x86_64