CRAN Package Check Results for Package countrycode

Last updated on 2017-10-19 01:46:09.

Flavor Version Tinstall Tcheck Ttotal Status Flags
r-devel-linux-x86_64-debian-clang 0.19 0.53 12.06 12.59 OK
r-devel-linux-x86_64-debian-gcc 0.19 0.68 12.28 12.95 OK
r-devel-linux-x86_64-fedora-clang 0.19 18.94 NOTE
r-devel-linux-x86_64-fedora-gcc 0.19 18.19 NOTE
r-devel-windows-ix86+x86_64 0.19 4.00 26.00 30.00 OK
r-patched-linux-x86_64 0.19 0.66 11.97 12.62 OK
r-patched-solaris-x86 0.19 26.50 NOTE
r-release-linux-x86_64 0.19 0.60 11.25 11.85 OK
r-release-windows-ix86+x86_64 0.19 3.00 27.00 30.00 OK
r-release-osx-x86_64 0.19 NOTE
r-oldrel-windows-ix86+x86_64 0.19 3.00 30.00 33.00 OK
r-oldrel-osx-x86_64 0.19 NOTE

Check Details

Version: 0.19
Check: data for non-ASCII characters
Result: NOTE
     Note: found 765 marked UTF-8 strings
Flavors: r-devel-linux-x86_64-fedora-clang, r-devel-linux-x86_64-fedora-gcc, r-patched-solaris-x86, r-release-osx-x86_64, r-oldrel-osx-x86_64