CRAN Package Check Results for Package countrycode

Last updated on 2017-01-20 23:50:15.

Flavor Version Tinstall Tcheck Ttotal Status Flags
r-devel-linux-x86_64-debian-clang 0.18 0.64 10.72 11.36 NOTE
r-devel-linux-x86_64-debian-gcc 0.18 0.61 10.69 11.30 NOTE
r-devel-linux-x86_64-fedora-clang 0.18 18.16 NOTE --no-stop-on-test-error
r-devel-linux-x86_64-fedora-gcc 0.18 17.22 NOTE --no-stop-on-test-error
r-devel-macos-x86_64-clang 0.18 16.95 NOTE --no-stop-on-test-error
r-devel-windows-ix86+x86_64 0.18 3.00 33.00 36.00 NOTE
r-patched-linux-x86_64 0.18 0.52 8.98 9.49 NOTE
r-patched-solaris-sparc 0.18 90.70 NOTE
r-patched-solaris-x86 0.18 23.10 NOTE
r-release-linux-x86_64 0.18 0.59 8.76 9.35 NOTE
r-release-osx-x86_64-mavericks 0.18 NOTE
r-release-windows-ix86+x86_64 0.18 2.00 35.00 37.00 NOTE
r-oldrel-windows-ix86+x86_64 0.18 3.00 51.00 54.00 NOTE

Check Details

Version: 0.18
Check: R code for possible problems
Result: NOTE
    countrycode: no visible global function definition for ‘na.omit’
    Undefined global functions or variables:
     na.omit
    Consider adding
     importFrom("stats", "na.omit")
    to your NAMESPACE file.
Flavors: r-devel-linux-x86_64-debian-clang, r-devel-linux-x86_64-debian-gcc, r-devel-windows-ix86+x86_64, r-patched-linux-x86_64, r-patched-solaris-sparc, r-patched-solaris-x86, r-release-linux-x86_64, r-release-osx-x86_64-mavericks, r-release-windows-ix86+x86_64

Version: 0.18
Flags: --no-stop-on-test-error
Check: R code for possible problems
Result: NOTE
    countrycode: no visible global function definition for ‘na.omit’
    Undefined global functions or variables:
     na.omit
    Consider adding
     importFrom("stats", "na.omit")
    to your NAMESPACE file.
Flavors: r-devel-linux-x86_64-fedora-clang, r-devel-linux-x86_64-fedora-gcc, r-devel-macos-x86_64-clang

Version: 0.18
Flags: --no-stop-on-test-error
Check: data for non-ASCII characters
Result: NOTE
     Note: found 6 marked UTF-8 strings
Flavors: r-devel-linux-x86_64-fedora-clang, r-devel-linux-x86_64-fedora-gcc, r-devel-macos-x86_64-clang

Version: 0.18
Check: data for non-ASCII characters
Result: NOTE
     Note: found 6 marked UTF-8 strings
Flavors: r-patched-solaris-sparc, r-patched-solaris-x86, r-release-osx-x86_64-mavericks, r-oldrel-windows-ix86+x86_64