CRAN Package Check Results for Package countrycode

Last updated on 2014-10-25 17:46:40.

Flavor Version Tinstall Tcheck Ttotal Status Flags
r-devel-linux-x86_64-debian-clang 0.17 0.57 8.88 9.45 NOTE
r-devel-linux-x86_64-debian-gcc 0.17 0.54 9.11 9.65 NOTE
r-devel-linux-x86_64-fedora-clang 0.17 14.41 NOTE
r-devel-linux-x86_64-fedora-gcc 0.17 17.84 NOTE
r-devel-osx-x86_64-clang 0.17 21.92 NOTE
r-devel-windows-ix86+x86_64 0.17 2.00 16.00 18.00 NOTE
r-patched-linux-x86_64 0.17 0.57 8.86 9.43 NOTE
r-patched-solaris-sparc 0.17 111.30 NOTE
r-patched-solaris-x86 0.17 28.20 NOTE
r-release-linux-ix86 0.17 0.78 14.26 15.04 OK
r-release-linux-x86_64 0.17 0.52 8.62 9.14 OK
r-release-osx-x86_64-mavericks 0.17 OK
r-release-osx-x86_64-snowleopard 0.17 OK
r-release-windows-ix86+x86_64 0.17 3.00 15.00 18.00 OK
r-oldrel-windows-ix86+x86_64 0.17 2.00 17.00 19.00 OK

Check Details

Version: 0.17
Check: R code for possible problems
Result: NOTE
    countrycode: no visible binding for global variable ‘countrycode_data’
    countrycode_test: no visible binding for global variable
     ‘countrycode_data’
Flavors: r-devel-linux-x86_64-debian-clang, r-devel-linux-x86_64-debian-gcc, r-devel-linux-x86_64-fedora-clang, r-devel-linux-x86_64-fedora-gcc, r-devel-osx-x86_64-clang, r-devel-windows-ix86+x86_64, r-patched-linux-x86_64, r-patched-solaris-sparc, r-patched-solaris-x86