CRAN Package Check Results for Package countrycode

Last updated on 2016-05-31 13:47:15.

Flavor Version Tinstall Tcheck Ttotal Status Flags
r-devel-linux-x86_64-debian-gcc 0.18 0.52 8.86 9.38 NOTE
r-devel-linux-x86_64-fedora-clang 0.18 15.89 NOTE
r-devel-linux-x86_64-fedora-gcc 0.18 13.87 NOTE
r-devel-osx-x86_64-clang 0.18 20.23 NOTE
r-devel-windows-ix86+x86_64 0.18 2.00 27.00 29.00 NOTE
r-patched-linux-x86_64 0.18 0.58 9.75 10.33 NOTE
r-patched-solaris-sparc 0.18 88.50 NOTE
r-patched-solaris-x86 0.18 21.10 NOTE
r-release-linux-x86_64 0.18 0.50 8.55 9.05 NOTE
r-release-osx-x86_64-mavericks 0.18 NOTE
r-release-windows-ix86+x86_64 0.18 4.00 26.00 30.00 NOTE
r-oldrel-windows-ix86+x86_64 0.18 2.00 37.00 39.00 NOTE

Check Details

Version: 0.18
Check: R code for possible problems
Result: NOTE
    countrycode: no visible global function definition for ‘na.omit’
    Undefined global functions or variables:
     na.omit
    Consider adding
     importFrom("stats", "na.omit")
    to your NAMESPACE file.
Flavors: r-devel-linux-x86_64-debian-gcc, r-devel-linux-x86_64-fedora-clang, r-devel-linux-x86_64-fedora-gcc, r-devel-osx-x86_64-clang, r-devel-windows-ix86+x86_64, r-patched-linux-x86_64, r-patched-solaris-sparc, r-patched-solaris-x86, r-release-linux-x86_64, r-release-osx-x86_64-mavericks, r-release-windows-ix86+x86_64

Version: 0.18
Check: data for non-ASCII characters
Result: NOTE
     Note: found 6 marked UTF-8 strings
Flavors: r-devel-linux-x86_64-fedora-clang, r-devel-linux-x86_64-fedora-gcc, r-devel-osx-x86_64-clang, r-patched-solaris-sparc, r-patched-solaris-x86, r-release-osx-x86_64-mavericks, r-oldrel-windows-ix86+x86_64