CRAN Package Check Results for Package countrycode

Last updated on 2017-06-23 23:50:36.

Flavor Version Tinstall Tcheck Ttotal Status Flags
r-devel-linux-x86_64-debian-clang 0.19 0.70 11.19 11.89 OK
r-devel-linux-x86_64-debian-gcc 0.19 0.59 11.70 12.29 OK
r-devel-linux-x86_64-fedora-clang 0.19 18.20 NOTE
r-devel-linux-x86_64-fedora-gcc 0.19 17.06 NOTE
r-devel-windows-ix86+x86_64 0.19 2.00 35.00 37.00 OK
r-patched-linux-x86_64 0.19 0.64 10.68 11.31 OK
r-patched-solaris-sparc 0.19 109.90 NOTE
r-patched-solaris-x86 0.19 25.90 NOTE
r-release-linux-x86_64 0.19 0.59 10.82 11.41 OK
r-release-windows-ix86+x86_64 0.19 2.00 35.00 37.00 OK
r-release-osx-x86_64 0.19 NOTE
r-oldrel-windows-ix86+x86_64 0.19 4.00 32.00 36.00 OK
r-oldrel-osx-x86_64 0.19 NOTE

Check Details

Version: 0.19
Check: data for non-ASCII characters
Result: NOTE
     Note: found 765 marked UTF-8 strings
Flavors: r-devel-linux-x86_64-fedora-clang, r-devel-linux-x86_64-fedora-gcc, r-patched-solaris-sparc, r-patched-solaris-x86, r-release-osx-x86_64, r-oldrel-osx-x86_64