CRAN Package Check Results for Package countrycode

Last updated on 2018-06-21 11:50:01 CEST.

Flavor Version Tinstall Tcheck Ttotal Status Flags
r-devel-linux-x86_64-debian-clang 1.00.0 2.63 17.61 20.24 OK
r-devel-linux-x86_64-debian-gcc 1.00.0 2.80 15.92 18.72 OK
r-devel-linux-x86_64-fedora-clang 1.00.0 28.56 NOTE
r-devel-linux-x86_64-fedora-gcc 1.00.0 26.45 NOTE
r-devel-windows-ix86+x86_64 1.00.0 7.00 32.00 39.00 OK
r-patched-linux-x86_64 1.00.0 2.91 18.90 21.81 OK
r-patched-solaris-x86 1.00.0 44.80 NOTE
r-release-linux-x86_64 1.00.0 3.08 18.68 21.76 OK
r-release-windows-ix86+x86_64 1.00.0 6.00 32.00 38.00 OK
r-release-osx-x86_64 1.00.0 NOTE
r-oldrel-windows-ix86+x86_64 1.00.0 7.00 30.00 37.00 OK
r-oldrel-osx-x86_64 1.00.0 NOTE

Check Details

Version: 1.00.0
Check: data for non-ASCII characters
Result: NOTE
     Note: found 71324 marked UTF-8 strings
Flavors: r-devel-linux-x86_64-fedora-clang, r-devel-linux-x86_64-fedora-gcc, r-patched-solaris-x86, r-release-osx-x86_64, r-oldrel-osx-x86_64