CRAN Package Check Results for Package countrycode

Last updated on 2017-12-13 23:14:12 CET.

Flavor Version Tinstall Tcheck Ttotal Status Flags
r-devel-linux-x86_64-debian-clang 0.19 0.63 14.61 15.24 OK
r-devel-linux-x86_64-debian-gcc 0.19 0.56 13.15 13.71 OK
r-devel-linux-x86_64-fedora-clang 0.19 17.46 NOTE
r-devel-linux-x86_64-fedora-gcc 0.19 18.19 NOTE
r-devel-windows-ix86+x86_64 0.19 2.00 28.00 30.00 OK
r-patched-linux-x86_64 0.19 0.72 14.25 14.97 OK
r-patched-solaris-x86 0.19 26.30 NOTE
r-release-linux-x86_64 0.19 0.66 14.29 14.95 OK
r-release-windows-ix86+x86_64 0.19 2.00 35.00 37.00 OK
r-release-osx-x86_64 0.19 NOTE
r-oldrel-windows-ix86+x86_64 0.19 3.00 32.00 35.00 OK
r-oldrel-osx-x86_64 0.19 NOTE

Check Details

Version: 0.19
Check: data for non-ASCII characters
Result: NOTE
     Note: found 765 marked UTF-8 strings
Flavors: r-devel-linux-x86_64-fedora-clang, r-devel-linux-x86_64-fedora-gcc, r-patched-solaris-x86, r-release-osx-x86_64, r-oldrel-osx-x86_64