CRAN Package Check Results for Package countrycode

Last updated on 2016-02-13 09:46:53.

Flavor Version Tinstall Tcheck Ttotal Status Flags
r-devel-linux-x86_64-debian-gcc 0.18 0.54 8.01 8.55 NOTE
r-devel-linux-x86_64-fedora-clang 0.18 14.93 NOTE
r-devel-linux-x86_64-fedora-gcc 0.18 14.16 NOTE
r-devel-osx-x86_64-clang 0.18 19.33 NOTE
r-devel-windows-ix86+x86_64 0.18 3.00 19.00 22.00 NOTE
r-patched-linux-x86_64 0.18 0.59 8.63 9.22 NOTE
r-patched-solaris-sparc 0.18 99.40 NOTE
r-patched-solaris-x86 0.18 23.50 NOTE
r-release-linux-x86_64 0.18 0.54 8.77 9.30 NOTE
r-release-osx-x86_64-mavericks 0.18 NOTE
r-release-windows-ix86+x86_64 0.18 3.00 17.00 20.00 NOTE
r-oldrel-windows-ix86+x86_64 0.18 4.00 19.00 23.00 NOTE

Check Details

Version: 0.18
Check: R code for possible problems
Result: NOTE
    countrycode: no visible global function definition for ‘na.omit’
    Undefined global functions or variables:
     na.omit
    Consider adding
     importFrom("stats", "na.omit")
    to your NAMESPACE file.
Flavors: r-devel-linux-x86_64-debian-gcc, r-devel-linux-x86_64-fedora-clang, r-devel-linux-x86_64-fedora-gcc, r-devel-osx-x86_64-clang, r-devel-windows-ix86+x86_64

Version: 0.18
Check: data for non-ASCII characters
Result: NOTE
     Note: found 6 marked UTF-8 strings
Flavors: r-devel-linux-x86_64-fedora-clang, r-devel-linux-x86_64-fedora-gcc, r-devel-osx-x86_64-clang, r-patched-linux-x86_64, r-patched-solaris-sparc, r-patched-solaris-x86, r-release-linux-x86_64, r-release-osx-x86_64-mavericks, r-release-windows-ix86+x86_64, r-oldrel-windows-ix86+x86_64