CRAN Package Check Results for Package countrycode

Last updated on 2015-07-05 17:47:22.

Flavor Version Tinstall Tcheck Ttotal Status Flags
r-devel-linux-x86_64-debian-clang 0.18 0.50 8.52 9.02 NOTE
r-devel-linux-x86_64-debian-gcc 0.18 0.56 8.28 8.84 NOTE
r-devel-linux-x86_64-fedora-clang 0.18 16.26 NOTE
r-devel-linux-x86_64-fedora-gcc 0.18 15.62 NOTE
r-devel-osx-x86_64-clang 0.18 18.29 NOTE
r-devel-windows-ix86+x86_64 0.18 3.00 15.00 18.00 NOTE
r-patched-linux-x86_64 0.18 0.50 8.78 9.28 NOTE
r-patched-solaris-sparc 0.18 112.70 NOTE
r-patched-solaris-x86 0.18 26.70 NOTE
r-release-linux-x86_64 0.18 0.52 8.67 9.20 NOTE
r-release-osx-x86_64-mavericks 0.18 NOTE
r-release-windows-ix86+x86_64 0.18 3.00 15.00 18.00 NOTE
r-oldrel-windows-ix86+x86_64 0.18 4.00 18.00 22.00 NOTE

Check Details

Version: 0.18
Check: R code for possible problems
Result: NOTE
    countrycode: no visible global function definition for ‘na.omit’
    Undefined global functions or variables:
     na.omit
Flavors: r-devel-linux-x86_64-debian-clang, r-devel-linux-x86_64-debian-gcc, r-devel-linux-x86_64-fedora-clang, r-devel-linux-x86_64-fedora-gcc, r-devel-windows-ix86+x86_64

Version: 0.18
Check: data for non-ASCII characters
Result: NOTE
     Note: found 6 marked UTF-8 strings
Flavors: r-devel-linux-x86_64-debian-clang, r-devel-linux-x86_64-debian-gcc, r-devel-linux-x86_64-fedora-clang, r-devel-linux-x86_64-fedora-gcc, r-devel-osx-x86_64-clang, r-devel-windows-ix86+x86_64, r-patched-linux-x86_64, r-patched-solaris-sparc, r-patched-solaris-x86, r-release-linux-x86_64, r-release-osx-x86_64-mavericks, r-release-windows-ix86+x86_64, r-oldrel-windows-ix86+x86_64