CRAN Package Check Results for Package countrycode

Last updated on 2015-04-27 21:46:28.

Flavor Version Tinstall Tcheck Ttotal Status Flags
r-devel-linux-x86_64-debian-clang 0.18 0.62 8.72 9.35 NOTE
r-devel-linux-x86_64-debian-gcc 0.18 0.54 9.02 9.56 NOTE
r-devel-linux-x86_64-fedora-clang 0.18 17.82 NOTE
r-devel-linux-x86_64-fedora-gcc 0.18 16.44 NOTE
r-devel-osx-x86_64-clang 0.18 23.70 NOTE
r-devel-windows-ix86+x86_64 0.18 2.00 17.00 19.00 NOTE
r-patched-linux-x86_64 0.18 0.53 8.75 9.28 NOTE
r-patched-solaris-sparc 0.18 122.20 NOTE
r-patched-solaris-x86 0.18 26.70 NOTE
r-release-linux-x86_64 0.18 0.51 8.77 9.28 NOTE
r-release-osx-x86_64-mavericks 0.18 NOTE
r-release-osx-x86_64-snowleopard 0.18 NOTE
r-release-windows-ix86+x86_64 0.18 4.00 23.00 27.00 NOTE
r-oldrel-windows-ix86+x86_64 0.18 2.00 16.00 18.00 NOTE

Check Details

Version: 0.18
Check: data for non-ASCII characters
Result: NOTE
     Note: found 6 marked UTF-8 strings
Flavors: r-devel-linux-x86_64-debian-clang, r-devel-linux-x86_64-debian-gcc, r-devel-linux-x86_64-fedora-clang, r-devel-linux-x86_64-fedora-gcc, r-devel-osx-x86_64-clang, r-devel-windows-ix86+x86_64, r-patched-solaris-sparc, r-patched-solaris-x86, r-release-linux-x86_64, r-release-osx-x86_64-mavericks, r-release-osx-x86_64-snowleopard, r-release-windows-ix86+x86_64, r-oldrel-windows-ix86+x86_64