CRAN Package Check Results for Package countrycode

Last updated on 2015-08-05 11:47:52.

Flavor Version Tinstall Tcheck Ttotal Status Flags
r-devel-linux-x86_64-debian-clang 0.18 0.60 8.45 9.04 NOTE
r-devel-linux-x86_64-debian-gcc 0.18 0.48 8.41 8.89 NOTE
r-devel-linux-x86_64-fedora-clang 0.18 16.55 NOTE
r-devel-linux-x86_64-fedora-gcc 0.18 16.13 NOTE
r-devel-osx-x86_64-clang 0.18 18.72 NOTE
r-devel-windows-ix86+x86_64 0.18 3.00 17.00 20.00 NOTE
r-patched-linux-x86_64 0.18 0.51 8.88 9.39 NOTE
r-patched-solaris-sparc 0.18 114.60 NOTE
r-patched-solaris-x86 0.18 27.30 NOTE
r-release-linux-x86_64 0.18 0.52 8.68 9.21 NOTE
r-release-osx-x86_64-mavericks 0.18 NOTE
r-release-windows-ix86+x86_64 0.18 4.00 17.00 21.00 NOTE
r-oldrel-windows-ix86+x86_64 0.18 5.00 17.00 22.00 NOTE

Check Details

Version: 0.18
Check: R code for possible problems
Result: NOTE
    countrycode: no visible global function definition for ‘na.omit’
    Undefined global functions or variables:
     na.omit
    Consider adding
     importFrom("stats", "na.omit")
    to your NAMESPACE.
Flavors: r-devel-linux-x86_64-debian-clang, r-devel-linux-x86_64-debian-gcc, r-devel-linux-x86_64-fedora-clang, r-devel-linux-x86_64-fedora-gcc, r-devel-windows-ix86+x86_64

Version: 0.18
Check: data for non-ASCII characters
Result: NOTE
     Note: found 6 marked UTF-8 strings
Flavors: r-devel-linux-x86_64-debian-clang, r-devel-linux-x86_64-debian-gcc, r-devel-linux-x86_64-fedora-clang, r-devel-linux-x86_64-fedora-gcc, r-devel-osx-x86_64-clang, r-devel-windows-ix86+x86_64, r-patched-linux-x86_64, r-patched-solaris-sparc, r-patched-solaris-x86, r-release-linux-x86_64, r-release-osx-x86_64-mavericks, r-release-windows-ix86+x86_64, r-oldrel-windows-ix86+x86_64