CRAN Package Check Results for Package countrycode

Last updated on 2016-08-27 05:48:36.

Flavor Version Tinstall Tcheck Ttotal Status Flags
r-devel-linux-x86_64-debian-clang 0.18 0.49 8.88 9.37 NOTE
r-devel-linux-x86_64-debian-gcc 0.18 0.79 11.20 11.99 NOTE
r-devel-linux-x86_64-fedora-clang 0.18 15.47 NOTE
r-devel-linux-x86_64-fedora-gcc 0.18 14.41 NOTE
r-devel-osx-x86_64-clang 0.18 14.49 NOTE
r-devel-windows-ix86+x86_64 0.18 3.00 26.00 29.00 NOTE
r-patched-linux-x86_64 0.18 0.58 8.79 9.37 NOTE
r-patched-solaris-sparc 0.18 88.60 NOTE
r-patched-solaris-x86 0.18 20.90 NOTE
r-release-linux-x86_64 0.18 0.52 9.93 10.45 NOTE
r-release-osx-x86_64-mavericks 0.18 NOTE
r-release-windows-ix86+x86_64 0.18 4.00 25.00 29.00 NOTE
r-oldrel-windows-ix86+x86_64 0.18 2.00 35.00 37.00 NOTE

Check Details

Version: 0.18
Check: R code for possible problems
Result: NOTE
    countrycode: no visible global function definition for ‘na.omit’
    Undefined global functions or variables:
     na.omit
    Consider adding
     importFrom("stats", "na.omit")
    to your NAMESPACE file.
Flavors: r-devel-linux-x86_64-debian-clang, r-devel-linux-x86_64-debian-gcc, r-devel-linux-x86_64-fedora-clang, r-devel-linux-x86_64-fedora-gcc, r-devel-osx-x86_64-clang, r-devel-windows-ix86+x86_64, r-patched-linux-x86_64, r-patched-solaris-sparc, r-patched-solaris-x86, r-release-linux-x86_64, r-release-osx-x86_64-mavericks, r-release-windows-ix86+x86_64

Version: 0.18
Check: data for non-ASCII characters
Result: NOTE
     Note: found 6 marked UTF-8 strings
Flavors: r-devel-linux-x86_64-fedora-clang, r-devel-linux-x86_64-fedora-gcc, r-devel-osx-x86_64-clang, r-patched-solaris-sparc, r-patched-solaris-x86, r-release-osx-x86_64-mavericks, r-oldrel-windows-ix86+x86_64