CRAN Package Check Results for Package countrycode

Last updated on 2018-04-27 04:50:21 CEST.

Flavor Version Tinstall Tcheck Ttotal Status Flags
r-devel-linux-x86_64-debian-clang 1.00.0 3.79 16.67 20.46 OK
r-devel-linux-x86_64-debian-gcc 1.00.0 3.22 15.18 18.40 OK
r-devel-linux-x86_64-fedora-clang 1.00.0 27.29 NOTE
r-devel-linux-x86_64-fedora-gcc 1.00.0 25.77 NOTE
r-devel-windows-ix86+x86_64 1.00.0 8.00 46.00 54.00 OK
r-patched-linux-x86_64 1.00.0 2.62 18.48 21.10 OK
r-patched-solaris-x86 1.00.0 43.90 NOTE
r-release-linux-x86_64 1.00.0 3.18 18.38 21.56 OK
r-release-windows-ix86+x86_64 1.00.0 8.00 46.00 54.00 OK
r-release-osx-x86_64 1.00.0 NOTE
r-oldrel-windows-ix86+x86_64 1.00.0 5.00 32.00 37.00 OK
r-oldrel-osx-x86_64 1.00.0 NOTE

Check Details

Version: 1.00.0
Check: data for non-ASCII characters
Result: NOTE
     Note: found 71324 marked UTF-8 strings
Flavors: r-devel-linux-x86_64-fedora-clang, r-devel-linux-x86_64-fedora-gcc, r-patched-solaris-x86, r-release-osx-x86_64, r-oldrel-osx-x86_64