CRAN Package Check Results for Package covLCA

Last updated on 2014-04-19 11:48:48.

Flavor Version Tinstall Tcheck Ttotal Status Flags
r-devel-linux-x86_64-debian-clang 1.0 3.85 50.43 54.28 NOTE
r-devel-linux-x86_64-debian-gcc 1.0 3.83 50.08 53.91 NOTE
r-devel-linux-x86_64-fedora-clang 1.0 124.29 NOTE
r-devel-linux-x86_64-fedora-gcc 1.0 118.90 NOTE
r-devel-macosx-x86_64-clang 1.0 96.79 NOTE
r-devel-macosx-x86_64-gcc 1.0 ERROR
r-devel-windows-ix86+x86_64 1.0 10.00 70.00 80.00 NOTE
r-patched-linux-x86_64 1.0 3.82 49.89 53.71 NOTE
r-patched-solaris-sparc 1.0 669.80 NOTE
r-patched-solaris-x86 1.0 157.60 NOTE
r-release-linux-ix86 1.0 8.00 82.00 90.00 NOTE
r-release-linux-x86_64 1.0 3.94 50.03 53.98 NOTE
r-release-macosx-x86_64 1.0 ERROR
r-release-windows-ix86+x86_64 1.0 15.00 72.00 87.00 NOTE
r-oldrel-windows-ix86+x86_64 1.0 12.00 68.00 80.00 NOTE

Check Details

Version: 1.0
Check: dependencies in R code
Result: NOTE
    'library' or 'require' calls to packages already attached by Depends:
     ‘Matrix’ ‘mlogit’ ‘poLCA’
     Please remove these calls from your code.
    Packages in Depends field not imported from:
     ‘Matrix’ ‘mlogit’ ‘poLCA’
     These packages need to be imported from (in the NAMESPACE file)
     for when this namespace is loaded but not attached.
    See the information on DESCRIPTION files in the chapter ‘Creating R
    packages’ of the ‘Writing R Extensions’ manual.
Flavors: r-devel-linux-x86_64-debian-clang, r-devel-linux-x86_64-debian-gcc, r-devel-linux-x86_64-fedora-clang, r-devel-linux-x86_64-fedora-gcc, r-devel-macosx-x86_64-clang, r-devel-windows-ix86+x86_64, r-patched-linux-x86_64, r-patched-solaris-sparc, r-patched-solaris-x86, r-release-linux-ix86, r-release-linux-x86_64, r-release-windows-ix86+x86_64, r-oldrel-windows-ix86+x86_64

Version: 1.0
Check: package dependencies
Result: ERROR
    Package required but not available: ‘mlogit’
    
    See the information on DESCRIPTION files in the chapter ‘Creating R
    packages’ of the ‘Writing R Extensions’ manual.
Flavor: r-devel-macosx-x86_64-gcc

Version: 1.0
Check: whether package can be installed
Result: ERROR
    Installation failed.
    See ‘/Volumes/XT3/Builds/R-dev-web/QA/Simon/packages/snowleopard-x86_64/results/3.1/covLCA.Rcheck/00install.out’ for details.
Flavor: r-release-macosx-x86_64