CRAN Package Check Results for Package covLCA

Last updated on 2014-12-19 08:48:28.

Flavor Version Tinstall Tcheck Ttotal Status Flags
r-devel-linux-x86_64-debian-clang 1.0 3.47 46.05 49.52 NOTE
r-devel-linux-x86_64-debian-gcc 1.0 3.29 44.95 48.24 NOTE
r-devel-linux-x86_64-fedora-clang 1.0 117.45 NOTE
r-devel-linux-x86_64-fedora-gcc 1.0 104.64 NOTE
r-devel-osx-x86_64-clang 1.0 98.31 NOTE
r-devel-windows-ix86+x86_64 1.0 12.00 71.00 83.00 NOTE
r-patched-linux-x86_64 1.0 3.62 46.89 50.51 NOTE
r-patched-solaris-sparc 1.0 647.60 NOTE
r-patched-solaris-x86 1.0 151.60 NOTE
r-release-linux-ix86 1.0 4.21 55.63 59.84 NOTE
r-release-linux-x86_64 1.0 3.76 46.20 49.95 NOTE
r-release-osx-x86_64-mavericks 1.0 NOTE
r-release-osx-x86_64-snowleopard 1.0 ERROR
r-release-windows-ix86+x86_64 1.0 11.00 65.00 76.00 NOTE
r-oldrel-windows-ix86+x86_64 1.0 13.00 72.00 85.00 NOTE

Check Details

Version: 1.0
Check: dependencies in R code
Result: NOTE
    'library' or 'require' calls to packages already attached by Depends:
     ‘Matrix’ ‘mlogit’ ‘poLCA’
     Please remove these calls from your code.
    Packages in Depends field not imported from:
     ‘Matrix’ ‘mlogit’ ‘poLCA’
     These packages need to be imported from (in the NAMESPACE file)
     for when this namespace is loaded but not attached.
    See the information on DESCRIPTION files in the chapter ‘Creating R
    packages’ of the ‘Writing R Extensions’ manual.
Flavors: r-devel-linux-x86_64-debian-clang, r-devel-linux-x86_64-debian-gcc, r-devel-linux-x86_64-fedora-clang, r-devel-linux-x86_64-fedora-gcc, r-devel-osx-x86_64-clang, r-devel-windows-ix86+x86_64, r-patched-linux-x86_64, r-patched-solaris-sparc, r-patched-solaris-x86, r-release-linux-ix86, r-release-linux-x86_64, r-release-osx-x86_64-mavericks, r-release-windows-ix86+x86_64, r-oldrel-windows-ix86+x86_64

Version: 1.0
Check: R code for possible problems
Result: NOTE
    covLCA: no visible global function definition for ‘ginv’
    covLCA.initialAlphaGamma: no visible global function definition for
     ‘mlogit.data’
    covLCA.initialAlphaGamma: no visible global function definition for
     ‘mlogit’
    covLCA.initialBeta: no visible global function definition for ‘poLCA’
    covLCA.initialBeta: no visible global function definition for
     ‘mlogit.data’
    covLCA.initialBeta: no visible global function definition for ‘mlogit’
    covLCA.paramVariance: no visible global function definition for ‘ginv’
    covLCA.varianceFirst: no visible global function definition for ‘bdiag’
Flavors: r-devel-linux-x86_64-debian-clang, r-devel-linux-x86_64-debian-gcc, r-devel-linux-x86_64-fedora-clang, r-devel-linux-x86_64-fedora-gcc, r-devel-osx-x86_64-clang, r-devel-windows-ix86+x86_64, r-patched-linux-x86_64, r-patched-solaris-sparc, r-patched-solaris-x86, r-release-linux-ix86, r-release-linux-x86_64, r-release-windows-ix86+x86_64

Version: 1.0
Check: whether package can be installed
Result: ERROR
    Installation failed.
Flavor: r-release-osx-x86_64-snowleopard