CRAN Package Check Results for Package covLCA

Last updated on 2014-07-24 17:48:59.

Flavor Version Tinstall Tcheck Ttotal Status Flags
r-devel-linux-x86_64-debian-clang 1.0 4.28 48.18 52.46 NOTE
r-devel-linux-x86_64-debian-gcc 1.0 3.62 47.14 50.76 NOTE
r-devel-linux-x86_64-fedora-clang 1.0 127.02 NOTE
r-devel-linux-x86_64-fedora-gcc 1.0 119.95 NOTE
r-devel-osx-x86_64-clang 1.0 100.74 NOTE
r-devel-windows-ix86+x86_64 1.0 11.00 70.00 81.00 NOTE
r-patched-linux-x86_64 1.0 3.61 47.91 51.52 NOTE
r-patched-solaris-sparc 1.0 669.80 NOTE
r-patched-solaris-x86 1.0 156.00 NOTE
r-release-linux-ix86 1.0 4.41 60.80 65.21 NOTE
r-release-linux-x86_64 1.0 3.66 48.90 52.56 NOTE
r-release-osx-x86_64-mavericks 1.0 NOTE
r-release-osx-x86_64-snowleopard 1.0 ERROR
r-release-windows-ix86+x86_64 1.0 12.00 70.00 82.00 NOTE
r-oldrel-windows-ix86+x86_64 1.0 10.00 75.00 85.00 NOTE

Check Details

Version: 1.0
Check: dependencies in R code
Result: NOTE
    'library' or 'require' calls to packages already attached by Depends:
     ‘Matrix’ ‘mlogit’ ‘poLCA’
     Please remove these calls from your code.
    Packages in Depends field not imported from:
     ‘Matrix’ ‘mlogit’ ‘poLCA’
     These packages need to be imported from (in the NAMESPACE file)
     for when this namespace is loaded but not attached.
    See the information on DESCRIPTION files in the chapter ‘Creating R
    packages’ of the ‘Writing R Extensions’ manual.
Flavors: r-devel-linux-x86_64-debian-clang, r-devel-linux-x86_64-debian-gcc, r-devel-linux-x86_64-fedora-clang, r-devel-linux-x86_64-fedora-gcc, r-devel-osx-x86_64-clang, r-devel-windows-ix86+x86_64, r-patched-linux-x86_64, r-patched-solaris-sparc, r-patched-solaris-x86, r-release-linux-ix86, r-release-linux-x86_64, r-release-osx-x86_64-mavericks, r-release-windows-ix86+x86_64, r-oldrel-windows-ix86+x86_64

Version: 1.0
Check: whether package can be installed
Result: ERROR
    Installation failed.
    See ‘/Volumes/XT3/Builds/R-dev-web/QA/Simon/packages/snowleopard-x86_64/results/3.1/covLCA.Rcheck/00install.out’ for details.
Flavor: r-release-osx-x86_64-snowleopard