CRAN Package Check Results for Package covLCA

Last updated on 2014-09-30 19:47:29.

Flavor Version Tinstall Tcheck Ttotal Status Flags
r-devel-linux-x86_64-debian-clang 1.0 3.39 45.80 49.18 NOTE
r-devel-linux-x86_64-debian-gcc 1.0 3.50 44.94 48.44 NOTE
r-devel-linux-x86_64-fedora-clang 1.0 114.92 NOTE
r-devel-linux-x86_64-fedora-gcc 1.0 115.80 NOTE
r-devel-osx-x86_64-clang 1.0 94.21 NOTE
r-devel-windows-ix86+x86_64 1.0 11.00 65.00 76.00 NOTE
r-patched-linux-x86_64 1.0 3.57 49.08 52.64 NOTE
r-patched-solaris-sparc 1.0 679.30 NOTE
r-patched-solaris-x86 1.0 160.00 NOTE
r-release-linux-ix86 1.0 4.42 60.59 65.01 NOTE
r-release-linux-x86_64 1.0 3.88 49.50 53.38 NOTE
r-release-osx-x86_64-mavericks 1.0 NOTE
r-release-osx-x86_64-snowleopard 1.0 ERROR
r-release-windows-ix86+x86_64 1.0 12.00 76.00 88.00 NOTE
r-oldrel-windows-ix86+x86_64 1.0 10.00 73.00 83.00 NOTE

Check Details

Version: 1.0
Check: dependencies in R code
Result: NOTE
    'library' or 'require' calls to packages already attached by Depends:
     ‘Matrix’ ‘mlogit’ ‘poLCA’
     Please remove these calls from your code.
    Packages in Depends field not imported from:
     ‘Matrix’ ‘mlogit’ ‘poLCA’
     These packages need to be imported from (in the NAMESPACE file)
     for when this namespace is loaded but not attached.
    See the information on DESCRIPTION files in the chapter ‘Creating R
    packages’ of the ‘Writing R Extensions’ manual.
Flavors: r-devel-linux-x86_64-debian-clang, r-devel-linux-x86_64-debian-gcc, r-devel-linux-x86_64-fedora-clang, r-devel-linux-x86_64-fedora-gcc, r-devel-osx-x86_64-clang, r-devel-windows-ix86+x86_64, r-patched-linux-x86_64, r-patched-solaris-sparc, r-patched-solaris-x86, r-release-linux-ix86, r-release-linux-x86_64, r-release-osx-x86_64-mavericks, r-release-windows-ix86+x86_64, r-oldrel-windows-ix86+x86_64

Version: 1.0
Check: R code for possible problems
Result: NOTE
    covLCA: no visible global function definition for ‘ginv’
    covLCA.initialAlphaGamma: no visible global function definition for
     ‘mlogit.data’
    covLCA.initialAlphaGamma: no visible global function definition for
     ‘mlogit’
    covLCA.initialBeta: no visible global function definition for ‘poLCA’
    covLCA.initialBeta: no visible global function definition for
     ‘mlogit.data’
    covLCA.initialBeta: no visible global function definition for ‘mlogit’
    covLCA.paramVariance: no visible global function definition for ‘ginv’
    covLCA.varianceFirst: no visible global function definition for ‘bdiag’
Flavors: r-devel-linux-x86_64-debian-clang, r-devel-linux-x86_64-debian-gcc, r-devel-linux-x86_64-fedora-clang, r-devel-linux-x86_64-fedora-gcc, r-devel-osx-x86_64-clang, r-devel-windows-ix86+x86_64

Version: 1.0
Check: whether package can be installed
Result: ERROR
    Installation failed.
Flavor: r-release-osx-x86_64-snowleopard