CRAN Package Check Results for Package covLCA

Last updated on 2016-12-09 13:46:49.

Flavor Version Tinstall Tcheck Ttotal Status Flags
r-devel-linux-x86_64-debian-clang 1.0 2.55 38.27 40.82 NOTE
r-devel-linux-x86_64-debian-gcc 1.0 2.60 37.15 39.75 NOTE
r-devel-linux-x86_64-fedora-clang 1.0 86.48 NOTE --no-stop-on-test-error
r-devel-linux-x86_64-fedora-gcc 1.0 82.85 NOTE --no-stop-on-test-error
r-devel-macos-x86_64-clang 1.0 63.92 NOTE
r-devel-windows-ix86+x86_64 1.0 7.00 87.00 94.00 NOTE
r-patched-linux-x86_64 1.0 2.32 33.34 35.66 NOTE
r-patched-solaris-sparc 1.0 461.40 NOTE
r-patched-solaris-x86 1.0 94.90 NOTE
r-release-linux-x86_64 1.0 2.44 32.96 35.39 NOTE
r-release-osx-x86_64-mavericks 1.0 NOTE
r-release-windows-ix86+x86_64 1.0 7.00 59.00 66.00 NOTE
r-oldrel-windows-ix86+x86_64 1.0 11.00 60.00 71.00 NOTE

Check Details

Version: 1.0
Check: dependencies in R code
Result: NOTE
    'library' or 'require' calls to packages already attached by Depends:
     ‘Matrix’ ‘mlogit’ ‘poLCA’
     Please remove these calls from your code.
    Packages in Depends field not imported from:
     ‘Matrix’ ‘mlogit’ ‘poLCA’
     These packages need to be imported from (in the NAMESPACE file)
     for when this namespace is loaded but not attached.
Flavors: r-devel-linux-x86_64-debian-clang, r-devel-linux-x86_64-debian-gcc, r-devel-macos-x86_64-clang, r-devel-windows-ix86+x86_64, r-patched-linux-x86_64, r-patched-solaris-sparc, r-patched-solaris-x86, r-release-linux-x86_64, r-release-osx-x86_64-mavericks, r-release-windows-ix86+x86_64, r-oldrel-windows-ix86+x86_64

Version: 1.0
Check: R code for possible problems
Result: NOTE
    covLCA: no visible global function definition for ‘model.response’
    covLCA: no visible global function definition for ‘model.frame’
    covLCA: no visible global function definition for ‘model.matrix’
    covLCA: no visible global function definition for ‘rnorm’
    covLCA: no visible global function definition for ‘flush.console’
    covLCA: no visible global function definition for ‘ginv’
    covLCA.initialAlphaGamma: no visible global function definition for
     ‘as.formula’
    covLCA.initialAlphaGamma: no visible global function definition for
     ‘mlogit.data’
    covLCA.initialAlphaGamma: no visible global function definition for
     ‘mlogit’
    covLCA.initialBeta: no visible global function definition for
     ‘as.formula’
    covLCA.initialBeta: no visible global function definition for ‘poLCA’
    covLCA.initialBeta: no visible global function definition for
     ‘mlogit.data’
    covLCA.initialBeta: no visible global function definition for ‘mlogit’
    covLCA.paramVariance: no visible global function definition for ‘ginv’
    covLCA.varianceFirst: no visible global function definition for ‘bdiag’
    Undefined global functions or variables:
     as.formula bdiag flush.console ginv mlogit mlogit.data model.frame
     model.matrix model.response poLCA rnorm
    Consider adding
     importFrom("stats", "as.formula", "model.frame", "model.matrix",
     "model.response", "rnorm")
     importFrom("utils", "flush.console")
    to your NAMESPACE file.
Flavors: r-devel-linux-x86_64-debian-clang, r-devel-linux-x86_64-debian-gcc, r-devel-macos-x86_64-clang, r-devel-windows-ix86+x86_64, r-patched-linux-x86_64, r-patched-solaris-sparc, r-patched-solaris-x86, r-release-linux-x86_64, r-release-osx-x86_64-mavericks, r-release-windows-ix86+x86_64

Version: 1.0
Flags: --no-stop-on-test-error
Check: dependencies in R code
Result: NOTE
    'library' or 'require' calls to packages already attached by Depends:
     ‘Matrix’ ‘mlogit’ ‘poLCA’
     Please remove these calls from your code.
    Packages in Depends field not imported from:
     ‘Matrix’ ‘mlogit’ ‘poLCA’
     These packages need to be imported from (in the NAMESPACE file)
     for when this namespace is loaded but not attached.
Flavors: r-devel-linux-x86_64-fedora-clang, r-devel-linux-x86_64-fedora-gcc

Version: 1.0
Flags: --no-stop-on-test-error
Check: R code for possible problems
Result: NOTE
    covLCA: no visible global function definition for ‘model.response’
    covLCA: no visible global function definition for ‘model.frame’
    covLCA: no visible global function definition for ‘model.matrix’
    covLCA: no visible global function definition for ‘rnorm’
    covLCA: no visible global function definition for ‘flush.console’
    covLCA: no visible global function definition for ‘ginv’
    covLCA.initialAlphaGamma: no visible global function definition for
     ‘as.formula’
    covLCA.initialAlphaGamma: no visible global function definition for
     ‘mlogit.data’
    covLCA.initialAlphaGamma: no visible global function definition for
     ‘mlogit’
    covLCA.initialBeta: no visible global function definition for
     ‘as.formula’
    covLCA.initialBeta: no visible global function definition for ‘poLCA’
    covLCA.initialBeta: no visible global function definition for
     ‘mlogit.data’
    covLCA.initialBeta: no visible global function definition for ‘mlogit’
    covLCA.paramVariance: no visible global function definition for ‘ginv’
    covLCA.varianceFirst: no visible global function definition for ‘bdiag’
    Undefined global functions or variables:
     as.formula bdiag flush.console ginv mlogit mlogit.data model.frame
     model.matrix model.response poLCA rnorm
    Consider adding
     importFrom("stats", "as.formula", "model.frame", "model.matrix",
     "model.response", "rnorm")
     importFrom("utils", "flush.console")
    to your NAMESPACE file.
Flavors: r-devel-linux-x86_64-fedora-clang, r-devel-linux-x86_64-fedora-gcc

Version: 1.0
Check: R code for possible problems
Result: NOTE
    covLCA: no visible global function definition for 'ginv'
    covLCA.initialAlphaGamma: no visible global function definition for
     'mlogit.data'
    covLCA.initialAlphaGamma: no visible global function definition for
     'mlogit'
    covLCA.initialBeta: no visible global function definition for 'poLCA'
    covLCA.initialBeta: no visible global function definition for
     'mlogit.data'
    covLCA.initialBeta: no visible global function definition for 'mlogit'
    covLCA.paramVariance: no visible global function definition for 'ginv'
    covLCA.varianceFirst: no visible global function definition for 'bdiag'
Flavor: r-oldrel-windows-ix86+x86_64