CRAN Package Check Results for Package covTest

Last updated on 2015-05-28 17:47:44.

Flavor Version Tinstall Tcheck Ttotal Status Flags
r-devel-linux-x86_64-debian-clang 1.02 2.67 34.55 37.22 NOTE
r-devel-linux-x86_64-debian-gcc 1.02 2.65 32.82 35.47 NOTE
r-devel-linux-x86_64-fedora-clang 1.02 78.30 NOTE
r-devel-linux-x86_64-fedora-gcc 1.02 70.70 NOTE
r-devel-osx-x86_64-clang 1.02 65.02 NOTE
r-devel-windows-ix86+x86_64 1.02 8.00 53.00 61.00 NOTE
r-patched-linux-x86_64 1.02 2.78 32.54 35.32 NOTE
r-patched-solaris-sparc 1.02 440.10 NOTE
r-patched-solaris-x86 1.02 104.70 NOTE
r-release-linux-x86_64 1.02 2.65 32.74 35.39 NOTE
r-release-osx-x86_64-mavericks 1.02 NOTE
r-release-osx-x86_64-snowleopard 1.02 NOTE
r-release-windows-ix86+x86_64 1.02 8.00 51.00 59.00 NOTE
r-oldrel-windows-ix86+x86_64 1.02 11.00 63.00 74.00 NOTE

Check Details

Version: 1.02
Check: top-level files
Result: NOTE
    Non-standard file/directory found at top level:
     ‘DESCRIPTION.old’
Flavors: r-devel-linux-x86_64-debian-clang, r-devel-linux-x86_64-debian-gcc, r-devel-linux-x86_64-fedora-clang, r-devel-linux-x86_64-fedora-gcc, r-patched-linux-x86_64, r-release-linux-x86_64

Version: 1.02
Check: S3 generic/method consistency
Result: NOTE
    Found the following apparent S3 methods exported but not registered:
     predict.lars.en predict.lars.glm
    See section ‘Registering S3 methods’ in the ‘Writing R Extensions’
    manual.
Flavors: r-devel-linux-x86_64-debian-clang, r-devel-linux-x86_64-debian-gcc, r-devel-linux-x86_64-fedora-clang, r-devel-linux-x86_64-fedora-gcc, r-devel-osx-x86_64-clang, r-patched-linux-x86_64, r-patched-solaris-sparc, r-patched-solaris-x86, r-release-linux-x86_64

Version: 1.02
Check: R code for possible problems
Result: NOTE
    calcz02: no visible global function definition for ‘coxph’
    covTest: no visible global function definition for ‘Surv’
Flavors: r-devel-linux-x86_64-debian-clang, r-devel-linux-x86_64-debian-gcc, r-devel-linux-x86_64-fedora-clang, r-devel-linux-x86_64-fedora-gcc, r-devel-osx-x86_64-clang, r-devel-windows-ix86+x86_64, r-patched-linux-x86_64, r-patched-solaris-sparc, r-patched-solaris-x86, r-release-linux-x86_64, r-release-osx-x86_64-mavericks, r-release-osx-x86_64-snowleopard, r-release-windows-ix86+x86_64, r-oldrel-windows-ix86+x86_64

Version: 1.02
Check: Rd line widths
Result: NOTE
    Rd file 'lars.glm.Rd':
     \usage lines wider than 90 characters:
     lars.glm(x, y, status = NULL, family = c("binomial", "cox"), standardize=TRUE,frac.arclength=.1)
    
    These lines will be truncated in the PDF manual.
Flavors: r-devel-linux-x86_64-debian-clang, r-devel-linux-x86_64-debian-gcc, r-devel-linux-x86_64-fedora-clang, r-devel-linux-x86_64-fedora-gcc, r-patched-linux-x86_64, r-release-linux-x86_64