CRAN Package Check Results for Package covTest

Last updated on 2017-03-27 06:48:01.

Flavor Version Tinstall Tcheck Ttotal Status Flags
r-devel-linux-x86_64-debian-clang 1.02 2.44 33.75 36.19 NOTE
r-devel-linux-x86_64-debian-gcc 1.02 2.45 33.23 35.67 NOTE
r-devel-linux-x86_64-fedora-clang 1.02 77.92 NOTE --no-stop-on-test-error
r-devel-linux-x86_64-fedora-gcc 1.02 79.39 NOTE --no-stop-on-test-error
r-devel-macos-x86_64-clang 1.02 60.53 NOTE --no-stop-on-test-error
r-patched-linux-x86_64 1.02 2.51 33.45 35.96 NOTE
r-patched-solaris-sparc 1.02 455.20 NOTE
r-patched-solaris-x86 1.02 106.10 NOTE
r-release-linux-x86_64 1.02 2.33 28.55 30.88 NOTE
r-release-osx-x86_64-mavericks 1.02 NOTE
r-release-windows-ix86+x86_64 1.02 10.00 61.00 71.00 NOTE
r-oldrel-windows-ix86+x86_64 1.02 6.00 55.00 61.00 NOTE

Check Details

Version: 1.02
Check: top-level files
Result: NOTE
    Non-standard file/directory found at top level:
     ‘DESCRIPTION.old’
Flavors: r-devel-linux-x86_64-debian-clang, r-devel-linux-x86_64-debian-gcc, r-patched-linux-x86_64, r-release-linux-x86_64

Version: 1.02
Check: S3 generic/method consistency
Result: NOTE
    Found the following apparent S3 methods exported but not registered:
     predict.lars.en predict.lars.glm
    See section ‘Registering S3 methods’ in the ‘Writing R Extensions’
    manual.
Flavors: r-devel-linux-x86_64-debian-clang, r-devel-linux-x86_64-debian-gcc, r-patched-linux-x86_64, r-patched-solaris-sparc, r-patched-solaris-x86, r-release-linux-x86_64

Version: 1.02
Check: R code for possible problems
Result: NOTE
    calcz02: no visible global function definition for ‘coxph’
    calcz02: no visible global function definition for ‘residuals’
    covTest: no visible global function definition for ‘Surv’
    covTest: no visible global function definition for ‘predict’
    covTest: no visible global function definition for ‘update’
    covTest: no visible global function definition for ‘lsfit’
    covTest: no visible global function definition for ‘pexp’
    covTest: no visible global function definition for ‘pf’
    lars.en: no visible binding for global variable ‘var’
    predict.lars.en: no visible global function definition for ‘predict’
    Undefined global functions or variables:
     Surv coxph lsfit pexp pf predict residuals update var
    Consider adding
     importFrom("stats", "lsfit", "pexp", "pf", "predict", "residuals",
     "update", "var")
    to your NAMESPACE file.
Flavors: r-devel-linux-x86_64-debian-clang, r-devel-linux-x86_64-debian-gcc, r-patched-linux-x86_64, r-patched-solaris-sparc, r-patched-solaris-x86, r-release-linux-x86_64, r-release-osx-x86_64-mavericks, r-release-windows-ix86+x86_64

Version: 1.02
Check: Rd line widths
Result: NOTE
    Rd file 'lars.glm.Rd':
     \usage lines wider than 90 characters:
     lars.glm(x, y, status = NULL, family = c("binomial", "cox"), standardize=TRUE,frac.arclength=.1)
    
    These lines will be truncated in the PDF manual.
Flavors: r-devel-linux-x86_64-debian-clang, r-devel-linux-x86_64-debian-gcc, r-patched-linux-x86_64, r-release-linux-x86_64

Version: 1.02
Flags: --no-stop-on-test-error
Check: top-level files
Result: NOTE
    Non-standard file/directory found at top level:
     ‘DESCRIPTION.old’
Flavors: r-devel-linux-x86_64-fedora-clang, r-devel-linux-x86_64-fedora-gcc

Version: 1.02
Flags: --no-stop-on-test-error
Check: S3 generic/method consistency
Result: NOTE
    Found the following apparent S3 methods exported but not registered:
     predict.lars.en predict.lars.glm
    See section ‘Registering S3 methods’ in the ‘Writing R Extensions’
    manual.
Flavors: r-devel-linux-x86_64-fedora-clang, r-devel-linux-x86_64-fedora-gcc, r-devel-macos-x86_64-clang

Version: 1.02
Flags: --no-stop-on-test-error
Check: R code for possible problems
Result: NOTE
    calcz02: no visible global function definition for ‘coxph’
    calcz02: no visible global function definition for ‘residuals’
    covTest: no visible global function definition for ‘Surv’
    covTest: no visible global function definition for ‘predict’
    covTest: no visible global function definition for ‘update’
    covTest: no visible global function definition for ‘lsfit’
    covTest: no visible global function definition for ‘pexp’
    covTest: no visible global function definition for ‘pf’
    lars.en: no visible binding for global variable ‘var’
    predict.lars.en: no visible global function definition for ‘predict’
    Undefined global functions or variables:
     Surv coxph lsfit pexp pf predict residuals update var
    Consider adding
     importFrom("stats", "lsfit", "pexp", "pf", "predict", "residuals",
     "update", "var")
    to your NAMESPACE file.
Flavors: r-devel-linux-x86_64-fedora-clang, r-devel-linux-x86_64-fedora-gcc, r-devel-macos-x86_64-clang

Version: 1.02
Flags: --no-stop-on-test-error
Check: Rd line widths
Result: NOTE
    Rd file 'lars.glm.Rd':
     \usage lines wider than 90 characters:
     lars.glm(x, y, status = NULL, family = c("binomial", "cox"), standardize=TRUE,frac.arclength=.1)
    
    These lines will be truncated in the PDF manual.
Flavors: r-devel-linux-x86_64-fedora-clang, r-devel-linux-x86_64-fedora-gcc

Version: 1.02
Check: R code for possible problems
Result: NOTE
    calcz02: no visible global function definition for 'coxph'
    covTest: no visible global function definition for 'Surv'
Flavor: r-oldrel-windows-ix86+x86_64