CRAN Package Check Results for Package covTest

Last updated on 2015-04-28 11:48:20.

Flavor Version Tinstall Tcheck Ttotal Status Flags
r-devel-linux-x86_64-debian-clang 1.02 2.73 33.98 36.70 NOTE
r-devel-linux-x86_64-debian-gcc 1.02 2.63 33.41 36.04 NOTE
r-devel-linux-x86_64-fedora-clang 1.02 75.37 NOTE
r-devel-linux-x86_64-fedora-gcc 1.02 70.12 NOTE
r-devel-osx-x86_64-clang 1.02 64.30 NOTE
r-devel-windows-ix86+x86_64 1.02 8.00 55.00 63.00 NOTE
r-patched-linux-x86_64 1.02 2.73 32.61 35.34 NOTE
r-patched-solaris-sparc 1.02 416.70 NOTE
r-patched-solaris-x86 1.02 104.10 NOTE
r-release-linux-x86_64 1.02 2.67 33.04 35.71 NOTE
r-release-osx-x86_64-mavericks 1.02 NOTE
r-release-osx-x86_64-snowleopard 1.02 NOTE
r-release-windows-ix86+x86_64 1.02 7.00 53.00 60.00 NOTE
r-oldrel-windows-ix86+x86_64 1.02 11.00 70.00 81.00 NOTE

Check Details

Version: 1.02
Check: top-level files
Result: NOTE
    Non-standard file/directory found at top level:
     ‘DESCRIPTION.old’
Flavors: r-devel-linux-x86_64-debian-clang, r-devel-linux-x86_64-debian-gcc, r-devel-linux-x86_64-fedora-clang, r-devel-linux-x86_64-fedora-gcc, r-patched-linux-x86_64, r-release-linux-x86_64

Version: 1.02
Check: S3 generic/method consistency
Result: NOTE
    Found the following apparent S3 methods exported but not registered:
     predict.lars.en predict.lars.glm
    See section ‘Registering S3 methods’ in the ‘Writing R Extensions’
    manual.
Flavors: r-devel-linux-x86_64-debian-clang, r-devel-linux-x86_64-debian-gcc, r-devel-linux-x86_64-fedora-clang, r-devel-linux-x86_64-fedora-gcc, r-devel-osx-x86_64-clang, r-patched-linux-x86_64, r-patched-solaris-x86, r-release-linux-x86_64

Version: 1.02
Check: R code for possible problems
Result: NOTE
    calcz02: no visible global function definition for ‘coxph’
    covTest: no visible global function definition for ‘Surv’
Flavors: r-devel-linux-x86_64-debian-clang, r-devel-linux-x86_64-debian-gcc, r-devel-linux-x86_64-fedora-clang, r-devel-linux-x86_64-fedora-gcc, r-devel-osx-x86_64-clang, r-devel-windows-ix86+x86_64, r-patched-linux-x86_64, r-patched-solaris-sparc, r-patched-solaris-x86, r-release-linux-x86_64, r-release-osx-x86_64-mavericks, r-release-osx-x86_64-snowleopard, r-release-windows-ix86+x86_64, r-oldrel-windows-ix86+x86_64

Version: 1.02
Check: Rd line widths
Result: NOTE
    Rd file 'lars.glm.Rd':
     \usage lines wider than 90 characters:
     lars.glm(x, y, status = NULL, family = c("binomial", "cox"), standardize=TRUE,frac.arclength=.1)
    
    These lines will be truncated in the PDF manual.
Flavors: r-devel-linux-x86_64-debian-clang, r-devel-linux-x86_64-debian-gcc, r-devel-linux-x86_64-fedora-clang, r-devel-linux-x86_64-fedora-gcc, r-patched-linux-x86_64, r-release-linux-x86_64