CRAN Package Check Results for Package covTest

Last updated on 2014-11-26 16:48:56.

Flavor Version Tinstall Tcheck Ttotal Status Flags
r-devel-linux-x86_64-debian-clang 1.02 4.24 40.36 44.60 NOTE
r-devel-linux-x86_64-debian-gcc 1.02 3.15 38.87 42.02 NOTE
r-devel-linux-x86_64-fedora-clang 1.02 108.60 NOTE
r-devel-linux-x86_64-fedora-gcc 1.02 102.49 NOTE
r-devel-osx-x86_64-clang 1.02 87.69 NOTE
r-devel-windows-ix86+x86_64 1.02 10.00 55.00 65.00 NOTE
r-patched-linux-x86_64 1.02 3.58 40.94 44.52 NOTE
r-patched-solaris-sparc 1.02 543.50 NOTE
r-patched-solaris-x86 1.02 136.20 NOTE
r-release-linux-ix86 1.02 3.92 48.84 52.76 NOTE
r-release-linux-x86_64 1.02 3.44 40.78 44.22 NOTE
r-release-osx-x86_64-mavericks 1.02 OK
r-release-osx-x86_64-snowleopard 1.02 OK
r-release-windows-ix86+x86_64 1.02 11.00 62.00 73.00 NOTE
r-oldrel-windows-ix86+x86_64 1.02 10.00 61.00 71.00 OK

Check Details

Version: 1.02
Check: top-level files
Result: NOTE
    Non-standard file/directory found at top level:
     ‘DESCRIPTION.old’
Flavors: r-devel-linux-x86_64-debian-clang, r-devel-linux-x86_64-debian-gcc, r-devel-linux-x86_64-fedora-clang, r-devel-linux-x86_64-fedora-gcc, r-patched-linux-x86_64, r-release-linux-x86_64

Version: 1.02
Check: R code for possible problems
Result: NOTE
    calcz02: no visible global function definition for ‘coxph’
    covTest: no visible global function definition for ‘Surv’
Flavors: r-devel-linux-x86_64-debian-clang, r-devel-linux-x86_64-debian-gcc, r-devel-linux-x86_64-fedora-clang, r-devel-linux-x86_64-fedora-gcc, r-devel-osx-x86_64-clang, r-devel-windows-ix86+x86_64, r-patched-linux-x86_64, r-patched-solaris-sparc, r-patched-solaris-x86, r-release-linux-ix86, r-release-linux-x86_64, r-release-windows-ix86+x86_64

Version: 1.02
Check: Rd line widths
Result: NOTE
    Rd file 'lars.glm.Rd':
     \usage lines wider than 90 characters:
     lars.glm(x, y, status = NULL, family = c("binomial", "cox"), standardize=TRUE,frac.arclength=.1)
    
    These lines will be truncated in the PDF manual.
Flavors: r-devel-linux-x86_64-debian-clang, r-devel-linux-x86_64-debian-gcc, r-devel-linux-x86_64-fedora-clang, r-devel-linux-x86_64-fedora-gcc, r-patched-linux-x86_64, r-release-linux-x86_64