CRAN Package Check Results for Package covTest

Last updated on 2014-08-23 20:46:50.

Flavor Version Tinstall Tcheck Ttotal Status Flags
r-devel-linux-x86_64-debian-clang 1.02 3.52 40.11 43.63 NOTE
r-devel-linux-x86_64-debian-gcc 1.02 3.22 39.12 42.34 NOTE
r-devel-linux-x86_64-fedora-clang 1.02 103.37 NOTE
r-devel-linux-x86_64-fedora-gcc 1.02 98.56 NOTE
r-devel-osx-x86_64-clang 1.02 83.90 NOTE
r-devel-windows-ix86+x86_64 1.02 9.00 61.00 70.00 OK
r-patched-linux-x86_64 1.02 3.54 40.24 43.78 OK
r-patched-solaris-sparc 1.02 548.90 OK
r-patched-solaris-x86 1.02 135.70 OK
r-release-linux-ix86 1.02 4.35 50.19 54.54 OK
r-release-linux-x86_64 1.02 3.51 41.08 44.59 OK
r-release-osx-x86_64-mavericks 1.02 OK
r-release-osx-x86_64-snowleopard 1.02 OK
r-release-windows-ix86+x86_64 1.02 10.00 59.00 69.00 OK
r-oldrel-windows-ix86+x86_64 1.02 9.00 59.00 68.00 OK

Check Details

Version: 1.02
Check: R code for possible problems
Result: NOTE
    calcz02: no visible global function definition for ‘coxph’
    covTest: no visible global function definition for ‘Surv’
Flavors: r-devel-linux-x86_64-debian-clang, r-devel-linux-x86_64-debian-gcc, r-devel-linux-x86_64-fedora-clang, r-devel-linux-x86_64-fedora-gcc, r-devel-osx-x86_64-clang

Version: 1.02
Check: top-level files
Result: NOTE
    Non-standard file/directory found at top level:
     ‘DESCRIPTION.old’
Flavors: r-devel-linux-x86_64-fedora-clang, r-devel-linux-x86_64-fedora-gcc

Version: 1.02
Check: Rd line widths
Result: NOTE
    Rd file 'lars.glm.Rd':
     \usage lines wider than 90 characters:
     lars.glm(x, y, status = NULL, family = c("binomial", "cox"), standardize=TRUE,frac.arclength=.1)
    
    These lines will be truncated in the PDF manual.
Flavors: r-devel-linux-x86_64-fedora-clang, r-devel-linux-x86_64-fedora-gcc