CRAN Package Check Results for Package covTest

Last updated on 2014-07-31 09:49:18.

Flavor Version Tinstall Tcheck Ttotal Status Flags
r-devel-linux-x86_64-debian-clang 1.02 3.40 41.18 44.58 OK
r-devel-linux-x86_64-debian-gcc 1.02 3.29 39.72 43.02 OK
r-devel-linux-x86_64-fedora-clang 1.02 105.36 NOTE
r-devel-linux-x86_64-fedora-gcc 1.02 100.63 NOTE
r-devel-osx-x86_64-clang 1.02 84.64 OK
r-devel-windows-ix86+x86_64 1.02 11.00 61.00 72.00 OK
r-patched-linux-x86_64 1.02 3.39 40.23 43.62 OK
r-patched-solaris-sparc 1.02 548.90 OK
r-patched-solaris-x86 1.02 136.40 OK
r-release-linux-ix86 1.02 4.12 49.38 53.50 OK
r-release-linux-x86_64 1.02 4.00 41.55 45.55 OK
r-release-osx-x86_64-mavericks 1.02 OK
r-release-osx-x86_64-snowleopard 1.02 OK
r-release-windows-ix86+x86_64 1.02 14.00 83.00 97.00 OK
r-oldrel-windows-ix86+x86_64 1.02 14.00 82.00 96.00 OK

Check Details

Version: 1.02
Check: top-level files
Result: NOTE
    Non-standard file/directory found at top level:
     DESCRIPTION.old
Flavors: r-devel-linux-x86_64-fedora-clang, r-devel-linux-x86_64-fedora-gcc

Version: 1.02
Check: Rd line widths
Result: NOTE
    Rd file 'lars.glm.Rd':
     \usage lines wider than 90 characters:
     lars.glm(x, y, status = NULL, family = c("binomial", "cox"), standardize=TRUE,frac.arclength=.1)
    
    These lines will be truncated in the PDF manual.
Flavors: r-devel-linux-x86_64-fedora-clang, r-devel-linux-x86_64-fedora-gcc