CRAN Package Check Results for Package covTest

Last updated on 2014-09-17 11:47:15.

Flavor Version Tinstall Tcheck Ttotal Status Flags
r-devel-linux-x86_64-debian-clang 1.02 3.62 39.06 42.68 NOTE
r-devel-linux-x86_64-debian-gcc 1.02 3.32 39.02 42.34 NOTE
r-devel-linux-x86_64-fedora-clang 1.02 101.15 NOTE
r-devel-linux-x86_64-fedora-gcc 1.02 96.60 NOTE
r-devel-osx-x86_64-clang 1.02 81.03 NOTE
r-devel-windows-ix86+x86_64 1.02 10.00 56.00 66.00 NOTE
r-patched-linux-x86_64 1.02 3.43 40.98 44.40 OK
r-patched-solaris-sparc 1.02 548.90 OK
r-patched-solaris-x86 1.02 133.60 OK
r-release-linux-ix86 1.02 4.22 50.39 54.62 OK
r-release-linux-x86_64 1.02 3.44 42.34 45.78 NOTE
r-release-osx-x86_64-mavericks 1.02 OK
r-release-osx-x86_64-snowleopard 1.02 OK
r-release-windows-ix86+x86_64 1.02 10.00 61.00 71.00 OK
r-oldrel-windows-ix86+x86_64 1.02 10.00 60.00 70.00 OK

Check Details

Version: 1.02
Check: top-level files
Result: NOTE
    Non-standard file/directory found at top level:
     ‘DESCRIPTION.old’
Flavors: r-devel-linux-x86_64-debian-clang, r-devel-linux-x86_64-debian-gcc, r-devel-linux-x86_64-fedora-clang, r-devel-linux-x86_64-fedora-gcc, r-release-linux-x86_64

Version: 1.02
Check: R code for possible problems
Result: NOTE
    calcz02: no visible global function definition for ‘coxph’
    covTest: no visible global function definition for ‘Surv’
Flavors: r-devel-linux-x86_64-debian-clang, r-devel-linux-x86_64-debian-gcc, r-devel-linux-x86_64-fedora-clang, r-devel-linux-x86_64-fedora-gcc, r-devel-osx-x86_64-clang, r-devel-windows-ix86+x86_64

Version: 1.02
Check: Rd line widths
Result: NOTE
    Rd file 'lars.glm.Rd':
     \usage lines wider than 90 characters:
     lars.glm(x, y, status = NULL, family = c("binomial", "cox"), standardize=TRUE,frac.arclength=.1)
    
    These lines will be truncated in the PDF manual.
Flavors: r-devel-linux-x86_64-debian-clang, r-devel-linux-x86_64-debian-gcc, r-devel-linux-x86_64-fedora-clang, r-devel-linux-x86_64-fedora-gcc, r-release-linux-x86_64