CRAN Package Check Results for Package covTest

Last updated on 2014-04-25 05:47:13.

Flavor Version Tinstall Tcheck Ttotal Status Flags
r-devel-linux-x86_64-debian-clang 1.02 3.88 42.84 46.72 OK
r-devel-linux-x86_64-debian-gcc 1.02 3.77 42.06 45.84 OK
r-devel-linux-x86_64-fedora-clang 1.02 105.75 NOTE
r-devel-linux-x86_64-fedora-gcc 1.02 102.06 NOTE
r-devel-osx-x86_64-clang 1.02 80.58 OK
r-devel-osx-x86_64-gcc 1.02 OK
r-devel-windows-ix86+x86_64 1.02 9.00 59.00 68.00 OK
r-patched-linux-x86_64 1.02 3.69 42.49 46.18 OK
r-patched-solaris-sparc 1.02 544.60 OK
r-patched-solaris-x86 1.02 136.30 OK
r-release-linux-ix86 1.02 6.00 68.00 74.00 OK
r-release-linux-x86_64 1.02 3.68 41.97 45.66 OK
r-release-osx-x86_64-mavericks 1.02 WARN
r-release-osx-x86_64-snowleopard 1.02 OK
r-release-windows-ix86+x86_64 1.02 10.00 64.00 74.00 OK
r-oldrel-windows-ix86+x86_64 1.02 11.00 59.00 70.00 OK

Check Details

Version: 1.02
Check: top-level files
Result: NOTE
    Non-standard file/directory found at top level:
     ‘DESCRIPTION.old’
Flavors: r-devel-linux-x86_64-fedora-clang, r-devel-linux-x86_64-fedora-gcc

Version: 1.02
Check: Rd line widths
Result: NOTE
    Rd file 'lars.glm.Rd':
     \usage lines wider than 90 characters:
     lars.glm(x, y, status = NULL, family = c("binomial", "cox"), standardize=TRUE,frac.arclength=.1)
    
    These lines will be truncated in the PDF manual.
Flavors: r-devel-linux-x86_64-fedora-clang, r-devel-linux-x86_64-fedora-gcc

Version: 1.02
Check: PDF version of manual
Result: WARNING
    LaTeX errors when creating PDF version.
    This typically indicates Rd problems.
    LaTeX errors found:
    ! LaTeX Error: File `upquote.sty' not found.
    
    Type X to quit or <RETURN> to proceed,
    or enter new name. (Default extension: sty)
    
    eae998/Rd2.tex:8: ==> Fatal error occurred, no output PDF file produced!
Flavor: r-release-osx-x86_64-mavericks